Report for Dancer-Plugin-Auth-Github-0.04

Back
From: metabase:user:3c8f6488-7d17-11e3-8bb0-3f2b66404ad5
Subject: FAIL Dancer-Plugin-Auth-Github-0.04 v5.19.7 GNU/Linux
Date: 2014-01-14T18:38:11Z

This distribution has been tested as part of the CPAN Testers
project, supporting the Perl programming language.  See
http://wiki.cpantesters.org/ for more information or email
questions to cpan-testers-discuss@perl.org


--
Dear GIDEON,

This is a computer-generated report for Dancer-Plugin-Auth-Github-0.04
on perl 5.19.7, created by App::cpanminus::reporter 0.10 (1.7001).

Thank you for uploading your work to CPAN.  However, there was a problem
testing your distribution.

If you think this report is invalid, please consult the CPAN Testers Wiki
for suggestions on how to avoid getting FAIL reports for missing library
or binary dependencies, unsupported operating systems, and so on:

http://wiki.cpantesters.org/wiki/CPANAuthorNotes

Sections of this report:

    * Tester comments
    * Program output
    * Prerequisites
    * Environment and other context

------------------------------
TESTER COMMENTS
------------------------------

Additional comments from tester:

none provided

------------------------------
PROGRAM OUTPUT
------------------------------

Output from '':

Building and testing Dancer-Plugin-Auth-Github-0.04
cp lib/Dancer/Plugin/Auth/Github.pm blib/lib/Dancer/Plugin/Auth/Github.pm
Manifying blib/man3/Dancer::Plugin::Auth::Github.3
PERL_DL_NONLAZY=1 /home/tester/.plenv/versions/5.19.7.thr/bin/perl5.19.7 "-MExtUtils::Command::MM" "-MTest::Harness" "-e" "undef *Test::Harness::Switches; test_harness(0, 'blib/lib', 'blib/arch')" t/*.t
# Testing Dancer::Plugin::Auth::Github 0.04, Perl 5.019007, /home/tester/.plenv/versions/5.19.7.thr/bin/perl5.19.7
t/00-load.t ....... ok
t/boilerplate.t ... ok
t/manifest.t ...... skipped: Author tests not required for installation
t/pod-coverage.t .. skipped: Pod Coverage tests not required for installation

#   Failed test 'POD test for blib/lib/Dancer/Plugin/Auth/Github.pm'
#   at /home/tester/.plenv/versions/5.19.7.thr/lib/perl5/site_perl/5.19.7/Test/Pod.pm line 186.
# blib/lib/Dancer/Plugin/Auth/Github.pm (201): alternative text 'http://search.cpan.org/search?query=Dancer-Session' contains non-escaped | or /
# Looks like you failed 1 test of 1.
t/pod.t ........... 
Dubious, test returned 1 (wstat 256, 0x100)
Failed 1/1 subtests 

Test Summary Report
-------------------
t/boilerplate.t (Wstat: 0 Tests: 3 Failed: 0)
  TODO passed:   1-3
t/pod.t         (Wstat: 256 Tests: 1 Failed: 1)
  Failed test:  1
  Non-zero exit status: 1
Files=5, Tests=5,  0 wallclock secs ( 0.03 usr  0.01 sys +  0.22 cusr  0.02 csys =  0.28 CPU)
Result: FAIL

------------------------------
PREREQUISITES
------------------------------

Prerequisite modules loaded:

    No requirements found

------------------------------
ENVIRONMENT AND OTHER CONTEXT
------------------------------

Environment variables:

    LANG = en_US.UTF-8
    PATH = /home/tester/.plenv/versions/5.19.7.thr/bin:/home/tester/.plenv/libexec:/home/tester/.plenv/plugins/perl-build/bin:/home/tester/.plenv/plugins/plenv-contrib/bin:/home/tester/.plenv/bin:/home/tester/.plenv/libexec:/home/tester/.plenv/plugins/perl-build/bin:/home/tester/.plenv/plugins/plenv-contrib/bin:/home/tester/.plenv/libexec:/home/tester/.plenv/plugins/perl-build/bin:/home/tester/.plenv/plugins/plenv-contrib/bin:/home/tester/.plenv/shims:/home/tester/.plenv/bin:/usr/local/bin:/usr/bin:/bin:/usr/local/games:/usr/games
    SHELL = /bin/sh
    TERM = xterm

Perl special variables (and OS-specific diagnostics, for MSWin32):

    EGID = 1001 1001
    EUID = 1001
    EXECUTABLE_NAME = /home/tester/.plenv/versions/5.19.7.thr/bin/perl5.19.7
    GID = 1001 1001
    UID = 1001

Perl module toolchain versions installed:

    Module              Have    
    ------------------- --------
    CPAN                2.03    
    CPAN::Meta          2.133380
    Cwd                 3.45    
    ExtUtils::CBuilder  0.280212
    ExtUtils::Command   1.18    
    ExtUtils::Install   1.61    
    ExtUtils::MakeMaker 6.84    
    ExtUtils::Manifest  1.63    
    ExtUtils::ParseXS   3.23    
    File::Spec          3.45    
    JSON                2.90    
    JSON::PP            2.27203 
    Module::Build       0.4204  
    Module::Signature   0.73    
    Parse::CPAN::Meta   1.4409  
    Test::Harness       3.30    
    Test::More          1.001002
    YAML                0.88    
    YAML::Syck          1.27    
    version             0.9906  


--

Summary of my perl5 (revision 5 version 19 subversion 7) configuration:
   
  Platform:
    osname=linux, osvers=3.5.0-23-generic, archname=i686-linux-thread-multi
    uname='linux ubuntu 3.5.0-23-generic #35~precise1-ubuntu smp fri jan 25 17:15:33 utc 2013 i686 i686 i386 gnulinux '
    config_args='-Dprefix=/home/tester/.plenv/versions/5.19.7.thr -de -Dusedevel -Dusethreads -A'eval:scriptdir=/home/tester/.plenv/versions/5.19.7.thr/bin''
    hint=recommended, useposix=true, d_sigaction=define
    useithreads=define, usemultiplicity=define
    useperlio=define, d_sfio=undef, uselargefiles=define, usesocks=undef
    use64bitint=undef, use64bitall=undef, uselongdouble=undef
    usemymalloc=n, bincompat5005=undef
  Compiler:
    cc='cc', ccflags ='-D_REENTRANT -D_GNU_SOURCE -fno-strict-aliasing -pipe -fstack-protector -I/usr/local/include -D_LARGEFILE_SOURCE -D_FILE_OFFSET_BITS=64',
    optimize='-O2',
    cppflags='-D_REENTRANT -D_GNU_SOURCE -fno-strict-aliasing -pipe -fstack-protector -I/usr/local/include'
    ccversion='', gccversion='4.6.3', gccosandvers=''
    intsize=4, longsize=4, ptrsize=4, doublesize=8, byteorder=1234
    d_longlong=define, longlongsize=8, d_longdbl=define, longdblsize=12
    ivtype='long', ivsize=4, nvtype='double', nvsize=8, Off_t='off_t', lseeksize=8
    alignbytes=4, prototype=define
  Linker and Libraries:
    ld='cc', ldflags =' -fstack-protector -L/usr/local/lib'
    libpth=/usr/local/lib /lib/i386-linux-gnu /lib/../lib /usr/lib/i386-linux-gnu /usr/lib/../lib /lib /usr/lib
    libs=-lnsl -ldl -lm -lcrypt -lutil -lpthread -lc
    perllibs=-lnsl -ldl -lm -lcrypt -lutil -lpthread -lc
    libc=, so=so, useshrplib=false, libperl=libperl.a
    gnulibc_version='2.15'
  Dynamic Linking:
    dlsrc=dl_dlopen.xs, dlext=so, d_dlsymun=undef, ccdlflags='-Wl,-E'
    cccdlflags='-fPIC', lddlflags='-shared -O2 -L/usr/local/lib -fstack-protector'


Characteristics of this binary (from libperl): 
  Compile-time options: HAS_TIMES MULTIPLICITY PERLIO_LAYERS
                        PERL_DONT_CREATE_GVSV
                        PERL_HASH_FUNC_ONE_AT_A_TIME_HARD
                        PERL_IMPLICIT_CONTEXT PERL_MALLOC_WRAP
                        PERL_NEW_COPY_ON_WRITE PERL_PRESERVE_IVUV
                        PERL_USE_DEVEL USE_ITHREADS USE_LARGE_FILES
                        USE_LOCALE USE_LOCALE_COLLATE USE_LOCALE_CTYPE
                        USE_LOCALE_NUMERIC USE_PERLIO USE_PERL_ATOF
                        USE_REENTRANT_API
  Built under linux
  Compiled at Jan  7 2014 06:49:43
  @INC:
    /home/tester/.plenv/versions/5.19.7.thr/lib/perl5/site_perl/5.19.7/i686-linux-thread-multi
    /home/tester/.plenv/versions/5.19.7.thr/lib/perl5/site_perl/5.19.7
    /home/tester/.plenv/versions/5.19.7.thr/lib/perl5/5.19.7/i686-linux-thread-multi
    /home/tester/.plenv/versions/5.19.7.thr/lib/perl5/5.19.7
    .