Report for Ingres-Utility-IINamu-0.07

Back
From: Slaven Rezić (SREZIC) 
Subject: FAIL Ingres-Utility-IINamu-0.07 5.29.10 FreeBSD
Date: 2019-05-05T13:59:48Z

This distribution has been tested as part of the CPAN Testers
project, supporting the Perl programming language.  See
http://wiki.cpantesters.org/ for more information or email
questions to cpan-testers-discuss@perl.org


--
Dear Joner Cyrre Worm,

This is a computer-generated report for Ingres-Utility-IINamu-0.07
on perl 5.29.10, created by CPAN-Reporter-1.2018.

Thank you for uploading your work to CPAN.  However, there was a problem
testing your distribution.

If you think this report is invalid, please consult the CPAN Testers Wiki
for suggestions on how to avoid getting FAIL reports for missing library
or binary dependencies, unsupported operating systems, and so on:

http://wiki.cpantesters.org/wiki/CPANAuthorNotes

Sections of this report:

    * Tester comments
    * Program output
    * Prerequisites
    * Environment and other context

------------------------------
TESTER COMMENTS
------------------------------

Additional comments from tester:

none provided

------------------------------
PROGRAM OUTPUT
------------------------------

Output from './Build test':

# Testing Ingres::Utility::IINamu 0.07, Perl 5.029010, /usr/perl5.29.10p/bin/perl5.29.10
t/00-load.t ....... ok

#   Failed test 'Test::Perl::Critic for "blib/lib/Ingres/Utility/IINamu.pm"'
#   at /usr/perl5.29.10p/lib/site_perl/5.29.10/Test/Perl/Critic.pm line 121.
# 
#   Variable, subroutine, and package names have to be in CamelCase at line 78, column 5.  (no explanation).  (Severity: 5)
#   Variable, subroutine, and package names have to be in CamelCase at line 79, column 5.  (no explanation).  (Severity: 5)
#   Variable, subroutine, and package names have to be in CamelCase at line 80, column 2.  (no explanation).  (Severity: 5)
#   Variable, subroutine, and package names have to be in CamelCase at line 80, column 15.  (no explanation).  (Severity: 5)
#   Variable, subroutine, and package names have to be in CamelCase at line 80, column 26.  (no explanation).  (Severity: 5)
#   Variable, subroutine, and package names have to be in CamelCase at line 81, column 8.  (no explanation).  (Severity: 5)
#   Variable, subroutine, and package names have to be in CamelCase at line 81, column 15.  (no explanation).  (Severity: 5)
#   Variable, subroutine, and package names have to be in CamelCase at line 86, column 5.  (no explanation).  (Severity: 5)
#   Variable, subroutine, and package names have to be in CamelCase at line 88, column 11.  (no explanation).  (Severity: 5)
#   Variable, subroutine, and package names have to be in CamelCase at line 92, column 2.  (no explanation).  (Severity: 5)
#   Variable, subroutine, and package names have to be in CamelCase at line 92, column 17.  (no explanation).  (Severity: 5)
#   Variable, subroutine, and package names have to be in CamelCase at line 93, column 2.  (no explanation).  (Severity: 5)
#   Subroutine "new" called using indirect syntax at line 93, column 18.  See page 349 of PBP.  (Severity: 5)
#   Variable, subroutine, and package names have to be in CamelCase at line 94, column 12.  (no explanation).  (Severity: 5)
#   Use of low precedence operators is not allowed at line 100, column 19.  Replace low precedence operators with the high precedence substitutes.  (Severity: 5)
#   Variable, subroutine, and package names have to be in CamelCase at line 104, column 2.  (no explanation).  (Severity: 5)
#   Variable, subroutine, and package names have to be in CamelCase at line 105, column 2.  (no explanation).  (Severity: 5)
#   Variable, subroutine, and package names have to be in CamelCase at line 106, column 2.  (no explanation).  (Severity: 5)
#   Variable, subroutine, and package names have to be in CamelCase at line 107, column 9.  (no explanation).  (Severity: 5)
#   Variable, subroutine, and package names have to be in CamelCase at line 122, column 1.  (no explanation).  (Severity: 5)
#   Subroutine prototypes used at line 122, column 1.  See page 194 of PBP.  (Severity: 5)
#   Variable, subroutine, and package names have to be in CamelCase at line 123, column 5.  (no explanation).  (Severity: 5)
#   Variable, subroutine, and package names have to be in CamelCase at line 124, column 5.  (no explanation).  (Severity: 5)
#   Variable, subroutine, and package names have to be in CamelCase at line 126, column 5.  (no explanation).  (Severity: 5)
#   Variable, subroutine, and package names have to be in CamelCase at line 126, column 12.  (no explanation).  (Severity: 5)
#   Variable, subroutine, and package names have to be in CamelCase at line 127, column 5.  (no explanation).  (Severity: 5)
#   Variable, subroutine, and package names have to be in CamelCase at line 127, column 22.  (no explanation).  (Severity: 5)
#   Variable, subroutine, and package names have to be in CamelCase at line 128, column 2.  (no explanation).  (Severity: 5)
#   Variable, subroutine, and package names have to be in CamelCase at line 128, column 13.  (no explanation).  (Severity: 5)
#   Variable, subroutine, and package names have to be in CamelCase at line 129, column 5.  (no explanation).  (Severity: 5)
#   Variable, subroutine, and package names have to be in CamelCase at line 129, column 15.  (no explanation).  (Severity: 5)
#   Method invocation should use "()" at line 129, column 19.  Use "->MethodName()" instead of "->MethodName".  (Severity: 5)
#   Variable, subroutine, and package names have to be in CamelCase at line 130, column 9.  (no explanation).  (Severity: 5)
#   Variable, subroutine, and package names have to be in CamelCase at line 131, column 3.  (no explanation).  (Severity: 5)
#   Variable, subroutine, and package names have to be in CamelCase at line 133, column 5.  (no explanation).  (Severity: 5)
#   Variable, subroutine, and package names have to be in CamelCase at line 133, column 27.  (no explanation).  (Severity: 5)
#   Variable, subroutine, and package names have to be in CamelCase at line 135, column 7.  (no explanation).  (Severity: 5)
#   Variable, subroutine, and package names have to be in CamelCase at line 135, column 20.  (no explanation).  (Severity: 5)
#   Variable, subroutine, and package names have to be in CamelCase at line 136, column 10.  (no explanation).  (Severity: 5)
#   Variable, subroutine, and package names have to be in CamelCase at line 139, column 2.  (no explanation).  (Severity: 5)
#   Variable, subroutine, and package names have to be in CamelCase at line 139, column 31.  (no explanation).  (Severity: 5)
#   Variable, subroutine, and package names have to be in CamelCase at line 140, column 2.  (no explanation).  (Severity: 5)
#   Variable, subroutine, and package names have to be in CamelCase at line 141, column 2.  (no explanation).  (Severity: 5)
#   Variable, subroutine, and package names have to be in CamelCase at line 141, column 23.  (no explanation).  (Severity: 5)
#   Variable, subroutine, and package names have to be in CamelCase at line 142, column 9.  (no explanation).  (Severity: 5)
#   Variable, subroutine, and package names have to be in CamelCase at line 165, column 1.  (no explanation).  (Severity: 5)
#   Variable, subroutine, and package names have to be in CamelCase at line 166, column 5.  (no explanation).  (Severity: 5)
#   Variable, subroutine, and package names have to be in CamelCase at line 167, column 8.  (no explanation).  (Severity: 5)
#   Variable, subroutine, and package names have to be in CamelCase at line 170, column 5.  (no explanation).  (Severity: 5)
#   Variable, subroutine, and package names have to be in CamelCase at line 170, column 23.  (no explanation).  (Severity: 5)
#   Variable, subroutine, and package names have to be in CamelCase at line 171, column 16.  (no explanation).  (Severity: 5)
#   Variable, subroutine, and package names have to be in CamelCase at line 172, column 3.  (no explanation).  (Severity: 5)
#   Variable, subroutine, and package names have to be in CamelCase at line 175, column 5.  (no explanation).  (Severity: 5)
#   Variable, subroutine, and package names have to be in CamelCase at line 175, column 13.  (no explanation).  (Severity: 5)
#   Variable, subroutine, and package names have to be in CamelCase at line 175, column 20.  (no explanation).  (Severity: 5)
#   Variable, subroutine, and package names have to be in CamelCase at line 176, column 21.  (no explanation).  (Severity: 5)
#   Variable, subroutine, and package names have to be in CamelCase at line 189, column 1.  (no explanation).  (Severity: 5)
#   Variable, subroutine, and package names have to be in CamelCase at line 190, column 5.  (no explanation).  (Severity: 5)
#   Variable, subroutine, and package names have to be in CamelCase at line 191, column 5.  (no explanation).  (Severity: 5)
#   Variable, subroutine, and package names have to be in CamelCase at line 191, column 12.  (no explanation).  (Severity: 5)
#   Variable, subroutine, and package names have to be in CamelCase at line 192, column 2.  (no explanation).  (Severity: 5)
#   Variable, subroutine, and package names have to be in CamelCase at line 193, column 5.  (no explanation).  (Severity: 5)
#   Variable, subroutine, and package names have to be in CamelCase at line 193, column 15.  (no explanation).  (Severity: 5)
#   Method invocation should use "()" at line 193, column 19.  Use "->MethodName()" instead of "->MethodName".  (Severity: 5)
#   Variable, subroutine, and package names have to be in CamelCase at line 194, column 9.  (no explanation).  (Severity: 5)
#   Variable, subroutine, and package names have to be in CamelCase at line 195, column 3.  (no explanation).  (Severity: 5)
#   Variable, subroutine, and package names have to be in CamelCase at line 197, column 5.  (no explanation).  (Severity: 5)
#   Variable, subroutine, and package names have to be in CamelCase at line 197, column 27.  (no explanation).  (Severity: 5)
#   Variable, subroutine, and package names have to be in CamelCase at line 216, column 1.  (no explanation).  (Severity: 5)
#   Subroutine prototypes used at line 216, column 1.  See page 194 of PBP.  (Severity: 5)
#   Variable, subroutine, and package names have to be in CamelCase at line 217, column 5.  (no explanation).  (Severity: 5)
#   Variable, subroutine, and package names have to be in CamelCase at line 218, column 5.  (no explanation).  (Severity: 5)
#   Variable, subroutine, and package names have to be in CamelCase at line 219, column 5.  (no explanation).  (Severity: 5)
#   Variable, subroutine, and package names have to be in CamelCase at line 220, column 5.  (no explanation).  (Severity: 5)
#   Variable, subroutine, and package names have to be in CamelCase at line 221, column 5.  (no explanation).  (Severity: 5)
#   Variable, subroutine, and package names have to be in CamelCase at line 221, column 12.  (no explanation).  (Severity: 5)
#   Variable, subroutine, and package names have to be in CamelCase at line 222, column 8.  (no explanation).  (Severity: 5)
#   Variable, subroutine, and package names have to be in CamelCase at line 223, column 2.  (no explanation).  (Severity: 5)
#   Variable, subroutine, and package names have to be in CamelCase at line 223, column 13.  (no explanation).  (Severity: 5)
#   Variable, subroutine, and package names have to be in CamelCase at line 224, column 5.  (no explanation).  (Severity: 5)
#   Variable, subroutine, and package names have to be in CamelCase at line 224, column 15.  (no explanation).  (Severity: 5)
#   Method invocation should use "()" at line 224, column 19.  Use "->MethodName()" instead of "->MethodName".  (Severity: 5)
#   Variable, subroutine, and package names have to be in CamelCase at line 225, column 9.  (no explanation).  (Severity: 5)
#   Variable, subroutine, and package names have to be in CamelCase at line 226, column 3.  (no explanation).  (Severity: 5)
#   Variable, subroutine, and package names have to be in CamelCase at line 228, column 5.  (no explanation).  (Severity: 5)
#   Variable, subroutine, and package names have to be in CamelCase at line 228, column 27.  (no explanation).  (Severity: 5)
#   Variable, subroutine, and package names have to be in CamelCase at line 229, column 9.  (no explanation).  (Severity: 5)
#   Variable, subroutine, and package names have to be in CamelCase at line 250, column 1.  (no explanation).  (Severity: 5)
#   Subroutine prototypes used at line 250, column 1.  See page 194 of PBP.  (Severity: 5)
#   Variable, subroutine, and package names have to be in CamelCase at line 251, column 5.  (no explanation).  (Severity: 5)
#   Variable, subroutine, and package names have to be in CamelCase at line 252, column 5.  (no explanation).  (Severity: 5)
#   Variable, subroutine, and package names have to be in CamelCase at line 253, column 5.  (no explanation).  (Severity: 5)
#   Variable, subroutine, and package names have to be in CamelCase at line 254, column 5.  (no explanation).  (Severity: 5)
#   Variable, subroutine, and package names have to be in CamelCase at line 255, column 5.  (no explanation).  (Severity: 5)
#   Variable, subroutine, and package names have to be in CamelCase at line 255, column 12.  (no explanation).  (Severity: 5)
#   Variable, subroutine, and package names have to be in CamelCase at line 256, column 8.  (no explanation).  (Severity: 5)
#   Variable, subroutine, and package names have to be in CamelCase at line 257, column 2.  (no explanation).  (Severity: 5)
#   Variable, subroutine, and package names have to be in CamelCase at line 257, column 13.  (no explanation).  (Severity: 5)
#   Variable, subroutine, and package names have to be in CamelCase at line 258, column 5.  (no explanation).  (Severity: 5)
#   Variable, subroutine, and package names have to be in CamelCase at line 258, column 15.  (no explanation).  (Severity: 5)
#   Method invocation should use "()" at line 258, column 19.  Use "->MethodName()" instead of "->MethodName".  (Severity: 5)
#   Variable, subroutine, and package names have to be in CamelCase at line 259, column 9.  (no explanation).  (Severity: 5)
#   Variable, subroutine, and package names have to be in CamelCase at line 260, column 3.  (no explanation).  (Severity: 5)
#   Variable, subroutine, and package names have to be in CamelCase at line 262, column 5.  (no explanation).  (Severity: 5)
#   Variable, subroutine, and package names have to be in CamelCase at line 262, column 27.  (no explanation).  (Severity: 5)
#   Variable, subroutine, and package names have to be in CamelCase at line 263, column 9.  (no explanation).  (Severity: 5)
t/perlcritic.t .... 
Dubious, test returned 1 (wstat 256, 0x100)
Failed 1/1 subtests 
t/pod-coverage.t .. ok
t/pod.t ........... ok

Test Summary Report
-------------------
t/perlcritic.t  (Wstat: 256 Tests: 1 Failed: 1)
  Failed test:  1
  Non-zero exit status: 1
Files=4, Tests=4,  2 wallclock secs ( 0.04 usr  0.05 sys +  1.66 cusr  0.66 csys =  2.41 CPU)
Result: FAIL
Failed 1/4 test programs. 1/4 subtests failed.

------------------------------
PREREQUISITES
------------------------------

Prerequisite modules loaded:

requires:

    Module         Need Have    
    -------------- ---- --------
    Expect::Simple 0    0.04    
    Test::More     0    1.302164


------------------------------
ENVIRONMENT AND OTHER CONTEXT
------------------------------

Environment variables:

    LC_ALL = de_DE.UTF-8
    PATH = /usr/local/bin:/usr/bin:/bin:/usr/local/sbin:/usr/sbin:/sbin:/home/cpansand/bin/freebsd12.0:/home/cpansand/bin/sh:/home/cpansand/bin:/usr/games:/home/cpansand/devel:/usr/home/eserte/src/srezic-misc/scripts
    PERL5LIB = 
    PERL5OPT = 
    PERL5_CPANPLUS_IS_RUNNING = 85097
    PERL5_CPAN_IS_RUNNING = 85097
    PERL5_CPAN_IS_RUNNING_IN_RECURSION = 73036,85097
    PERLDOC = -MPod::Perldoc::ToTextOverstrike
    PERL_BATCH = yes
    PERL_CANARY_STABILITY_NOPROMPT = 1
    PERL_CPAN_REPORTER_CONFIG = /var/tmp/cpansmoker-1023/2019050510/cpanreporter_000_config.ini
    PERL_EXTUTILS_AUTOINSTALL = --defaultdeps
    PERL_PARALLEL_SMOKER = yes
    PERL_USE_UNSAFE_INC = 1
    SHELL = /usr/local/bin/zsh
    TERM = screen
    TMPDIR = /var/tmp/cpansmoker-1023/2019050510

Perl special variables (and OS-specific diagnostics, for MSWin32):

    $^X = /usr/perl5.29.10p/bin/perl5.29.10
    $UID/$EUID = 1023 / 1023
    $GID = 1023 1023
    $EGID = 1023 1023

Perl module toolchain versions installed:

    Module              Have    
    ------------------- --------
    CPAN                2.26    
    CPAN::Meta          2.150010
    Cwd                 3.78    
    ExtUtils::CBuilder  0.280231
    ExtUtils::Command   7.36    
    ExtUtils::Install   2.14    
    ExtUtils::MakeMaker 7.36    
    ExtUtils::Manifest  1.72    
    ExtUtils::ParseXS   3.40    
    File::Spec          3.78    
    JSON                4.02    
    JSON::PP            4.02    
    Module::Build       0.4229  
    Module::Signature   0.83    
    Parse::CPAN::Meta   2.150010
    Test::Harness       3.42    
    Test::More          1.302164
    YAML                1.28    
    YAML::Syck          1.31    
    version             0.9924  


--

Summary of my perl5 (revision 5 version 29 subversion 10) configuration:
   
  Platform:
    osname=freebsd
    osvers=12.0-stable
    archname=amd64-freebsd
    uname='freebsd cloud1.bbbike.org 12.0-stable freebsd 12.0-stable 8077844c632(stable12) generic amd64 '
    config_args='-ds -e -Dprefix=/usr/perl5.29.10p -Dusedevel -Dusemallocwrap=no -Dcf_email=srezic@cpan.org -Doptimize=-O2 -pipe'
    hint=recommended
    useposix=true
    d_sigaction=define
    useithreads=undef
    usemultiplicity=undef
    use64bitint=define
    use64bitall=define
    uselongdouble=undef
    usemymalloc=n
    default_inc_excludes_dot=define
    bincompat5005=undef
  Compiler:
    cc='cc'
    ccflags ='-DHAS_FPSETMASK -DHAS_FLOATINGPOINT_H -fno-strict-aliasing -pipe -fstack-protector-strong -I/usr/local/include -D_FORTIFY_SOURCE=2'
    optimize='-O2 -pipe'
    cppflags='-DHAS_FPSETMASK -DHAS_FLOATINGPOINT_H -fno-strict-aliasing -pipe -fstack-protector-strong -I/usr/local/include'
    ccversion=''
    gccversion='4.2.1 Compatible FreeBSD Clang 8.0.0 (tags/RELEASE_800/final 356365)'
    gccosandvers=''
    intsize=4
    longsize=8
    ptrsize=8
    doublesize=8
    byteorder=12345678
    doublekind=3
    d_longlong=define
    longlongsize=8
    d_longdbl=define
    longdblsize=16
    longdblkind=3
    ivtype='long'
    ivsize=8
    nvtype='double'
    nvsize=8
    Off_t='off_t'
    lseeksize=8
    alignbytes=8
    prototype=define
  Linker and Libraries:
    ld='cc'
    ldflags ='-pthread -Wl,-E  -fstack-protector-strong -L/usr/local/lib'
    libpth=/usr/lib /usr/local/lib /usr/lib/clang/8.0.0/lib /usr/lib
    libs=-lpthread -lgdbm -ldl -lm -lcrypt -lutil -lc
    perllibs=-lpthread -ldl -lm -lcrypt -lutil -lc
    libc=
    so=so
    useshrplib=false
    libperl=libperl.a
    gnulibc_version=''
  Dynamic Linking:
    dlsrc=dl_dlopen.xs
    dlext=so
    d_dlsymun=undef
    ccdlflags=' '
    cccdlflags='-DPIC -fPIC'
    lddlflags='-shared  -L/usr/local/lib -fstack-protector-strong'


Characteristics of this binary (from libperl): 
  Compile-time options:
    HAS_TIMES
    PERLIO_LAYERS
    PERL_COPY_ON_WRITE
    PERL_DONT_CREATE_GVSV
    PERL_OP_PARENT
    PERL_PRESERVE_IVUV
    PERL_USE_DEVEL
    USE_64_BIT_ALL
    USE_64_BIT_INT
    USE_LARGE_FILES
    USE_LOCALE
    USE_LOCALE_COLLATE
    USE_LOCALE_CTYPE
    USE_LOCALE_NUMERIC
    USE_LOCALE_TIME
    USE_PERLIO
    USE_PERL_ATOF
  Built under freebsd
  Compiled at Apr 20 2019 22:03:13
  %ENV:
    PERL5LIB=""
    PERL5OPT=""
    PERL5_CPANPLUS_IS_RUNNING="85097"
    PERL5_CPAN_IS_RUNNING="85097"
    PERL5_CPAN_IS_RUNNING_IN_RECURSION="73036,85097"
    PERLDOC="-MPod::Perldoc::ToTextOverstrike"
    PERL_BATCH="yes"
    PERL_CANARY_STABILITY_NOPROMPT="1"
    PERL_CPAN_REPORTER_CONFIG="/var/tmp/cpansmoker-1023/2019050510/cpanreporter_000_config.ini"
    PERL_EXTUTILS_AUTOINSTALL="--defaultdeps"
    PERL_PARALLEL_SMOKER="yes"
    PERL_USE_UNSAFE_INC="1"
  @INC:
    /usr/perl5.29.10p/lib/site_perl/5.29.10/amd64-freebsd
    /usr/perl5.29.10p/lib/site_perl/5.29.10
    /usr/perl5.29.10p/lib/5.29.10/amd64-freebsd
    /usr/perl5.29.10p/lib/5.29.10
    .