Report for Dancer-1.3142

Back
From: metabase:user:d4737f23-6bf4-1014-b0ae-0f7446981a2c
Subject: FAIL Dancer-1.3142 v5.22.0 
Date: 2015-09-16T00:26:47Z

This distribution has been tested as part of the CPAN Testers
project, supporting the Perl programming language.  See
http://wiki.cpantesters.org/ for more information or email
questions to cpan-testers-discuss@perl.org


--
Dear YANICK,

This is a computer-generated report for Dancer-1.3142
on perl 5.22.0, created by App::cpanminus::reporter 0.13 (1.7039).

Thank you for uploading your work to CPAN.  However, there was a problem
testing your distribution.

If you think this report is invalid, please consult the CPAN Testers Wiki
for suggestions on how to avoid getting FAIL reports for missing library
or binary dependencies, unsupported operating systems, and so on:

http://wiki.cpantesters.org/wiki/CPANAuthorNotes

Sections of this report:

    * Tester comments
    * Program output
    * Prerequisites
    * Environment and other context

------------------------------
TESTER COMMENTS
------------------------------

Additional comments from tester:

none provided

------------------------------
PROGRAM OUTPUT
------------------------------

Output from '':

Building and testing Dancer-1.3142

Microsoft (R) Program Maintenance Utility Version 12.00.21005.1
Copyright (C) Microsoft Corporation.  All rights reserved.

cp lib/Dancer/Config.pm blib\lib\Dancer\Config.pm
cp lib/Dancer/Config/Object.pm blib\lib\Dancer\Config\Object.pm
cp lib/Dancer/Development/Integration.pod blib\lib\Dancer\Development\Integration.pod
cp lib/Dancer/Cookbook.pod blib\lib\Dancer\Cookbook.pod
cp lib/Dancer/Continuation/Route/Templated.pm blib\lib\Dancer\Continuation\Route\Templated.pm
cp lib/Dancer/Deprecation.pm blib\lib\Dancer\Deprecation.pm
cp lib/Dancer/Cookie.pm blib\lib\Dancer\Cookie.pm
cp lib/Dancer/Continuation/Route/ErrorSent.pm blib\lib\Dancer\Continuation\Route\ErrorSent.pm
cp lib/Dancer/Continuation/Halted.pm blib\lib\Dancer\Continuation\Halted.pm
cp lib/Dancer/Development.pod blib\lib\Dancer\Development.pod
cp lib/Dancer.pm blib\lib\Dancer.pm
cp lib/Dancer/App.pm blib\lib\Dancer\App.pm
cp lib/Dancer/Continuation/Route/Passed.pm blib\lib\Dancer\Continuation\Route\Passed.pm
cp lib/Dancer/Deployment.pod blib\lib\Dancer\Deployment.pod
cp lib/Dancer/Continuation/Route.pm blib\lib\Dancer\Continuation\Route.pm
cp lib/Dancer/Continuation.pm blib\lib\Dancer\Continuation.pm
cp lib/Dancer/Cookies.pm blib\lib\Dancer\Cookies.pm
cp lib/Dancer/Continuation/Route/Forwarded.pm blib\lib\Dancer\Continuation\Route\Forwarded.pm
cp lib/Dancer/Continuation/Route/FileSent.pm blib\lib\Dancer\Continuation\Route\FileSent.pm
cp lib/Dancer/Logger/Capture.pm blib\lib\Dancer\Logger\Capture.pm
cp lib/Dancer/FileUtils.pm blib\lib\Dancer\FileUtils.pm
cp lib/Dancer/Handler/Debug.pm blib\lib\Dancer\Handler\Debug.pm
cp lib/Dancer/Introduction.pod blib\lib\Dancer\Introduction.pod
cp lib/Dancer/Error.pm blib\lib\Dancer\Error.pm
cp lib/Dancer/Handler/Standalone.pm blib\lib\Dancer\Handler\Standalone.pm
cp lib/Dancer/Logger.pm blib\lib\Dancer\Logger.pm
cp lib/Dancer/Logger/Diag.pm blib\lib\Dancer\Logger\Diag.pm
cp lib/Dancer/Hook/Properties.pm blib\lib\Dancer\Hook\Properties.pm
cp lib/Dancer/HTTP.pm blib\lib\Dancer\HTTP.pm
cp lib/Dancer/Handler.pm blib\lib\Dancer\Handler.pm
cp lib/Dancer/Factory/Hook.pm blib\lib\Dancer\Factory\Hook.pm
cp lib/Dancer/Logger/Capture/Trap.pm blib\lib\Dancer\Logger\Capture\Trap.pm
cp lib/Dancer/Exception.pm blib\lib\Dancer\Exception.pm
cp lib/Dancer/Logger/Abstract.pm blib\lib\Dancer\Logger\Abstract.pm
cp lib/Dancer/Exception/Base.pm blib\lib\Dancer\Exception\Base.pm
cp lib/Dancer/Engine.pm blib\lib\Dancer\Engine.pm
cp lib/Dancer/Logger/Console.pm blib\lib\Dancer\Logger\Console.pm
cp lib/Dancer/Handler/PSGI.pm blib\lib\Dancer\Handler\PSGI.pm
cp lib/Dancer/GetOpt.pm blib\lib\Dancer\GetOpt.pm
cp lib/Dancer/Hook.pm blib\lib\Dancer\Hook.pm
cp lib/Dancer/Request.pm blib\lib\Dancer\Request.pm
cp lib/Dancer/Policy.pod blib\lib\Dancer\Policy.pod
cp lib/Dancer/Route/Cache.pm blib\lib\Dancer\Route\Cache.pm
cp lib/Dancer/Renderer.pm blib\lib\Dancer\Renderer.pm
cp lib/Dancer/MIME.pm blib\lib\Dancer\MIME.pm
cp lib/Dancer/Logger/File.pm blib\lib\Dancer\Logger\File.pm
cp lib/Dancer/Object/Singleton.pm blib\lib\Dancer\Object\Singleton.pm
cp lib/Dancer/Request/Upload.pm blib\lib\Dancer\Request\Upload.pm
cp lib/Dancer/Object.pm blib\lib\Dancer\Object.pm
cp lib/Dancer/ModuleLoader.pm blib\lib\Dancer\ModuleLoader.pm
cp lib/Dancer/Response.pm blib\lib\Dancer\Response.pm
cp lib/Dancer/Plugin/Ajax.pm blib\lib\Dancer\Plugin\Ajax.pm
cp lib/Dancer/Serializer/Abstract.pm blib\lib\Dancer\Serializer\Abstract.pm
cp lib/Dancer/Logger/Null.pm blib\lib\Dancer\Logger\Null.pm
cp lib/Dancer/Plugin.pm blib\lib\Dancer\Plugin.pm
cp lib/Dancer/Logger/Note.pm blib\lib\Dancer\Logger\Note.pm
cp lib/Dancer/Plugins.pod blib\lib\Dancer\Plugins.pod
cp lib/Dancer/Route/Registry.pm blib\lib\Dancer\Route\Registry.pm
cp lib/Dancer/Serializer/JSON.pm blib\lib\Dancer\Serializer\JSON.pm
cp lib/Dancer/Route.pm blib\lib\Dancer\Route.pm
cp lib/Dancer/Serializer.pm blib\lib\Dancer\Serializer.pm
cp lib/Dancer/Serializer/Dumper.pm blib\lib\Dancer\Serializer\Dumper.pm
cp lib/Dancer/Template/Simple.pm blib\lib\Dancer\Template\Simple.pm
cp lib/Dancer/Test.pm blib\lib\Dancer\Test.pm
cp lib/Dancer/Serializer/JSONP.pm blib\lib\Dancer\Serializer\JSONP.pm
cp lib/Dancer/Serializer/Mutable.pm blib\lib\Dancer\Serializer\Mutable.pm
cp lib/Dancer/SharedData.pm blib\lib\Dancer\SharedData.pm
cp lib/Dancer/Serializer/XML.pm blib\lib\Dancer\Serializer\XML.pm
cp lib/Dancer/Serializer/YAML.pm blib\lib\Dancer\Serializer\YAML.pm
cp lib/Dancer/Template/Abstract.pm blib\lib\Dancer\Template\Abstract.pm
cp lib/Dancer/Timer.pm blib\lib\Dancer\Timer.pm
cp lib/Dancer/Session/YAML.pm blib\lib\Dancer\Session\YAML.pm
cp lib/Dancer/Session.pm blib\lib\Dancer\Session.pm
cp lib/Dancer/Template.pm blib\lib\Dancer\Template.pm
cp lib/Dancer/Session/Simple.pm blib\lib\Dancer\Session\Simple.pm
cp lib/Dancer/Tutorial.pod blib\lib\Dancer\Tutorial.pod
cp lib/Dancer/Template/TemplateToolkit.pm blib\lib\Dancer\Template\TemplateToolkit.pm
cp lib/Dancer/Session/Abstract.pm blib\lib\Dancer\Session\Abstract.pm
	"C:\opt\perl-5.22.0\bin\perl.exe" -MExtUtils::Command -e cp -- bin/dancer blib\script\dancer
	pl2bat.bat blib\script\dancer

Microsoft (R) Program Maintenance Utility Version 12.00.21005.1
Copyright (C) Microsoft Corporation.  All rights reserved.

	"C:\opt\perl-5.22.0\bin\perl.exe" "-MExtUtils::Command::MM" "-MTest::Harness" "-e" "undef *Test::Harness::Switches; test_harness(0, 'blib\lib', 'blib\arch')" t\*.t t\00_base\*.t t\01_config\*.t t\02_request\*.t t\03_route_handler\*.t t\04_static_file\*.t t\05_views\*.t t\06_helpers\*.t t\07_apphandlers\*.t t\08_session\*.t t\09_cookies\*.t t\10_template\*.t t\11_logger\*.t t\12_response\*.t t\13_engines\*.t t\14_serializer\*.t t\15_plugins\*.t t\16_timer\*.t t\17_apps\*.t t\19_dancer\*.t t\20_deprecation\*.t t\21_dependents\*.t t\22_hooks\*.t t\23_dancer_tests\*.t t\24_deployment\*.t t\25_exceptions\*.t
t\00-compile.t ...................................... ok
# 
# Versions for all modules listed in MYMETA.json (including optional ones):
# 
# === Configure Requires ===
# 
#     Module              Want Have
#     ------------------- ---- ----
#     ExtUtils::MakeMaker  any 7.10
# 
# === Build Requires ===
# 
#     Module              Want Have
#     ------------------- ---- ----
#     ExtUtils::MakeMaker  any 7.10
# 
# === Test Requires ===
# 
#     Module              Want     Have
#     ------------------- ---- --------
#     Devel::Hide          any   0.0009
#     ExtUtils::MakeMaker  any     7.10
#     File::Spec           any     3.56
#     HTTP::Cookies        any     6.01
#     HTTP::Request        any     6.11
#     IO::Handle           any     1.35
#     IPC::Open3           any     1.18
#     Plack::Builder       any    undef
#     Test::More           any 1.001014
#     Test::NoWarnings     any     1.04
#     utf8                 any     1.17
# 
# === Test Recommends ===
# 
#     Module         Want     Have
#     ---------- -------- --------
#     CPAN::Meta 2.120900 2.150005
# 
# === Runtime Requires ===
# 
#     Module                     Want     Have
#     -------------------------- ---- --------
#     Carp                        any     1.36
#     Cwd                         any     3.56
#     Data::Dumper                any    2.158
#     Encode                      any     2.76
#     Exporter                    any     5.72
#     Fcntl                       any     1.13
#     File::Basename              any     2.85
#     File::Copy                  any     2.30
#     File::Path                  any     2.11
#     File::Spec                  any     3.56
#     File::Spec::Functions       any     3.56
#     File::Temp                  any   0.2304
#     File::stat                  any     1.07
#     FindBin                     any     1.51
#     Getopt::Long                any     2.47
#     HTTP::Body                  any     1.22
#     HTTP::Date                  any     6.02
#     HTTP::Headers               any     6.11
#     HTTP::Server::Simple::PSGI  any     0.16
#     Hash::Merge::Simple         any    0.051
#     IO::File                    any     1.16
#     LWP::UserAgent              any     6.13
#     MIME::Types                 any     2.11
#     Module::Runtime             any    0.014
#     POSIX                       any     1.53
#     Pod::Usage                  any     1.67
#     Scalar::Util                any     1.42
#     Test::Builder               any 1.001014
#     Test::More                  any 1.001014
#     Time::HiRes                 any   1.9726
#     Try::Tiny                   any     0.22
#     URI                         any     1.69
#     URI::Escape                 any     3.31
#     base                        any     2.22
#     bytes                       any     1.04
#     constant                    any     1.33
#     lib                         any     0.63
#     overload                    any     1.26
#     parent                      any    0.234
#     strict                      any     1.09
#     vars                        any     1.03
#     warnings                    any     1.32
# 
# === Runtime Recommends ===
# 
#     Module Want Have
#     ------ ---- ----
#     YAML    any 1.15
# 
t\00-report-prereqs.t ............................... ok
t\00_base\000_create_fake_env.t ..................... ok
# Testing Dancer 1.3142, Perl 5.022000, C:\opt\perl-5.22.0\bin\perl.exe
t\00_base\001_load.t ................................ ok
t\00_base\002_strict_and_warnings.t ................. ok
t\00_base\003_syntax.t .............................. ok
t\00_base\004_args.t ................................ ok
t\00_base\005_module_loader.t ....................... ok
t\00_base\007_load_syntax.t ......................... ok
t\00_base\008_export.t .............................. ok
t\00_base\009_syntax_export.t ....................... ok
t\00_base\010_export_script.t ....................... ok
t\00_base\06_dancer_object.t ........................ ok
t\00_base\08_pod_coverage_dancer.t .................. ok
t\00_base\09_load_app.t ............................. ok
t\00_base\11_file_utils.t ........................... ok
t\00_base\12_utf8_charset.t ......................... skipped: skip test with Test::TCP in win32/cygwin
t\00_base\13_dancer_singleton.t ..................... ok
t\00_base\15_dependent_modules.t .................... skipped: Author tests not required for installation
t\00_base\17_globalwarnings_config_on.t ............. ok
t\00_base\config.t .................................. ok
t\00_base\normalize_path.t .......................... ok
# Test::TCP 2.13 loaded successfully
# Test::More 1.001014 loaded successfully
# JSON 2.90 loaded successfully
# YAML 1.15 loaded successfully
# Clone 0.38 loaded successfully
# Plack 1.0037 loaded successfully
# XML::Simple is not available
# HTTP::Parser::XS is not available
t\00_base\optional-module-versions.t ................ ok
t\00_base\uri_for.t ................................. ok
t\01_config\01_settings.t ........................... ok
t\01_config\02_mime_type.t .......................... ok
t\01_config\03_logger.t ............................. ok
t\01_config\04_config_file.t ........................ ok
t\01_config\05_serializers.t ........................ ok
t\01_config\06_config_api.t ......................... ok
t\01_config\06_stack_trace.t ........................ ok
t\01_config\07_strict_config.t ...................... ok
cannot unlink file for C:\Users\sinan\AppData\Local\Temp\OpNZ1oDX_F\logs\prod.log: Permission denied at C:/opt/perl-5.22.0/lib/File/Temp.pm line 784.
cannot remove directory for C:\Users\sinan\AppData\Local\Temp\OpNZ1oDX_F\logs: Directory not empty at C:/opt/perl-5.22.0/lib/File/Temp.pm line 784.
cannot remove directory for C:/Users/sinan/AppData/Local/Temp/OpNZ1oDX_F: Directory not empty at C:/opt/perl-5.22.0/lib/File/Temp.pm line 784.
t\01_config\08_environments.t ....................... ok
t\01_config\yaml_dependency.t ....................... ok
t\02_request\000_create_fake_env.t .................. ok
t\02_request\01_load.t .............................. ok
t\02_request\04_custom.t ............................ ok
t\02_request\04_forward.t ........................... ok
t\02_request\05_cgi_pm_compat.t ..................... ok
t\02_request\06_init_env.t .......................... ok
t\02_request\07_raw_data.t .......................... skipped: skip test with Test::TCP in win32/cygwin
t\02_request\08_param_array.t ....................... ok
t\02_request\08_params.t ............................ ok
t\02_request\10_mixed_params.t ...................... skipped: skip test with Test::TCP in win32
t\02_request\11_accessors.t ......................... ok
t\02_request\12_base.t .............................. ok
t\02_request\13_ajax.t .............................. skipped: skip test with Test::TCP in win32
t\02_request\14_uploads.t ........................... ok
t\02_request\15_headers.t ........................... skipped: skip test with Test::TCP in win32
t\02_request\16_delete.t ............................ ok
t\02_request\17_uri_base.t .......................... ok
t\02_request\18_param_accessor.t .................... ok
t\03_route_handler\01_http_methods.t ................ ok
t\03_route_handler\02_params.t ...................... ok
t\03_route_handler\03_routes_api.t .................. ok
t\03_route_handler\04_routes_matching.t ............. ok
t\03_route_handler\04_wildcards_megasplat.t ......... ok
t\03_route_handler\05_filter.t ...................... ok
t\03_route_handler\05_unicode.t ..................... ok
t\03_route_handler\06_redirect.t .................... ok
t\03_route_handler\07_compilation_warning.t ......... ok
t\03_route_handler\08_errors.t ...................... ok
t\03_route_handler\12_response.t .................... ok
t\03_route_handler\12_response_halt.t ............... ok
t\03_route_handler\14_options.t ..................... ok
t\03_route_handler\15_prefix.t ...................... ok
t\03_route_handler\16_caching.t ..................... ok
t\03_route_handler\16_embedded_prefixes.t ........... ok
t\03_route_handler\18_auto_page.t ................... ok
t\03_route_handler\21_ajax.t ........................ skipped: skip test with Test::TCP in win32
t\03_route_handler\23_filter_error_catching.t ....... ok
t\03_route_handler\24_multiple_params.t ............. ok
t\03_route_handler\24_named_captures.t .............. ok
t\03_route_handler\28_plack_mount.t ................. skipped: skip test with Test::TCP in win32
t\03_route_handler\29_forward.t ..................... ok
t\03_route_handler\29_redirect_immediately.t ........ ok
t\03_route_handler\30_forward_session.t ............. ok
t\03_route_handler\31_infinite_loop.t ............... ok
t\03_route_handler\33_vars.t ........................ skipped: skip test with Test::TCP in win32
t\03_route_handler\34_forward_body_post.t ........... skipped: skip test with Test::TCP in win32
t\03_route_handler\35_no_further_routes.t ........... ok
t\03_route_handler\36_false_routes.t ................ ok
t\03_route_handler\99_bugs.t ........................ ok
t\04_static_file\001_base.t ......................... skipped: Skip test with Test::TCP in win32
t\04_static_file\003_mime_types_reinit.t ............ ok
t\04_static_file\01_mime_types.t .................... ok
t\04_static_file\02_dir_traversal.t ................. ok
t\05_views\002_view_rendering.t ..................... ok
t\05_views\03_layout.t .............................. ok
t\06_helpers\000_create_fake_env.t .................. ok
t\06_helpers\01_send_file.t ......................... ok
t\06_helpers\02_http_status.t ....................... ok
t\06_helpers\03_content_type.t ...................... ok
t\06_helpers\04_status.t ............................ ok
t\06_helpers\05_send_error.t ........................ ok
t\06_helpers\06_load.t .............................. ok
t\07_apphandlers\000_create_fake_env.t .............. ok
t\07_apphandlers\01_base.t .......................... ok
t\07_apphandlers\02_apache2_plack.t ................. ok
t\07_apphandlers\03_psgi_app.t ...................... skipped: skip test with Test::TCP in win32
t\07_apphandlers\04_standalone_app.t ................ skipped: skip test with Test::TCP in win32
t\07_apphandlers\05_middlewares.t ................... skipped: skip test with Test::TCP in win32
t\07_apphandlers\05_psgi_api.t ...................... ok
t\07_apphandlers\06_debug.t ......................... skipped: Test::Output is needed for this test
t\07_apphandlers\07_middleware_map.t ................ skipped: skip test with Test::TCP in win32
t\07_apphandlers\08_is_text.t ....................... ok
t\08_session\000_create_fake_env.t .................. ok
t\08_session\01_load.t .............................. ok
t\08_session\02_dependency_check.t .................. ok
t\08_session\03_http_requests.t ..................... skipped: skip test with Test::TCP in win32
t\08_session\04_api.t ............................... ok
t\08_session\05_yaml.t .............................. ok
t\08_session\06_abstract.t .......................... ok
t\08_session\07_session_expires.t ................... skipped: skip test with Test::TCP in win32
t\08_session\08_simple.t ............................ ok
t\08_session\09_session.t ........................... ok
t\08_session\10_filter.t ............................ ok
t\08_session\11_session_secure.t .................... ok
t\08_session\12_session_name.t ...................... ok
t\08_session\13_session_httponly.t .................. skipped: skip test with Test::TCP in win32
t\08_session\14_session_domain.t .................... ok
t\09_cookies\000_create_fake_env.t .................. ok
t\09_cookies\01_use.t ............................... ok
t\09_cookies\02_cookie_object.t ..................... ok
t\09_cookies\03_persistence.t ....................... skipped: skip test with Test::TCP in win32
t\09_cookies\04_secure.t ............................ ok
t\09_cookies\05_api.t ............................... ok
t\09_cookies\06_expires.t ........................... ok
t\10_template\000_create_fake_env.t ................. ok
t\10_template\01_factory.t .......................... ok
t\10_template\02_abstract_class.t ................... ok
t\10_template\03_simple.t ........................... ok
t\10_template\05_template_toolkit.t ................. ok
t\10_template\05_template_toolkit_fromdata.t ........ skipped: module Template::Provider::FromDATA required
t\10_template\extension.t ........................... ok
t\10_template\template.t ............................ ok
t\11_logger\000_create_fake_env.t ................... ok
t\11_logger\01_abstract.t ........................... ok
t\11_logger\02_factory.t ............................ ok
cannot unlink file for C:\Users\sinan\AppData\Local\Temp\teblWYprQz\foo.bar: Permission denied at C:/opt/perl-5.22.0/lib/File/Temp.pm line 784.
cannot remove directory for C:/Users/sinan/AppData/Local/Temp/teblWYprQz: Directory not empty at C:/opt/perl-5.22.0/lib/File/Temp.pm line 784.
t\11_logger\03_file.t ............................... ok
t\11_logger\04_console.t ............................ skipped: Test::Output is needed for this test
t\11_logger\05_format.t ............................. ok
t\11_logger\06_null.t ............................... ok
t\11_logger\07_diag.t ............................... ok
t\11_logger\08_serialize.t .......................... skipped: Test::Output is needed for this test
t\11_logger\09_capture.t ............................ ok
t\11_logger\10_note.t ............................... ok
cannot unlink file for C:\Users\sinan\AppData\Local\Temp\vgX5p29gsX\logs\development.log: Permission denied at C:/opt/perl-5.22.0/lib/File/Temp.pm line 784.
cannot remove directory for C:\Users\sinan\AppData\Local\Temp\vgX5p29gsX\logs: Directory not empty at C:/opt/perl-5.22.0/lib/File/Temp.pm line 784.
cannot remove directory for C:/Users/sinan/AppData/Local/Temp/vgX5p29gsX: Directory not empty at C:/opt/perl-5.22.0/lib/File/Temp.pm line 784.
t\11_logger\11_runtime_file.t ....................... ok
t\11_logger\unicode.t ............................... ok
t\12_response\000_create_fake_env.t ................. ok
t\12_response\01_CRLF_injection.t ................... ok
t\12_response\02_headers.t .......................... ok
t\12_response\03_charset.t .......................... ok
t\12_response\04_charset_server.t ................... skipped: skip test with Test::TCP in win32
t\12_response\05_api.t .............................. ok
t\12_response\06_filter_halt_status.t ............... ok
t\12_response\07_cookies.t .......................... ok
t\12_response\08_drop_content.t ..................... skipped: skip test with Test::TCP in win32
t\12_response\09_headers_to_array.t ................. ok
Data exceeding 100 levels, truncating
t\12_response\10_error_dumper.t ..................... ok
Devel::Hide hides Clone.pm
t\12_response\10_error_dumper_without_clone.t ....... ok
t\12_response\11_CVE-2012-5572.t .................... ok
t\13_engines\00_load.t .............................. ok
t\13_engines\02_template_init.t ..................... ok
t\14_serializer\01_helpers.t ........................ ok
t\14_serializer\02_request_json.t ................... ok
t\14_serializer\03_request_yaml.t ................... ok
t\14_serializer\04_request_xml.t .................... ok
t\14_serializer\05_request_mutable.t ................ ok
Error in tempfile() using template \XXXXXXXXXX: Could not create temp file \IpjtLLGiT3: Permission denied at C:/opt/perl-5.22.0/site/lib/HTTP/Body/OctetStream.pm line 33.
# Looks like you planned 18 tests but ran 15.
# Looks like your test exited with 13 just after 15.
t\14_serializer\06_api.t ............................ 
Dubious, test returned 13 (wstat 3328, 0xd00)
Failed 3/18 subtests 
t\14_serializer\07_request_jsonp.t .................. ok
t\14_serializer\17_clear_serializer.t ............... skipped: skip test with Test::TCP in win32
t\14_serializer\18_mutable_template_or_serialize.t .. ok
t\14_serializer\99_bugs.t ........................... ok
t\15_plugins\000_create_fake_env.t .................. ok
t\15_plugins\01_register.t .......................... ok
t\15_plugins\02_config.t ............................ ok
t\15_plugins\03_namespace.t ......................... ok
t\15_plugins\04_apps_and_plugins.t .................. ok
t\15_plugins\05_keywords.t .......................... ok
t\15_plugins\05_plugins_and_OO.t .................... ok
t\15_plugins\05b_plugins_and_c3.t ................... ok
t\15_plugins\06_hook.t .............................. ok
t\15_plugins\07_ajax_plack_builder.t ................ skipped: skip test with Test::TCP in win32
t\16_timer\00_base.t ................................ ok
t\17_apps\000_create_fake_env.t ..................... ok
t\17_apps\00_base.t ................................. ok
t\17_apps\01_settings.t ............................. ok
t\17_apps\02_load_app.t ............................. ok
t\17_apps\03_prefix.t ............................... ok
t\17_apps\05_api.t .................................. ok
t\19_dancer\01_script.t ............................. ok
t\19_dancer\02_script_version_from.t ................ ok
t\20_deprecation\01_api.t ........................... ok
t\21_dependents\Dancer-Session-Cookie.t ............. skipped: Dancer::Session::Cookie 0.14 required
t\22_hooks\00_syntax.t .............................. ok
t\22_hooks\01_api.t ................................. ok
t\22_hooks\02_before.t .............................. ok
t\22_hooks\03_after.t ............................... ok
t\22_hooks\04_template.t ............................ ok
t\22_hooks\05_layout.t .............................. ok
t\22_hooks\06_serializer.t .......................... ok
t\22_hooks\07_file.t ................................ ok
t\22_hooks\08_error.t ............................... ok
t\22_hooks\09_before_error_init.t ................... ok
t\22_hooks\10_error_in_hook.t ....................... ok
t\22_hooks\11_error_in_hook.t ....................... ok
t\23_dancer_tests\01_basic.t ........................ ok
t\23_dancer_tests\02_tests_functions.t .............. ok
t\23_dancer_tests\03_uris.t ......................... ok
t\24_deployment\01_multi_webapp.t ................... skipped: skip test with Test::TCP in win32
t\25_exceptions\01_exceptions.t ..................... ok
t\25_exceptions\02_exceptions.t ..................... ok
t\25_exceptions\03_exceptions.t ..................... ok
t\25_exceptions\04_exceptions_warn.t ................ ok
t\pod.t ............................................. skipped: Author tests not required for installation

Test Summary Report
-------------------
t\14_serializer\06_api.t                          (Wstat: 3328 Tests: 15 Failed: 0)
  Non-zero exit status: 13
  Parse errors: Bad plan.  You planned 18 tests but ran 15.
Files=216, Tests=1809, 137 wallclock secs ( 1.06 usr +  0.47 sys =  1.53 CPU)
Result: FAIL

------------------------------
PREREQUISITES
------------------------------

Prerequisite modules loaded:

    No requirements found

------------------------------
ENVIRONMENT AND OTHER CONTEXT
------------------------------

Environment variables:

    COMSPEC = C:\Windows\system32\cmd.exe
    INCLUDE = C:\Program Files (x86)\Microsoft Visual Studio 12.0\VC\INCLUDE;C:\Program Files (x86)\Microsoft Visual Studio 12.0\VC\ATLMFC\INCLUDE;C:\Program Files (x86)\Windows Kits\8.1\include\shared;C:\Program Files (x86)\Windows Kits\8.1\include\um;C:\Program Files (x86)\Windows Kits\8.1\include\winrt;
    LIB = C:\Program Files (x86)\Microsoft Visual Studio 12.0\VC\LIB\amd64;C:\Program Files (x86)\Microsoft Visual Studio 12.0\VC\ATLMFC\LIB\amd64;C:\Program Files (x86)\Windows Kits\8.1\lib\winv6.3\um\x64;
    NUMBER_OF_PROCESSORS = 2
    PATH = C:\Program Files (x86)\Microsoft Visual Studio 12.0\Common7\IDE\CommonExtensions\Microsoft\TestWindow;C:\Program Files (x86)\MSBuild\12.0\bin\amd64;C:\Program Files (x86)\Microsoft Visual Studio 12.0\VC\BIN\amd64;C:\Windows\Microsoft.NET\Framework64\v4.0.30319;C:\Program Files (x86)\Microsoft Visual Studio 12.0\VC\VCPackages;C:\Program Files (x86)\Microsoft Visual Studio 12.0\Common7\IDE;C:\Program Files (x86)\Microsoft Visual Studio 12.0\Common7\Tools;C:\Program Files (x86)\HTML Help Workshop;C:\Program Files (x86)\Microsoft Visual Studio 12.0\Team Tools\Performance Tools\x64;C:\Program Files (x86)\Microsoft Visual Studio 12.0\Team Tools\Performance Tools;C:\Program Files (x86)\Windows Kits\8.1\bin\x64;C:\Program Files (x86)\Windows Kits\8.1\bin\x86;C:\Program Files (x86)\Microsoft SDKs\Windows\v8.1A\bin\NETFX 4.5.1 Tools\x64\;C:\Program Files\ConEmu;C:\Program Files\ConEmu\ConEmu;C:\opt\perl-5.22.0\site\bin;C:\opt\perl-5.22.0\bin;c:\opt\Perl6\bin;c:\opt\OpenSSL\bin;C:\opt\bin;C:\opt\vim\vim74;C:\opt\Python27\;C:\opt\Python27\Scripts;C:\opt\gs\gs9.14\bin;C:\opt\gs\gs9.14\lib;c:\opt\gm;c:\opt\kdiff3;c:\opt\ffmpeg\bin;C:\opt\jdk\bin;C:\Program Files\TortoiseHg;C:\Windows\system32;C:\Windows;C:\Windows\System32\Wbem;C:\Windows\System32\WindowsPowerShell\v1.0\;C:\Program Files\Microsoft SQL Server\110\Tools\Binn\;C:\Program Files\Microsoft Windows Performance Toolkit\;C:\Program Files\OpenVPN\bin;C:\Program Files (x86)\Windows Kits\8.1\Windows Performance Toolkit\;C:\Program Files (x86)\Microsoft SDKs\TypeScript\1.0\;C:\Program Files\Microsoft SQL Server\120\Tools\Binn;c:\opt\wrk;C:\Program Files\TortoiseSVN\bin;C:\Program Files\Microsoft\Web Platform Installer\;C:\Windows\system32\config\systemprofile\.dnx\bin;C:\Program Files\Microsoft DNX\Dnvm\;C:\Program Files\TortoiseHg\;C:\Users\sinan\AppData\Roaming\Python\Scripts;C:\Users\sinan\bin;
    PERLDOC_PAGER = c:\opt\cygwin64\bin\less.exe -+C -E -F -g -i
    PROCESSOR_IDENTIFIER = Intel64 Family 6 Model 15 Stepping 6, GenuineIntel
    TEMP = C:\Users\sinan\AppData\Local\Temp

Perl special variables (and OS-specific diagnostics, for MSWin32):

    EGID = 0
    EUID = 0
    EXECUTABLE_NAME = C:\opt\perl-5.22.0\bin\perl.exe
    GID = 0
    UID = 0
    Win32::FsType = NTFS
    Win32::GetOSName = Win8
    Win32::GetOSVersion = , 6, 2, 9200, 2, 0, 0, 256, 1
    Win32::IsAdminUser = 0

Perl module toolchain versions installed:

    Module              Have    
    ------------------- --------
    CPAN                2.11    
    CPAN::Meta          2.150005
    Cwd                 3.56    
    ExtUtils::CBuilder  0.280223
    ExtUtils::Command   7.10    
    ExtUtils::Install   2.04    
    ExtUtils::MakeMaker 7.10    
    ExtUtils::Manifest  1.70    
    ExtUtils::ParseXS   3.30    
    File::Spec          3.56    
    JSON                2.90    
    JSON::PP            2.27300 
    Module::Build       0.4214  
    Module::Signature   n/a     
    Parse::CPAN::Meta   1.4417  
    Test::Harness       3.35    
    Test::More          1.001014
    YAML                1.15    
    YAML::Syck          n/a     
    version             0.9912  


--

Summary of my perl5 (revision 5 version 22 subversion 0) configuration:
   
  Platform:
    osname=MSWin32, osvers=6.3, archname=MSWin32-x64-multi-thread
    uname=''
    config_args='undef'
    hint=recommended, useposix=true, d_sigaction=undef
    useithreads=define, usemultiplicity=define
    use64bitint=define, use64bitall=define, uselongdouble=undef
    usemymalloc=n, bincompat5005=undef
  Compiler:
    cc='cl', ccflags ='-nologo -GF -W3 -O1 -MD -Zi -DNDEBUG -GL -fp:precise -favor:INTEL64 -DWIN32 -D_CONSOLE -DNO_STRICT -DWIN64 -DCONSERVATIVE -D_CRT_SECURE_NO_DEPRECATE -D_CRT_NONSTDC_NO_DEPRECATE  -DPERL_TEXTMODE_SCRIPTS -DUSE_SITECUSTOMIZE -DPERL_IMPLICIT_CONTEXT -DPERL_IMPLICIT_SYS',
    optimize='-O1 -MD -Zi -DNDEBUG -GL -fp:precise -favor:INTEL64',
    cppflags='-DWIN32'
    ccversion='18.00.31101', gccversion='', gccosandvers=''
    intsize=4, longsize=4, ptrsize=8, doublesize=8, byteorder=12345678, doublekind=3
    d_longlong=undef, longlongsize=8, d_longdbl=define, longdblsize=8, longdblkind=0
    ivtype='__int64', ivsize=8, nvtype='double', nvsize=8, Off_t='__int64', lseeksize=8
    alignbytes=8, prototype=define
  Linker and Libraries:
    ld='link', ldflags ='-nologo -nodefaultlib -debug -opt:ref,icf -ltcg  -libpath:"c:\opt\perl-5.22.0\lib\CORE"  -machine:AMD64 "/manifestdependency:type='Win32' name='Microsoft.Windows.Common-Controls' version='6.0.0.0' processorArchitecture='*' publicKeyToken='6595b64144ccf1df' language='*'"'
    libpth="C:\Program Files (x86)\Microsoft Visual Studio 12.0\vc\lib\amd64"
    libs=oldnames.lib kernel32.lib user32.lib gdi32.lib winspool.lib  comdlg32.lib advapi32.lib shell32.lib ole32.lib oleaut32.lib  netapi32.lib uuid.lib ws2_32.lib mpr.lib winmm.lib  version.lib odbc32.lib odbccp32.lib comctl32.lib msvcrt.lib
    perllibs=oldnames.lib kernel32.lib user32.lib gdi32.lib winspool.lib  comdlg32.lib advapi32.lib shell32.lib ole32.lib oleaut32.lib  netapi32.lib uuid.lib ws2_32.lib mpr.lib winmm.lib  version.lib odbc32.lib odbccp32.lib comctl32.lib msvcrt.lib
    libc=msvcrt.lib, so=dll, useshrplib=true, libperl=perl522.lib
    gnulibc_version=''
  Dynamic Linking:
    dlsrc=dl_win32.xs, dlext=dll, d_dlsymun=undef, ccdlflags=' '
    cccdlflags=' ', lddlflags='-dll -nologo -nodefaultlib -debug -opt:ref,icf -ltcg  -libpath:"c:\opt\perl-5.22.0\lib\CORE"  -machine:AMD64 "/manifestdependency:type='Win32' name='Microsoft.Windows.Common-Controls' version='6.0.0.0' processorArchitecture='*' publicKeyToken='6595b64144ccf1df' language='*'"'


Characteristics of this binary (from libperl): 
  Compile-time options: HAS_TIMES HAVE_INTERP_INTERN MULTIPLICITY
                        PERLIO_LAYERS PERL_DONT_CREATE_GVSV
                        PERL_HASH_FUNC_ONE_AT_A_TIME_HARD
                        PERL_IMPLICIT_CONTEXT PERL_IMPLICIT_SYS
                        PERL_MALLOC_WRAP PERL_NEW_COPY_ON_WRITE
                        PERL_PRESERVE_IVUV USE_64_BIT_ALL USE_64_BIT_INT
                        USE_ITHREADS USE_LARGE_FILES USE_LOCALE
                        USE_LOCALE_COLLATE USE_LOCALE_CTYPE
                        USE_LOCALE_NUMERIC USE_LOCALE_TIME USE_PERLIO
                        USE_PERL_ATOF USE_SITECUSTOMIZE
  Built under MSWin32
  Compiled at Jun 26 2015 07:03:55
  %ENV:
    PERLDOC_PAGER="c:\opt\cygwin64\bin\less.exe -+C -E -F -g -i"
  @INC:
    C:/opt/perl-5.22.0/site/lib/MSWin32-x64-multi-thread
    C:/opt/perl-5.22.0/site/lib
    C:/opt/perl-5.22.0/lib
    .