Back
From: metabase:user:320bfe00-2aae-11df-837a-5e0a49663a4f
Subject: FAIL wikitext-perl-1.01 v5.17.11 GNU/Linux
Date: 2013-06-01T08:58:37Z
This distribution has been tested as part of the CPAN Testers
project, supporting the Perl programming language. See
http://wiki.cpantesters.org/ for more information or email
questions to cpan-testers-discuss@perl.org
--
Dear Mikhael Goikhman,
This is a computer-generated report for wikitext-perl-1.01
on perl 5.17.11, created by CPAN-Reporter-1.2010.
Thank you for uploading your work to CPAN. However, there was a problem
testing your distribution.
If you think this report is invalid, please consult the CPAN Testers Wiki
for suggestions on how to avoid getting FAIL reports for missing library
or binary dependencies, unsupported operating systems, and so on:
http://wiki.cpantesters.org/wiki/CPANAuthorNotes
Sections of this report:
* Tester comments
* Program output
* Prerequisites
* Environment and other context
------------------------------
TESTER COMMENTS
------------------------------
Additional comments from tester:
this report is from an automated smoke testing program
and was not reviewed by a human for accuracy
------------------------------
PROGRAM OUTPUT
------------------------------
Output from '/usr/bin/make test':
PERL_DL_NONLAZY=1 /home/sand/src/perl/repoperls/installed-perls/perl/v5.17.11/127e/bin/perl "-MExtUtils::Command::MM" "-e" "test_harness(0, 'blib/lib', 'blib/arch')" t/*.t
t/environment.t .. ok
# Failed test 'element 1 type'
# at t/generic.t line 36.
# got: 'paragraph'
# expected: 'verbatim'
# Looks like you failed 1 test of 10.
t/generic.t ......
Dubious, test returned 1 (wstat 256, 0x100)
Failed 1/10 subtests
# Failed test 'element 12 type'
# at t/inline.t line 35.
# got: 'typewriter'
# expected: 'verbatim'
# Looks like you failed 1 test of 32.
t/inline.t .......
Dubious, test returned 1 (wstat 256, 0x100)
Failed 1/32 subtests
# Failed test 'number of elements'
# at t/paragraphs.t line 52.
# got: '7'
# expected: '5'
# Failed test 'element 0 type'
# at t/paragraphs.t line 55.
# got: 'paragraph'
# expected: 'table'
# Failed test 'element 1 type'
# at t/paragraphs.t line 55.
# got: 'paragraph'
# expected: 'horizontal-rule'
# Failed test 'element 3 type'
# at t/paragraphs.t line 55.
# got: 'paragraph'
# expected: 'preformatted'
# Failed test 'element 4 type'
# at t/paragraphs.t line 55.
# got: 'paragraph'
# expected: 'code'
# Failed test 'element 5 type'
# at t/paragraphs.t line 55.
# got: 'paragraph'
# expected: undef
# Failed test 'element 6 type'
# at t/paragraphs.t line 55.
# got: 'paragraph'
# expected: undef
# Looks like you planned 16 tests but ran 20.
# Looks like you failed 7 tests of 20 run.
t/paragraphs.t ...
Dubious, test returned 7 (wstat 1792, 0x700)
Failed 5/16 subtests
Test Summary Report
-------------------
t/generic.t (Wstat: 256 Tests: 10 Failed: 1)
Failed test: 10
Non-zero exit status: 1
t/inline.t (Wstat: 256 Tests: 32 Failed: 1)
Failed test: 32
Non-zero exit status: 1
t/paragraphs.t (Wstat: 1792 Tests: 20 Failed: 9)
Failed tests: 6, 8, 10, 14, 16-20
Non-zero exit status: 7
Parse errors: Bad plan. You planned 16 tests but ran 20.
Files=4, Tests=76, 0 wallclock secs ( 0.03 usr 0.02 sys + 0.16 cusr 0.03 csys = 0.24 CPU)
Result: FAIL
Failed 3/4 test programs. 11/76 subtests failed.
make: *** [test_dynamic] Error 7
------------------------------
PREREQUISITES
------------------------------
Prerequisite modules loaded:
build_requires:
Module Need Have
------------------- ---- -------
ExtUtils::MakeMaker 0 6.67_01
------------------------------
ENVIRONMENT AND OTHER CONTEXT
------------------------------
Environment variables:
AUTOMATED_TESTING = 1
LANG = en_US.UTF-8
LANGUAGE = en_US:en
PATH = /usr/lib/ccache:/home/sand/bin:/usr/local/bin:/usr/bin:/bin:/usr/bin/X11:/usr/games:/usr/local/perl/bin:/usr/X11/bin:/sbin:/usr/sbin
PERL5LIB =
PERL5OPT =
PERL5_CPANPLUS_IS_RUNNING = 23633
PERL5_CPAN_IS_RUNNING = 23633
PERL_MM_USE_DEFAULT = 1
SHELL = /usr/bin/zsh
TERM = screen
Perl special variables (and OS-specific diagnostics, for MSWin32):
$^X = /home/sand/src/perl/repoperls/installed-perls/perl/v5.17.11/127e/bin/perl
$UID/$EUID = 1005 / 1005
$GID = 1005 1005
$EGID = 1005 1005
Perl module toolchain versions installed:
Module Have
------------------- --------
CPAN 2.00
CPAN::Meta 2.131490
Cwd 3.40
ExtUtils::CBuilder 0.280210
ExtUtils::Command 1.17
ExtUtils::Install 1.59
ExtUtils::MakeMaker 6.67_01
ExtUtils::Manifest 1.63
ExtUtils::ParseXS 3.18
File::Spec 3.40
JSON 2.58
JSON::PP 2.27202
Module::Build 0.4005
Module::Signature 0.70
Parse::CPAN::Meta 1.4404
Test::Harness 3.28
Test::More 0.98
YAML 0.84
YAML::Syck 1.27
version 0.9902
--
Summary of my perl5 (revision 5 version 17 subversion 11) configuration:
Commit id: 1993add8b861c9c97325e9609081aa752091b45a
Platform:
osname=linux, osvers=3.2.0-4-amd64, archname=x86_64-linux-ld
uname='linux k83 3.2.0-4-amd64 #1 smp debian 3.2.41-2 x86_64 gnulinux '
config_args='-Dprefix=/home/src/perl/repoperls/installed-perls/perl/v5.17.11/127e -Dmyhostname=k83 -Dinstallusrbinperl=n -Uversiononly -Dusedevel -des -Ui_db -Uuseithreads -Duselongdouble -DDEBUGGING=-g'
hint=recommended, useposix=true, d_sigaction=define
useithreads=undef, usemultiplicity=undef
useperlio=define, d_sfio=undef, uselargefiles=define, usesocks=undef
use64bitint=define, use64bitall=define, uselongdouble=define
usemymalloc=n, bincompat5005=undef
Compiler:
cc='cc', ccflags ='-fno-strict-aliasing -pipe -fstack-protector -I/usr/local/include -D_LARGEFILE_SOURCE -D_FILE_OFFSET_BITS=64',
optimize='-O2 -g',
cppflags='-fno-strict-aliasing -pipe -fstack-protector -I/usr/local/include'
ccversion='', gccversion='4.7.2', gccosandvers=''
intsize=4, longsize=8, ptrsize=8, doublesize=8, byteorder=12345678
d_longlong=define, longlongsize=8, d_longdbl=define, longdblsize=16
ivtype='long', ivsize=8, nvtype='long double', nvsize=16, Off_t='off_t', lseeksize=8
alignbytes=16, prototype=define
Linker and Libraries:
ld='cc', ldflags =' -fstack-protector -L/usr/local/lib'
libpth=/usr/local/lib /lib/x86_64-linux-gnu /lib/../lib /usr/lib/x86_64-linux-gnu /usr/lib/../lib /lib /usr/lib
libs=-lnsl -lgdbm -ldb -ldl -lm -lcrypt -lutil -lc -lgdbm_compat
perllibs=-lnsl -ldl -lm -lcrypt -lutil -lc
libc=, so=so, useshrplib=false, libperl=libperl.a
gnulibc_version='2.13'
Dynamic Linking:
dlsrc=dl_dlopen.xs, dlext=so, d_dlsymun=undef, ccdlflags='-Wl,-E'
cccdlflags='-fPIC', lddlflags='-shared -O2 -g -L/usr/local/lib -fstack-protector'
Characteristics of this binary (from libperl):
Compile-time options: HAS_TIMES PERLIO_LAYERS PERL_DONT_CREATE_GVSV
PERL_MALLOC_WRAP PERL_PRESERVE_IVUV PERL_SAWAMPERSAND
PERL_USE_DEVEL USE_64_BIT_ALL USE_64_BIT_INT
USE_LARGE_FILES USE_LOCALE USE_LOCALE_COLLATE
USE_LOCALE_CTYPE USE_LOCALE_NUMERIC USE_LONG_DOUBLE
USE_PERLIO USE_PERL_ATOF
Built under linux
Compiled at Apr 21 2013 18:23:19
%ENV:
PERL5LIB=""
PERL5OPT=""
PERL5_CPANPLUS_IS_RUNNING="23633"
PERL5_CPAN_IS_RUNNING="23633"
PERL_MM_USE_DEFAULT="1"
@INC:
/home/src/perl/repoperls/installed-perls/perl/v5.17.11/127e/lib/site_perl/5.17.11/x86_64-linux-ld
/home/src/perl/repoperls/installed-perls/perl/v5.17.11/127e/lib/site_perl/5.17.11
/home/src/perl/repoperls/installed-perls/perl/v5.17.11/127e/lib/5.17.11/x86_64-linux-ld
/home/src/perl/repoperls/installed-perls/perl/v5.17.11/127e/lib/5.17.11
.