Report for Finance-Bank-Bankwest-1.2.6

Back
From: metabase:user:31d414ea-2aae-11df-837a-5e0a49663a4f
Subject: FAIL Finance-Bank-Bankwest-1.2.6 v5.8.9 GNU/Linux
Date: 2014-03-18T16:22:16Z

This distribution has been tested as part of the CPAN Testers
project, supporting the Perl programming language.  See
http://wiki.cpantesters.org/ for more information or email
questions to cpan-testers-discuss@perl.org


--
Dear Alex Peters,

This is a computer-generated report for Finance-Bank-Bankwest-1.2.6
on perl 5.8.9, created by CPAN-Reporter-1.1711.

Thank you for uploading your work to CPAN.  However, there was a problem
testing your distribution.

If you think this report is invalid, please consult the CPAN Testers Wiki
for suggestions on how to avoid getting FAIL reports for missing library
or binary dependencies, unsupported operating systems, and so on:

http://wiki.cpantesters.org/wiki/CPANAuthorNotes

Sections of this report:

    * Tester comments
    * Program output
    * Prerequisites
    * Environment and other context

------------------------------
TESTER COMMENTS
------------------------------

Additional comments from tester:

this report is from an automated smoke testing program
and was not reviewed by a human for accuracy

------------------------------
PROGRAM OUTPUT
------------------------------

Output from '/usr/bin/make test':

PERL_DL_NONLAZY=1 /home/david/cpantesting/perl-5.8.9/bin/perl "-MExtUtils::Command::MM" "-e" "test_harness(0, 'blib/lib', 'blib/arch')" t/*.t
Argument "1.1.1" isn't numeric in subroutine entry at /home/david/cpantesting/perl-5.8.9/.cpan/build/Finance-Bank-Bankwest-1.2.6-yrTi6F/blib/lib/Finance/Bank/Bankwest/Parsers.pm line 7.
Argument "1.1.1" isn't numeric in subroutine entry at /home/david/cpantesting/perl-5.8.9/.cpan/build/Finance-Bank-Bankwest-1.2.6-yrTi6F/blib/lib/Finance/Bank/Bankwest/Parser/Login.pm line 7.
Argument "1.1.1" isn't numeric in subroutine entry at /home/david/cpantesting/perl-5.8.9/.cpan/build/Finance-Bank-Bankwest-1.2.6-yrTi6F/blib/lib/Finance/Bank/Bankwest/Parser/Accounts.pm line 7.
Argument "1.1.1" isn't numeric in subroutine entry at /home/david/cpantesting/perl-5.8.9/.cpan/build/Finance-Bank-Bankwest-1.2.6-yrTi6F/blib/lib/Finance/Bank/Bankwest/Parser/Logout.pm line 7.
Argument "1.1.1" isn't numeric in subroutine entry at /home/david/cpantesting/perl-5.8.9/.cpan/build/Finance-Bank-Bankwest-1.2.6-yrTi6F/blib/lib/Finance/Bank/Bankwest/Parser/TransactionSearch.pm line 7.
Argument "1.1.1" isn't numeric in subroutine entry at /home/david/cpantesting/perl-5.8.9/.cpan/build/Finance-Bank-Bankwest-1.2.6-yrTi6F/blib/lib/Finance/Bank/Bankwest/Parser/TransactionExport.pm line 7.
Argument "1.1.1" isn't numeric in subroutine entry at /home/david/cpantesting/perl-5.8.9/.cpan/build/Finance-Bank-Bankwest-1.2.6-yrTi6F/blib/lib/Finance/Bank/Bankwest/Parser/Accounts.pm line 7.
Argument "1.1.1" isn't numeric in subroutine entry at /home/david/cpantesting/perl-5.8.9/.cpan/build/Finance-Bank-Bankwest-1.2.6-yrTi6F/blib/lib/Finance/Bank/Bankwest/Parser/Login.pm line 7.
Argument "1.1.1" isn't numeric in subroutine entry at /home/david/cpantesting/perl-5.8.9/.cpan/build/Finance-Bank-Bankwest-1.2.6-yrTi6F/blib/lib/Finance/Bank/Bankwest/Parser/Logout.pm line 7.
Argument "1.1.1" isn't numeric in subroutine entry at /home/david/cpantesting/perl-5.8.9/.cpan/build/Finance-Bank-Bankwest-1.2.6-yrTi6F/blib/lib/Finance/Bank/Bankwest/Parser/TransactionExport.pm line 7.
Argument "1.1.1" isn't numeric in subroutine entry at /home/david/cpantesting/perl-5.8.9/.cpan/build/Finance-Bank-Bankwest-1.2.6-yrTi6F/blib/lib/Finance/Bank/Bankwest/Parser/TransactionSearch.pm line 7.
Argument "1.1.1" isn't numeric in subroutine entry at /home/david/cpantesting/perl-5.8.9/.cpan/build/Finance-Bank-Bankwest-1.2.6-yrTi6F/blib/lib/Finance/Bank/Bankwest/Parsers.pm line 7.
Argument "1.1.1" isn't numeric in subroutine entry at /home/david/cpantesting/perl-5.8.9/.cpan/build/Finance-Bank-Bankwest-1.2.6-yrTi6F/blib/lib/Finance/Bank/Bankwest/Parser/Login.pm line 7.
Argument "1.1.1" isn't numeric in subroutine entry at /home/david/cpantesting/perl-5.8.9/.cpan/build/Finance-Bank-Bankwest-1.2.6-yrTi6F/blib/lib/Finance/Bank/Bankwest/Parser/Accounts.pm line 7.
Argument "1.1.1" isn't numeric in subroutine entry at /home/david/cpantesting/perl-5.8.9/.cpan/build/Finance-Bank-Bankwest-1.2.6-yrTi6F/blib/lib/Finance/Bank/Bankwest/Parser/Logout.pm line 7.
Argument "1.1.1" isn't numeric in subroutine entry at /home/david/cpantesting/perl-5.8.9/.cpan/build/Finance-Bank-Bankwest-1.2.6-yrTi6F/blib/lib/Finance/Bank/Bankwest/Parser/TransactionSearch.pm line 7.
Argument "1.1.1" isn't numeric in subroutine entry at /home/david/cpantesting/perl-5.8.9/.cpan/build/Finance-Bank-Bankwest-1.2.6-yrTi6F/blib/lib/Finance/Bank/Bankwest/Parser/TransactionExport.pm line 7.
Argument "1.1.1" isn't numeric in subroutine entry at /home/david/cpantesting/perl-5.8.9/.cpan/build/Finance-Bank-Bankwest-1.2.6-yrTi6F/blib/lib/Finance/Bank/Bankwest/Parsers.pm line 7.
Argument "1.1.1" isn't numeric in subroutine entry at /home/david/cpantesting/perl-5.8.9/.cpan/build/Finance-Bank-Bankwest-1.2.6-yrTi6F/blib/lib/Finance/Bank/Bankwest/Parser/Login.pm line 7.
Argument "1.1.1" isn't numeric in subroutine entry at /home/david/cpantesting/perl-5.8.9/.cpan/build/Finance-Bank-Bankwest-1.2.6-yrTi6F/blib/lib/Finance/Bank/Bankwest/Parser/Accounts.pm line 7.
Argument "1.1.1" isn't numeric in subroutine entry at /home/david/cpantesting/perl-5.8.9/.cpan/build/Finance-Bank-Bankwest-1.2.6-yrTi6F/blib/lib/Finance/Bank/Bankwest/Parser/Logout.pm line 7.
Argument "1.1.1" isn't numeric in subroutine entry at /home/david/cpantesting/perl-5.8.9/.cpan/build/Finance-Bank-Bankwest-1.2.6-yrTi6F/blib/lib/Finance/Bank/Bankwest/Parser/TransactionSearch.pm line 7.
Argument "1.1.1" isn't numeric in subroutine entry at /home/david/cpantesting/perl-5.8.9/.cpan/build/Finance-Bank-Bankwest-1.2.6-yrTi6F/blib/lib/Finance/Bank/Bankwest/Parser/TransactionExport.pm line 7.
Argument "1.1.1" isn't numeric in subroutine entry at /home/david/cpantesting/perl-5.8.9/.cpan/build/Finance-Bank-Bankwest-1.2.6-yrTi6F/blib/lib/Finance/Bank/Bankwest/Parsers.pm line 7.
Argument "1.1.1" isn't numeric in subroutine entry at /home/david/cpantesting/perl-5.8.9/.cpan/build/Finance-Bank-Bankwest-1.2.6-yrTi6F/blib/lib/Finance/Bank/Bankwest/Parser/Login.pm line 7.
Argument "1.1.1" isn't numeric in subroutine entry at /home/david/cpantesting/perl-5.8.9/.cpan/build/Finance-Bank-Bankwest-1.2.6-yrTi6F/blib/lib/Finance/Bank/Bankwest/Parser/Accounts.pm line 7.
Argument "1.1.1" isn't numeric in subroutine entry at /home/david/cpantesting/perl-5.8.9/.cpan/build/Finance-Bank-Bankwest-1.2.6-yrTi6F/blib/lib/Finance/Bank/Bankwest/Parser/Logout.pm line 7.
Argument "1.1.1" isn't numeric in subroutine entry at /home/david/cpantesting/perl-5.8.9/.cpan/build/Finance-Bank-Bankwest-1.2.6-yrTi6F/blib/lib/Finance/Bank/Bankwest/Parser/TransactionSearch.pm line 7.
Argument "1.1.1" isn't numeric in subroutine entry at /home/david/cpantesting/perl-5.8.9/.cpan/build/Finance-Bank-Bankwest-1.2.6-yrTi6F/blib/lib/Finance/Bank/Bankwest/Parser/TransactionExport.pm line 7.
t/00-compile.t .................................. ok
t/author-critic.t ............................... skipped: these tests are for testing by the author
t/author-pod-spell.t ............................ skipped: these tests are for testing by the author
t/author-test-eol.t ............................. skipped: these tests are for testing by the author
t/Bankwest-Account.t ............................ ok
t/Bankwest-Error-BadResponse.t .................. ok
t/Bankwest-Error-ExportFailed-UnknownReason.t ... ok
t/Bankwest-Error-ExportFailed.t ................. ok
t/Bankwest-Error-NotLoggedIn-BadCredentials.t ... ok
t/Bankwest-Error-NotLoggedIn-SubsequentLogin.t .. ok
t/Bankwest-Error-NotLoggedIn-Timeout.t .......... ok
t/Bankwest-Error-NotLoggedIn-UnknownReason.t .... ok
t/Bankwest-Error-NotLoggedIn.t .................. ok
t/Bankwest-Error-WithResponse.t ................. ok
t/Bankwest-Error.t .............................. ok
Argument "1.1.1" isn't numeric in subroutine entry at /home/david/cpantesting/perl-5.8.9/.cpan/build/Finance-Bank-Bankwest-1.2.6-yrTi6F/blib/lib/Finance/Bank/Bankwest/Parser/Accounts.pm line 7.
t/Bankwest-Parser-Accounts.t .................... ok
Argument "1.1.1" isn't numeric in subroutine entry at /home/david/cpantesting/perl-5.8.9/.cpan/build/Finance-Bank-Bankwest-1.2.6-yrTi6F/blib/lib/Finance/Bank/Bankwest/Parser/Login.pm line 7.
t/Bankwest-Parser-Login.t ....................... ok
Argument "1.1.1" isn't numeric in subroutine entry at /home/david/cpantesting/perl-5.8.9/.cpan/build/Finance-Bank-Bankwest-1.2.6-yrTi6F/blib/lib/Finance/Bank/Bankwest/Parser/Logout.pm line 7.
t/Bankwest-Parser-Logout.t ...................... ok
Argument "1.1.1" isn't numeric in subroutine entry at /home/david/cpantesting/perl-5.8.9/.cpan/build/Finance-Bank-Bankwest-1.2.6-yrTi6F/blib/lib/Finance/Bank/Bankwest/Parser/TransactionExport.pm line 7.
t/Bankwest-Parser-TransactionExport.t ........... ok
Argument "1.1.1" isn't numeric in subroutine entry at /home/david/cpantesting/perl-5.8.9/.cpan/build/Finance-Bank-Bankwest-1.2.6-yrTi6F/blib/lib/Finance/Bank/Bankwest/Parser/TransactionSearch.pm line 7.
t/Bankwest-Parser-TransactionSearch.t ........... ok
Argument "1.1.1" isn't numeric in subroutine entry at /home/david/cpantesting/perl-5.8.9/.cpan/build/Finance-Bank-Bankwest-1.2.6-yrTi6F/blib/lib/Finance/Bank/Bankwest/Parsers.pm line 7.
Argument "1.1.1" isn't numeric in subroutine entry at /home/david/cpantesting/perl-5.8.9/.cpan/build/Finance-Bank-Bankwest-1.2.6-yrTi6F/blib/lib/Finance/Bank/Bankwest/Parser/Login.pm line 7.
Argument "1.1.1" isn't numeric in subroutine entry at /home/david/cpantesting/perl-5.8.9/.cpan/build/Finance-Bank-Bankwest-1.2.6-yrTi6F/blib/lib/Finance/Bank/Bankwest/Parser/Accounts.pm line 7.
Argument "1.1.1" isn't numeric in subroutine entry at /home/david/cpantesting/perl-5.8.9/.cpan/build/Finance-Bank-Bankwest-1.2.6-yrTi6F/blib/lib/Finance/Bank/Bankwest/Parser/Logout.pm line 7.
Argument "1.1.1" isn't numeric in subroutine entry at /home/david/cpantesting/perl-5.8.9/.cpan/build/Finance-Bank-Bankwest-1.2.6-yrTi6F/blib/lib/Finance/Bank/Bankwest/Parser/TransactionSearch.pm line 7.
Argument "1.1.1" isn't numeric in subroutine entry at /home/david/cpantesting/perl-5.8.9/.cpan/build/Finance-Bank-Bankwest-1.2.6-yrTi6F/blib/lib/Finance/Bank/Bankwest/Parser/TransactionExport.pm line 7.
t/Bankwest-Parsers.t ............................ ok
Argument "1.1.1" isn't numeric in subroutine entry at /home/david/cpantesting/perl-5.8.9/.cpan/build/Finance-Bank-Bankwest-1.2.6-yrTi6F/blib/lib/Finance/Bank/Bankwest/Parsers.pm line 7.
Argument "1.1.1" isn't numeric in subroutine entry at /home/david/cpantesting/perl-5.8.9/.cpan/build/Finance-Bank-Bankwest-1.2.6-yrTi6F/blib/lib/Finance/Bank/Bankwest/Parser/Login.pm line 7.
Argument "1.1.1" isn't numeric in subroutine entry at /home/david/cpantesting/perl-5.8.9/.cpan/build/Finance-Bank-Bankwest-1.2.6-yrTi6F/blib/lib/Finance/Bank/Bankwest/Parser/Accounts.pm line 7.
Argument "1.1.1" isn't numeric in subroutine entry at /home/david/cpantesting/perl-5.8.9/.cpan/build/Finance-Bank-Bankwest-1.2.6-yrTi6F/blib/lib/Finance/Bank/Bankwest/Parser/Logout.pm line 7.
Argument "1.1.1" isn't numeric in subroutine entry at /home/david/cpantesting/perl-5.8.9/.cpan/build/Finance-Bank-Bankwest-1.2.6-yrTi6F/blib/lib/Finance/Bank/Bankwest/Parser/TransactionSearch.pm line 7.
Argument "1.1.1" isn't numeric in subroutine entry at /home/david/cpantesting/perl-5.8.9/.cpan/build/Finance-Bank-Bankwest-1.2.6-yrTi6F/blib/lib/Finance/Bank/Bankwest/Parser/TransactionExport.pm line 7.
        # Child (transactions method works as expected in normal operation) exited without calling finalize()
    
    #   Failed test 'transactions method works as expected in normal operation'
    #   at /home/david/cpantesting/perl-5.8.9/lib/5.8.9/Test/Builder.pm line 263.
Error GETing file:///home/david/cpantesting/perl-5.8.9/.cpan/build/Finance-Bank-Bankwest-1.2.6-yrTi6F/t/fixtures/txn-export.csv?__EVENTTARGET=_ctl0%3AContentButtonsLeft%3AbtnExport&__EVENTARGUMENT=&__VS=XXX&__VIEWSTATE=&__EVENTVALIDATION=XXX&_ctl0%3AContentMain%3AddlAccount=irrelevant&_ctl0%3AContentMain%3AddlRangeOptions=&_ctl0%3AContentMain%3AdpFromDate%3AtxtDate=&_ctl0%3AContentMain%3AdpToDate%3AtxtDate=&_ctl0%3AContentMain%3AddlTransactionType=All&_ctl0%3AContentMain%3AtxtAmountFrom=&_ctl0%3AContentMain%3AtxtAmountTo=&_ctl0%3AContentMain%3AtxtChequeFrom=&_ctl0%3AContentMain%3AtxtChequeTo=&_ctl0%3AContentMain%3AddlNarrationSearchType=BEGINS&_ctl0%3AContentMain%3AtxtNarration=&_ctl0%3AContentButtonsLeft%3AddlExportType=CSV&_ctl0%3AContentButtonsLeft%3AtxtSelectedList=3~4~5~6~7&_ctl0%3AContentButtonsLeft%3AtxtAvailableList=: File `/home/david/cpantesting/perl-5.8.9/.cpan/build/Finance-Bank-Bankwest-1.2.6-yrTi6F/t/fixtures/txn-export.csv?__EVENTTARGET=_ctl0:ContentButtonsLeft:btnExport&__EVENTARGUMENT=&__VS=XXX&__VIEWSTATE=&__EVENTVALIDATION=XXX&_ctl0:ContentMain:ddlAccount=irrelevant&_ctl0:ContentMain:ddlRangeOptions=&_ctl0:ContentMain:dpFromDate:txtDate=&_ctl0:ContentMain:dpToDate:txtDate=&_ctl0:ContentMain:ddlTransactionType=All&_ctl0:ContentMain:txtAmountFrom=&_ctl0:ContentMain:txtAmountTo=&_ctl0:ContentMain:txtChequeFrom=&_ctl0:ContentMain:txtChequeTo=&_ctl0:ContentMain:ddlNarrationSearchType=BEGINS&_ctl0:ContentMain:txtNarration=&_ctl0:ContentButtonsLeft:ddlExportType=CSV&_ctl0:ContentButtonsLeft:txtSelectedList=3~4~5~6~7&_ctl0:ContentButtonsLeft:txtAvailableList=' does not exist at /home/david/cpantesting/perl-5.8.9/.cpan/build/Finance-Bank-Bankwest-1.2.6-yrTi6F/blib/lib/Finance/Bank/Bankwest/Session.pm line 75.
    # Child (tests from t/Bankwest-Session.t, line 73) exited without calling finalize()

#   Failed test 'tests from t/Bankwest-Session.t, line 73'
#   at /home/david/cpantesting/perl-5.8.9/lib/5.8.9/Test/Builder.pm line 276.
# Tests were run but no plan was declared and done_testing() was not seen.
# Looks like your test exited with 36 just after 1.
t/Bankwest-Session.t ............................ 
Dubious, test returned 36 (wstat 9216, 0x2400)
Failed 1/1 subtests 
Argument "1.1.1" isn't numeric in subroutine entry at /home/david/cpantesting/perl-5.8.9/.cpan/build/Finance-Bank-Bankwest-1.2.6-yrTi6F/blib/lib/Finance/Bank/Bankwest/Parsers.pm line 7.
Argument "1.1.1" isn't numeric in subroutine entry at /home/david/cpantesting/perl-5.8.9/.cpan/build/Finance-Bank-Bankwest-1.2.6-yrTi6F/blib/lib/Finance/Bank/Bankwest/Parser/Login.pm line 7.
Argument "1.1.1" isn't numeric in subroutine entry at /home/david/cpantesting/perl-5.8.9/.cpan/build/Finance-Bank-Bankwest-1.2.6-yrTi6F/blib/lib/Finance/Bank/Bankwest/Parser/Accounts.pm line 7.
Argument "1.1.1" isn't numeric in subroutine entry at /home/david/cpantesting/perl-5.8.9/.cpan/build/Finance-Bank-Bankwest-1.2.6-yrTi6F/blib/lib/Finance/Bank/Bankwest/Parser/Logout.pm line 7.
Argument "1.1.1" isn't numeric in subroutine entry at /home/david/cpantesting/perl-5.8.9/.cpan/build/Finance-Bank-Bankwest-1.2.6-yrTi6F/blib/lib/Finance/Bank/Bankwest/Parser/TransactionSearch.pm line 7.
Argument "1.1.1" isn't numeric in subroutine entry at /home/david/cpantesting/perl-5.8.9/.cpan/build/Finance-Bank-Bankwest-1.2.6-yrTi6F/blib/lib/Finance/Bank/Bankwest/Parser/TransactionExport.pm line 7.
        # Child (pass on correct input) exited without calling finalize()
    
    #   Failed test 'pass on correct input'
    #   at /home/david/cpantesting/perl-5.8.9/lib/5.8.9/Test/Builder.pm line 263.
Error GETing file:///home/david/cpantesting/perl-5.8.9/.cpan/build/Finance-Bank-Bankwest-1.2.6-yrTi6F/t/fixtures/acct-balances.html?__EVENTTARGET=AuthUC%24btnLogin&__EVENTARGUMENT=&__VIEWSTATE=XXX&__EVENTVALIDATION=XXX&AuthUC%24txtUserID=irrelevant&AuthUC%24txtData=irrelevant: File `/home/david/cpantesting/perl-5.8.9/.cpan/build/Finance-Bank-Bankwest-1.2.6-yrTi6F/t/fixtures/acct-balances.html?__EVENTTARGET=AuthUC$btnLogin&__EVENTARGUMENT=&__VIEWSTATE=XXX&__EVENTVALIDATION=XXX&AuthUC$txtUserID=irrelevant&AuthUC$txtData=irrelevant' does not exist at /home/david/cpantesting/perl-5.8.9/.cpan/build/Finance-Bank-Bankwest-1.2.6-yrTi6F/blib/lib/Finance/Bank/Bankwest/SessionFromLogin.pm line 52.
    # Child (tests from t/Bankwest-SessionFromLogin.t, line 72) exited without calling finalize()

#   Failed test 'tests from t/Bankwest-SessionFromLogin.t, line 72'
#   at /home/david/cpantesting/perl-5.8.9/lib/5.8.9/Test/Builder.pm line 276.
# Tests were run but no plan was declared and done_testing() was not seen.
# Looks like your test exited with 2 just after 2.
t/Bankwest-SessionFromLogin.t ................... 
Dubious, test returned 2 (wstat 512, 0x200)
Failed 1/2 subtests 
t/Bankwest-Transaction.t ........................ ok
Argument "1.1.1" isn't numeric in subroutine entry at /home/david/cpantesting/perl-5.8.9/.cpan/build/Finance-Bank-Bankwest-1.2.6-yrTi6F/blib/lib/Finance/Bank/Bankwest/Parsers.pm line 7.
Argument "1.1.1" isn't numeric in subroutine entry at /home/david/cpantesting/perl-5.8.9/.cpan/build/Finance-Bank-Bankwest-1.2.6-yrTi6F/blib/lib/Finance/Bank/Bankwest/Parser/Login.pm line 7.
Argument "1.1.1" isn't numeric in subroutine entry at /home/david/cpantesting/perl-5.8.9/.cpan/build/Finance-Bank-Bankwest-1.2.6-yrTi6F/blib/lib/Finance/Bank/Bankwest/Parser/Accounts.pm line 7.
Argument "1.1.1" isn't numeric in subroutine entry at /home/david/cpantesting/perl-5.8.9/.cpan/build/Finance-Bank-Bankwest-1.2.6-yrTi6F/blib/lib/Finance/Bank/Bankwest/Parser/Logout.pm line 7.
Argument "1.1.1" isn't numeric in subroutine entry at /home/david/cpantesting/perl-5.8.9/.cpan/build/Finance-Bank-Bankwest-1.2.6-yrTi6F/blib/lib/Finance/Bank/Bankwest/Parser/TransactionSearch.pm line 7.
Argument "1.1.1" isn't numeric in subroutine entry at /home/david/cpantesting/perl-5.8.9/.cpan/build/Finance-Bank-Bankwest-1.2.6-yrTi6F/blib/lib/Finance/Bank/Bankwest/Parser/TransactionExport.pm line 7.
        # Child (pass on correct input) exited without calling finalize()
    
    #   Failed test 'pass on correct input'
    #   at /home/david/cpantesting/perl-5.8.9/lib/5.8.9/Test/Builder.pm line 263.
Error GETing file:///home/david/cpantesting/perl-5.8.9/.cpan/build/Finance-Bank-Bankwest-1.2.6-yrTi6F/t/fixtures/acct-balances.html?__EVENTTARGET=AuthUC%24btnLogin&__EVENTARGUMENT=&__VIEWSTATE=XXX&__EVENTVALIDATION=XXX&AuthUC%24txtUserID=irrelevant&AuthUC%24txtData=irrelevant: File `/home/david/cpantesting/perl-5.8.9/.cpan/build/Finance-Bank-Bankwest-1.2.6-yrTi6F/t/fixtures/acct-balances.html?__EVENTTARGET=AuthUC$btnLogin&__EVENTARGUMENT=&__VIEWSTATE=XXX&__EVENTVALIDATION=XXX&AuthUC$txtUserID=irrelevant&AuthUC$txtData=irrelevant' does not exist at /home/david/cpantesting/perl-5.8.9/.cpan/build/Finance-Bank-Bankwest-1.2.6-yrTi6F/blib/lib/Finance/Bank/Bankwest/SessionFromLogin.pm line 52.
    # Child (tests from t/Bankwest.t, line 27) exited without calling finalize()

#   Failed test 'tests from t/Bankwest.t, line 27'
#   at /home/david/cpantesting/perl-5.8.9/lib/5.8.9/Test/Builder.pm line 276.
# Tests were run but no plan was declared and done_testing() was not seen.
# Looks like your test exited with 2 just after 1.
t/Bankwest.t .................................... 
Dubious, test returned 2 (wstat 512, 0x200)
Failed 1/1 subtests 
t/release-distmeta.t ............................ skipped: these tests are for release candidate testing
t/release-kwalitee.t ............................ skipped: these tests are for release candidate testing
t/release-no-tabs.t ............................. skipped: these tests are for release candidate testing
t/release-pod-coverage.t ........................ skipped: these tests are for release candidate testing
t/release-pod-syntax.t .......................... skipped: these tests are for release candidate testing
t/release-test-version.t ........................ skipped: these tests are for release candidate testing

Test Summary Report
-------------------
t/Bankwest-Session.t                          (Wstat: 9216 Tests: 1 Failed: 1)
  Failed test:  1
  Non-zero exit status: 36
  Parse errors: No plan found in TAP output
t/Bankwest-SessionFromLogin.t                 (Wstat: 512 Tests: 2 Failed: 1)
  Failed test:  2
  Non-zero exit status: 2
  Parse errors: No plan found in TAP output
t/Bankwest.t                                  (Wstat: 512 Tests: 1 Failed: 1)
  Failed test:  1
  Non-zero exit status: 2
  Parse errors: No plan found in TAP output
Files=31, Tests=54, 163 wallclock secs ( 0.10 usr  0.17 sys + 58.97 cusr  3.58 csys = 62.82 CPU)
Result: FAIL
Failed 3/31 test programs. 3/54 subtests failed.
make: *** [test_dynamic] Error 255

------------------------------
PREREQUISITES
------------------------------

Prerequisite modules loaded:

requires:

    Module                    Need     Have    
    ------------------------- -------- --------
    HTTP::Response::Switch    1.001000 1.1.1   
    IO::String                0        1.08    
    MooseX::Declare           0        0.38    
    MooseX::OneArgNew         0        0.004   
    MooseX::StrictConstructor 0        0.19    
    MooseX::Types             0        0.44    
    perl                      5.006    5.008009
    Text::CSV_XS              0.66     1.05    
    Throwable::Error          0.101110 0.200010
    TryCatch                  0        1.003002
    Web::Scraper              0        0.37    
    WWW::Mechanize            0        1.73    

build_requires:

    Module                    Need     Have    
    ------------------------- -------- --------
    HTTP::Response            0        6.04    
    Module::Loaded            0        0.08    
    parent                    0        0.228   
    perl                      5.006    5.008009
    Scalar::Util              0        1.38    
    Test::Exception           0        0.29    
    Test::More                0        1.001002
    Test::Routine             0        0.018   
    URI::file                 0        4.20    

configure_requires:

    Module                    Need     Have    
    ------------------------- -------- --------
    ExtUtils::MakeMaker       6.30     6.92    


------------------------------
ENVIRONMENT AND OTHER CONTEXT
------------------------------

Environment variables:

    AUTOMATED_TESTING = 1
    PATH = /usr/local/bin:/usr/bin:/bin:/usr/games
    PERL = 5.8.9
    PERL5LIB = 
    PERL5OPT = 
    PERL5_CPANPLUS_IS_RUNNING = 24819
    PERL5_CPAN_IS_RUNNING = 24819
    PERLVER = 5.8.9
    PERL_INLINE_DIRECTORY = /home/david/.Inline-5.8.9
    PERL_MM_USE_DEFAULT = 1
    SHELL = /bin/bash
    TERM = screen

Perl special variables (and OS-specific diagnostics, for MSWin32):

    $^X = /home/david/cpantesting/perl-5.8.9/bin/perl
    $UID/$EUID = 1000 / 1000
    $GID = 1000 1000
    $EGID = 1000 1000

Perl module toolchain versions installed:

    Module              Have    
    ------------------- --------
    CPAN                1.9402  
    Cwd                 3.31    
    ExtUtils::CBuilder  0.2703  
    ExtUtils::Command   1.16    
    ExtUtils::Install   1.54    
    ExtUtils::MakeMaker 6.92    
    ExtUtils::Manifest  1.60    
    ExtUtils::ParseXS   2.2206  
    File::Spec          3.31    
    Module::Build       0.4205  
    Module::Signature   n/a     
    Test::Harness       3.30    
    Test::More          1.001002
    YAML                0.70    
    YAML::Syck          n/a     
    version             0.88    


--

Summary of my perl5 (revision 5 version 8 subversion 9) configuration:
  Platform:
    osname=linux, osvers=2.6.18-4-xen-amd64, archname=x86_64-linux-thread-multi
    uname='linux pigsty2 2.6.18-4-xen-amd64 #1 smp fri may 4 02:40:51 utc 2007 x86_64 gnulinux '
    config_args='-de -Duse64bitall -Dusethreads -Dprefix=/home/david/cpantesting/perl-5.8.9'
    hint=recommended, useposix=true, d_sigaction=define
    usethreads=define use5005threads=undef useithreads=define usemultiplicity=define
    useperlio=define d_sfio=undef uselargefiles=define usesocks=undef
    use64bitint=define use64bitall=define uselongdouble=undef
    usemymalloc=n, bincompat5005=undef
  Compiler:
    cc='cc', ccflags ='-D_REENTRANT -D_GNU_SOURCE -DTHREADS_HAVE_PIDS -fno-strict-aliasing -pipe -I/usr/local/include -D_LARGEFILE_SOURCE -D_FILE_OFFSET_BITS=64',
    optimize='-O2',
    cppflags='-D_REENTRANT -D_GNU_SOURCE -DTHREADS_HAVE_PIDS -fno-strict-aliasing -pipe -I/usr/local/include'
    ccversion='', gccversion='4.1.2 20061115 (prerelease) (Debian 4.1.1-21)', gccosandvers=''
    intsize=4, longsize=8, ptrsize=8, doublesize=8, byteorder=12345678
    d_longlong=define, longlongsize=8, d_longdbl=define, longdblsize=16
    ivtype='long', ivsize=8, nvtype='double', nvsize=8, Off_t='off_t', lseeksize=8
    alignbytes=8, prototype=define
  Linker and Libraries:
    ld='cc', ldflags =' -L/usr/local/lib'
    libpth=/usr/local/lib /lib /usr/lib /lib64 /usr/lib64
    libs=-lnsl -lgdbm -ldb -ldl -lm -lcrypt -lutil -lpthread -lc
    perllibs=-lnsl -ldl -lm -lcrypt -lutil -lpthread -lc
    libc=/lib/libc-2.3.6.so, so=so, useshrplib=false, libperl=libperl.a
    gnulibc_version='2.3.6'
  Dynamic Linking:
    dlsrc=dl_dlopen.xs, dlext=so, d_dlsymun=undef, ccdlflags='-Wl,-E'
    cccdlflags='-fPIC', lddlflags='-shared -O2 -L/usr/local/lib'


Characteristics of this binary (from libperl): 
  Compile-time options: MULTIPLICITY PERL_IMPLICIT_CONTEXT PERL_MALLOC_WRAP
                        THREADS_HAVE_PIDS USE_64_BIT_ALL USE_64_BIT_INT
                        USE_FAST_STDIO USE_ITHREADS USE_LARGE_FILES
                        USE_PERLIO USE_REENTRANT_API
  Built under linux
  Compiled at Jan 17 2009 20:41:01
  %ENV:
    PERL="5.8.9"
    PERL5LIB=""
    PERL5OPT=""
    PERL5_CPANPLUS_IS_RUNNING="24819"
    PERL5_CPAN_IS_RUNNING="24819"
    PERLVER="5.8.9"
    PERL_INLINE_DIRECTORY="/home/david/.Inline-5.8.9"
    PERL_MM_USE_DEFAULT="1"
  @INC:
    /home/david/cpantesting/perl-5.8.9/lib/5.8.9/x86_64-linux-thread-multi
    /home/david/cpantesting/perl-5.8.9/lib/5.8.9
    /home/david/cpantesting/perl-5.8.9/lib/site_perl/5.8.9/x86_64-linux-thread-multi
    /home/david/cpantesting/perl-5.8.9/lib/site_perl/5.8.9
    .