Report for Pod-Tree-1.21

Back
From: metabase:user:30ae4450-2aae-11df-837a-5e0a49663a4f
Subject: FAIL Pod-Tree-1.21 v5.18.2 
Date: 2015-05-20T13:32:31Z

This distribution has been tested as part of the CPAN Testers
project, supporting the Perl programming language.  See
http://wiki.cpantesters.org/ for more information or email
questions to cpan-testers-discuss@perl.org


--
Dear Gabor Szabo,

This is a computer-generated report for Pod-Tree-1.21
on perl 5.18.2, created by CPAN-Reporter-1.2011.

Thank you for uploading your work to CPAN.  However, there was a problem
testing your distribution.

If you think this report is invalid, please consult the CPAN Testers Wiki
for suggestions on how to avoid getting FAIL reports for missing library
or binary dependencies, unsupported operating systems, and so on:

http://wiki.cpantesters.org/wiki/CPANAuthorNotes

Sections of this report:

    * Tester comments
    * Program output
    * Prerequisites
    * Environment and other context

------------------------------
TESTER COMMENTS
------------------------------

Additional comments from tester:

this report is from an automated smoke testing program
and was not reviewed by a human for accuracy

------------------------------
PROGRAM OUTPUT
------------------------------

Output from 'C:\strawberry182\c\bin\dmake.exe test':

C:\strawberry182\perl\bin\perl.exe "-MExtUtils::Command::MM" "-MTest::Harness" "-e" "undef *Test::Harness::Switches; test_harness(0, 'blib\lib', 'blib\arch')" t/*.t
Can't locate Pod/Tree/Stream.pm in @INC (you may need to install the Pod::Tree::Stream module) (@INC contains: C:\strawberry182\cpan\build\Pod-Tree-1.21-cVYcIb\blib\lib C:\strawberry182\cpan\build\Pod-Tree-1.21-cVYcIb\blib\arch C:\strawberry182\cpan\build\Path-Tiny-0.068-q0RYTY/blib/arch C:\strawberry182\cpan\build\Path-Tiny-0.068-q0RYTY/blib/lib C:\strawberry182\cpan\build\Path-Tiny-0.068-q0RYTY/blib/arch C:\strawberry182\cpan\build\Path-Tiny-0.068-q0RYTY/blib/lib C:/strawberry182/perl/site/lib C:/strawberry182/perl/vendor/lib C:/strawberry182/perl/lib .) at C:\strawberry182\cpan\build\Pod-Tree-1.21-cVYcIb\blib\lib/Pod/Tree.pm line 13.
BEGIN failed--compilation aborted at C:\strawberry182\cpan\build\Pod-Tree-1.21-cVYcIb\blib\lib/Pod/Tree.pm line 13.
Compilation failed in require at t/cut.t line 7.
BEGIN failed--compilation aborted at t/cut.t line 7.
t/cut.t ........ 
Dubious, test returned 2 (wstat 512, 0x200)
Failed 6/6 subtests 
Can't locate Pod/Tree/Stream.pm in @INC (you may need to install the Pod::Tree::Stream module) (@INC contains: C:\strawberry182\cpan\build\Pod-Tree-1.21-cVYcIb\blib\lib C:\strawberry182\cpan\build\Pod-Tree-1.21-cVYcIb\blib\arch C:\strawberry182\cpan\build\Path-Tiny-0.068-q0RYTY/blib/arch C:\strawberry182\cpan\build\Path-Tiny-0.068-q0RYTY/blib/lib C:\strawberry182\cpan\build\Path-Tiny-0.068-q0RYTY/blib/arch C:\strawberry182\cpan\build\Path-Tiny-0.068-q0RYTY/blib/lib C:/strawberry182/perl/site/lib C:/strawberry182/perl/vendor/lib C:/strawberry182/perl/lib .) at C:\strawberry182\cpan\build\Pod-Tree-1.21-cVYcIb\blib\lib/Pod/Tree.pm line 13.
BEGIN failed--compilation aborted at C:\strawberry182\cpan\build\Pod-Tree-1.21-cVYcIb\blib\lib/Pod/Tree.pm line 13.
Compilation failed in require at t/html.t line 7.
BEGIN failed--compilation aborted at t/html.t line 7.
t/html.t ....... 
Dubious, test returned 2 (wstat 512, 0x200)
No subtests run 
Can't locate Pod/Tree/Stream.pm in @INC (you may need to install the Pod::Tree::Stream module) (@INC contains: C:\strawberry182\cpan\build\Pod-Tree-1.21-cVYcIb\blib\lib C:\strawberry182\cpan\build\Pod-Tree-1.21-cVYcIb\blib\arch C:\strawberry182\cpan\build\Path-Tiny-0.068-q0RYTY/blib/arch C:\strawberry182\cpan\build\Path-Tiny-0.068-q0RYTY/blib/lib C:\strawberry182\cpan\build\Path-Tiny-0.068-q0RYTY/blib/arch C:\strawberry182\cpan\build\Path-Tiny-0.068-q0RYTY/blib/lib C:/strawberry182/perl/site/lib C:/strawberry182/perl/vendor/lib C:/strawberry182/perl/lib .) at C:\strawberry182\cpan\build\Pod-Tree-1.21-cVYcIb\blib\lib/Pod/Tree.pm line 13.
BEGIN failed--compilation aborted at C:\strawberry182\cpan\build\Pod-Tree-1.21-cVYcIb\blib\lib/Pod/Tree.pm line 13.
Compilation failed in require at t/load.t line 7.
BEGIN failed--compilation aborted at t/load.t line 7.
t/load.t ....... 
Dubious, test returned 2 (wstat 512, 0x200)
Failed 3/3 subtests 
Can't locate Pod/Tree/Stream.pm in @INC (you may need to install the Pod::Tree::Stream module) (@INC contains: C:\strawberry182\cpan\build\Pod-Tree-1.21-cVYcIb\blib\lib C:\strawberry182\cpan\build\Pod-Tree-1.21-cVYcIb\blib\arch C:\strawberry182\cpan\build\Path-Tiny-0.068-q0RYTY/blib/arch C:\strawberry182\cpan\build\Path-Tiny-0.068-q0RYTY/blib/lib C:\strawberry182\cpan\build\Path-Tiny-0.068-q0RYTY/blib/arch C:\strawberry182\cpan\build\Path-Tiny-0.068-q0RYTY/blib/lib C:/strawberry182/perl/site/lib C:/strawberry182/perl/vendor/lib C:/strawberry182/perl/lib .) at C:\strawberry182\cpan\build\Pod-Tree-1.21-cVYcIb\blib\lib/Pod/Tree.pm line 13.
BEGIN failed--compilation aborted at C:\strawberry182\cpan\build\Pod-Tree-1.21-cVYcIb\blib\lib/Pod/Tree.pm line 13.
Compilation failed in require at t/mapper.t line 7.
BEGIN failed--compilation aborted at t/mapper.t line 7.
t/mapper.t ..... 
Dubious, test returned 2 (wstat 512, 0x200)
Failed 18/18 subtests 
Can't locate Pod/Tree/Stream.pm in @INC (you may need to install the Pod::Tree::Stream module) (@INC contains: C:\strawberry182\cpan\build\Pod-Tree-1.21-cVYcIb\blib\lib C:\strawberry182\cpan\build\Pod-Tree-1.21-cVYcIb\blib\arch C:\strawberry182\cpan\build\Path-Tiny-0.068-q0RYTY/blib/arch C:\strawberry182\cpan\build\Path-Tiny-0.068-q0RYTY/blib/lib C:\strawberry182\cpan\build\Path-Tiny-0.068-q0RYTY/blib/arch C:\strawberry182\cpan\build\Path-Tiny-0.068-q0RYTY/blib/lib C:/strawberry182/perl/site/lib C:/strawberry182/perl/vendor/lib C:/strawberry182/perl/lib .) at C:\strawberry182\cpan\build\Pod-Tree-1.21-cVYcIb\blib\lib/Pod/Tree.pm line 13.
BEGIN failed--compilation aborted at C:\strawberry182\cpan\build\Pod-Tree-1.21-cVYcIb\blib\lib/Pod/Tree.pm line 13.
Compilation failed in require at t/option.t line 7.
BEGIN failed--compilation aborted at t/option.t line 7.
t/option.t ..... 
Dubious, test returned 2 (wstat 512, 0x200)
Failed 8/8 subtests 
Can't locate Pod/Tree/Stream.pm in @INC (you may need to install the Pod::Tree::Stream module) (@INC contains: C:\strawberry182\cpan\build\Pod-Tree-1.21-cVYcIb\blib\lib C:\strawberry182\cpan\build\Pod-Tree-1.21-cVYcIb\blib\arch C:\strawberry182\cpan\build\Path-Tiny-0.068-q0RYTY/blib/arch C:\strawberry182\cpan\build\Path-Tiny-0.068-q0RYTY/blib/lib C:\strawberry182\cpan\build\Path-Tiny-0.068-q0RYTY/blib/arch C:\strawberry182\cpan\build\Path-Tiny-0.068-q0RYTY/blib/lib C:/strawberry182/perl/site/lib C:/strawberry182/perl/vendor/lib C:/strawberry182/perl/lib .) at C:\strawberry182\cpan\build\Pod-Tree-1.21-cVYcIb\blib\lib/Pod/Tree.pm line 13.
BEGIN failed--compilation aborted at C:\strawberry182\cpan\build\Pod-Tree-1.21-cVYcIb\blib\lib/Pod/Tree.pm line 13.
Compilation failed in require at t/pod.t line 6.
BEGIN failed--compilation aborted at t/pod.t line 6.
t/pod.t ........ 
Dubious, test returned 2 (wstat 512, 0x200)
Failed 6/6 subtests 
Can't locate Pod/Tree/Stream.pm in @INC (you may need to install the Pod::Tree::Stream module) (@INC contains: C:\strawberry182\cpan\build\Pod-Tree-1.21-cVYcIb\blib\lib C:\strawberry182\cpan\build\Pod-Tree-1.21-cVYcIb\blib\arch C:\strawberry182\cpan\build\Path-Tiny-0.068-q0RYTY/blib/arch C:\strawberry182\cpan\build\Path-Tiny-0.068-q0RYTY/blib/lib C:\strawberry182\cpan\build\Path-Tiny-0.068-q0RYTY/blib/arch C:\strawberry182\cpan\build\Path-Tiny-0.068-q0RYTY/blib/lib C:/strawberry182/perl/site/lib C:/strawberry182/perl/vendor/lib C:/strawberry182/perl/lib .) at C:\strawberry182\cpan\build\Pod-Tree-1.21-cVYcIb\blib\lib/Pod/Tree.pm line 13.
BEGIN failed--compilation aborted at C:\strawberry182\cpan\build\Pod-Tree-1.21-cVYcIb\blib\lib/Pod/Tree.pm line 13.
Compilation failed in require at C:\strawberry182\cpan\build\Pod-Tree-1.21-cVYcIb\blib\lib/Pod/Tree/HTML.pm line 12.
BEGIN failed--compilation aborted at C:\strawberry182\cpan\build\Pod-Tree-1.21-cVYcIb\blib\lib/Pod/Tree/HTML.pm line 12.
Compilation failed in require at blib/script/podtree2html line 6.
BEGIN failed--compilation aborted at blib/script/podtree2html line 6.
Can't open t/pod2html.d/cut.html: No such file or directory
# Looks like your test exited with 2 before it could output anything.
t/pod2html.t ... 
Dubious, test returned 2 (wstat 512, 0x200)
Failed 18/18 subtests 
Can't locate Pod/Tree/Stream.pm in @INC (you may need to install the Pod::Tree::Stream module) (@INC contains: C:\strawberry182\cpan\build\Pod-Tree-1.21-cVYcIb\blib\lib C:\strawberry182\cpan\build\Pod-Tree-1.21-cVYcIb\blib\arch C:\strawberry182\cpan\build\Path-Tiny-0.068-q0RYTY/blib/arch C:\strawberry182\cpan\build\Path-Tiny-0.068-q0RYTY/blib/lib C:\strawberry182\cpan\build\Path-Tiny-0.068-q0RYTY/blib/arch C:\strawberry182\cpan\build\Path-Tiny-0.068-q0RYTY/blib/lib C:/strawberry182/perl/site/lib C:/strawberry182/perl/vendor/lib C:/strawberry182/perl/lib .) at C:\strawberry182\cpan\build\Pod-Tree-1.21-cVYcIb\blib\lib/Pod/Tree.pm line 13.
BEGIN failed--compilation aborted at C:\strawberry182\cpan\build\Pod-Tree-1.21-cVYcIb\blib\lib/Pod/Tree.pm line 13.
Compilation failed in require at C:\strawberry182\cpan\build\Pod-Tree-1.21-cVYcIb\blib\lib/Pod/Tree/HTML.pm line 12.
BEGIN failed--compilation aborted at C:\strawberry182\cpan\build\Pod-Tree-1.21-cVYcIb\blib\lib/Pod/Tree/HTML.pm line 12.
Compilation failed in require at blib/script/pods2html line 10.
BEGIN failed--compilation aborted at blib/script/pods2html line 10.
Can't opendir t/pods2html.d/html_act: No such file or directory

#   Failed test at t/pods2html.t line 22.
Can't locate Pod/Tree/Stream.pm in @INC (you may need to install the Pod::Tree::Stream module) (@INC contains: C:\strawberry182\cpan\build\Pod-Tree-1.21-cVYcIb\blib\lib C:\strawberry182\cpan\build\Pod-Tree-1.21-cVYcIb\blib\arch C:\strawberry182\cpan\build\Path-Tiny-0.068-q0RYTY/blib/arch C:\strawberry182\cpan\build\Path-Tiny-0.068-q0RYTY/blib/lib C:\strawberry182\cpan\build\Path-Tiny-0.068-q0RYTY/blib/arch C:\strawberry182\cpan\build\Path-Tiny-0.068-q0RYTY/blib/lib C:/strawberry182/perl/site/lib C:/strawberry182/perl/vendor/lib C:/strawberry182/perl/lib .) at C:\strawberry182\cpan\build\Pod-Tree-1.21-cVYcIb\blib\lib/Pod/Tree.pm line 13.
BEGIN failed--compilation aborted at C:\strawberry182\cpan\build\Pod-Tree-1.21-cVYcIb\blib\lib/Pod/Tree.pm line 13.
Compilation failed in require at C:\strawberry182\cpan\build\Pod-Tree-1.21-cVYcIb\blib\lib/Pod/Tree/HTML.pm line 12.
BEGIN failed--compilation aborted at C:\strawberry182\cpan\build\Pod-Tree-1.21-cVYcIb\blib\lib/Pod/Tree/HTML.pm line 12.
Compilation failed in require at blib/script/pods2html line 10.
BEGIN failed--compilation aborted at blib/script/pods2html line 10.
Can't opendir t/pods2html.d/html_act_t: No such file or directory

#   Failed test at t/pods2html.t line 26.
Can't locate Pod/Tree/Stream.pm in @INC (you may need to install the Pod::Tree::Stream module) (@INC contains: C:\strawberry182\cpan\build\Pod-Tree-1.21-cVYcIb\blib\lib C:\strawberry182\cpan\build\Pod-Tree-1.21-cVYcIb\blib\arch C:\strawberry182\cpan\build\Path-Tiny-0.068-q0RYTY/blib/arch C:\strawberry182\cpan\build\Path-Tiny-0.068-q0RYTY/blib/lib C:\strawberry182\cpan\build\Path-Tiny-0.068-q0RYTY/blib/arch C:\strawberry182\cpan\build\Path-Tiny-0.068-q0RYTY/blib/lib C:/strawberry182/perl/site/lib C:/strawberry182/perl/vendor/lib C:/strawberry182/perl/lib .) at C:\strawberry182\cpan\build\Pod-Tree-1.21-cVYcIb\blib\lib/Pod/Tree.pm line 13.
BEGIN failed--compilation aborted at C:\strawberry182\cpan\build\Pod-Tree-1.21-cVYcIb\blib\lib/Pod/Tree.pm line 13.
Compilation failed in require at C:\strawberry182\cpan\build\Pod-Tree-1.21-cVYcIb\blib\lib/Pod/Tree/HTML.pm line 12.
BEGIN failed--compilation aborted at C:\strawberry182\cpan\build\Pod-Tree-1.21-cVYcIb\blib\lib/Pod/Tree/HTML.pm line 12.
Compilation failed in require at blib/script/pods2html line 10.
BEGIN failed--compilation aborted at blib/script/pods2html line 10.
Can't opendir t/pods2html.d/html_act_tv: No such file or directory

#   Failed test at t/pods2html.t line 30.
Can't locate Pod/Tree/Stream.pm in @INC (you may need to install the Pod::Tree::Stream module) (@INC contains: C:\strawberry182\cpan\build\Pod-Tree-1.21-cVYcIb\blib\lib C:\strawberry182\cpan\build\Pod-Tree-1.21-cVYcIb\blib\arch C:\strawberry182\cpan\build\Path-Tiny-0.068-q0RYTY/blib/arch C:\strawberry182\cpan\build\Path-Tiny-0.068-q0RYTY/blib/lib C:\strawberry182\cpan\build\Path-Tiny-0.068-q0RYTY/blib/arch C:\strawberry182\cpan\build\Path-Tiny-0.068-q0RYTY/blib/lib C:/strawberry182/perl/site/lib C:/strawberry182/perl/vendor/lib C:/strawberry182/perl/lib .) at C:\strawberry182\cpan\build\Pod-Tree-1.21-cVYcIb\blib\lib/Pod/Tree.pm line 13.
BEGIN failed--compilation aborted at C:\strawberry182\cpan\build\Pod-Tree-1.21-cVYcIb\blib\lib/Pod/Tree.pm line 13.
Compilation failed in require at C:\strawberry182\cpan\build\Pod-Tree-1.21-cVYcIb\blib\lib/Pod/Tree/HTML.pm line 12.
BEGIN failed--compilation aborted at C:\strawberry182\cpan\build\Pod-Tree-1.21-cVYcIb\blib\lib/Pod/Tree/HTML.pm line 12.
Compilation failed in require at blib/script/pods2html line 10.
BEGIN failed--compilation aborted at blib/script/pods2html line 10.
Can't opendir t/pods2html.d/html_act: No such file or directory

#   Failed test at t/pods2html.t line 38.
Can't locate Pod/Tree/Stream.pm in @INC (you may need to install the Pod::Tree::Stream module) (@INC contains: C:\strawberry182\cpan\build\Pod-Tree-1.21-cVYcIb\blib\lib C:\strawberry182\cpan\build\Pod-Tree-1.21-cVYcIb\blib\arch C:\strawberry182\cpan\build\Path-Tiny-0.068-q0RYTY/blib/arch C:\strawberry182\cpan\build\Path-Tiny-0.068-q0RYTY/blib/lib C:\strawberry182\cpan\build\Path-Tiny-0.068-q0RYTY/blib/arch C:\strawberry182\cpan\build\Path-Tiny-0.068-q0RYTY/blib/lib C:/strawberry182/perl/site/lib C:/strawberry182/perl/vendor/lib C:/strawberry182/perl/lib .) at C:\strawberry182\cpan\build\Pod-Tree-1.21-cVYcIb\blib\lib/Pod/Tree.pm line 13.
BEGIN failed--compilation aborted at C:\strawberry182\cpan\build\Pod-Tree-1.21-cVYcIb\blib\lib/Pod/Tree.pm line 13.
Compilation failed in require at C:\strawberry182\cpan\build\Pod-Tree-1.21-cVYcIb\blib\lib/Pod/Tree/HTML.pm line 12.
BEGIN failed--compilation aborted at C:\strawberry182\cpan\build\Pod-Tree-1.21-cVYcIb\blib\lib/Pod/Tree/HTML.pm line 12.
Compilation failed in require at blib/script/pods2html line 10.
BEGIN failed--compilation aborted at blib/script/pods2html line 10.
Can't opendir t/pods2html.d/html_act: No such file or directory

#   Failed test at t/pods2html.t line 42.
Can't locate Pod/Tree/Stream.pm in @INC (you may need to install the Pod::Tree::Stream module) (@INC contains: C:\strawberry182\cpan\build\Pod-Tree-1.21-cVYcIb\blib\lib C:\strawberry182\cpan\build\Pod-Tree-1.21-cVYcIb\blib\arch C:\strawberry182\cpan\build\Path-Tiny-0.068-q0RYTY/blib/arch C:\strawberry182\cpan\build\Path-Tiny-0.068-q0RYTY/blib/lib C:\strawberry182\cpan\build\Path-Tiny-0.068-q0RYTY/blib/arch C:\strawberry182\cpan\build\Path-Tiny-0.068-q0RYTY/blib/lib C:/strawberry182/perl/site/lib C:/strawberry182/perl/vendor/lib C:/strawberry182/perl/lib .) at C:\strawberry182\cpan\build\Pod-Tree-1.21-cVYcIb\blib\lib/Pod/Tree.pm line 13.
BEGIN failed--compilation aborted at C:\strawberry182\cpan\build\Pod-Tree-1.21-cVYcIb\blib\lib/Pod/Tree.pm line 13.
Compilation failed in require at C:\strawberry182\cpan\build\Pod-Tree-1.21-cVYcIb\blib\lib/Pod/Tree/HTML.pm line 12.
BEGIN failed--compilation aborted at C:\strawberry182\cpan\build\Pod-Tree-1.21-cVYcIb\blib\lib/Pod/Tree/HTML.pm line 12.
Compilation failed in require at blib/script/pods2html line 10.
BEGIN failed--compilation aborted at blib/script/pods2html line 10.
Can't opendir t/pods2html.d/A/B/C: No such file or directory

#   Failed test at t/pods2html.t line 50.
Can't locate Pod/Tree/Stream.pm in @INC (you may need to install the Pod::Tree::Stream module) (@INC contains: C:\strawberry182\cpan\build\Pod-Tree-1.21-cVYcIb\blib\lib C:\strawberry182\cpan\build\Pod-Tree-1.21-cVYcIb\blib\arch C:\strawberry182\cpan\build\Path-Tiny-0.068-q0RYTY/blib/arch C:\strawberry182\cpan\build\Path-Tiny-0.068-q0RYTY/blib/lib C:\strawberry182\cpan\build\Path-Tiny-0.068-q0RYTY/blib/arch C:\strawberry182\cpan\build\Path-Tiny-0.068-q0RYTY/blib/lib C:/strawberry182/perl/site/lib C:/strawberry182/perl/vendor/lib C:/strawberry182/perl/lib .) at C:\strawberry182\cpan\build\Pod-Tree-1.21-cVYcIb\blib\lib/Pod/Tree.pm line 13.
BEGIN failed--compilation aborted at C:\strawberry182\cpan\build\Pod-Tree-1.21-cVYcIb\blib\lib/Pod/Tree.pm line 13.
Compilation failed in require at C:\strawberry182\cpan\build\Pod-Tree-1.21-cVYcIb\blib\lib/Pod/Tree/HTML.pm line 12.
BEGIN failed--compilation aborted at C:\strawberry182\cpan\build\Pod-Tree-1.21-cVYcIb\blib\lib/Pod/Tree/HTML.pm line 12.
Compilation failed in require at blib/script/pods2html line 10.
BEGIN failed--compilation aborted at blib/script/pods2html line 10.
Different names: t/pods2html.d/podR_exp t/pods2html.d/podR

#   Failed test at t/pods2html.t line 60.
Can't locate Pod/Tree/Stream.pm in @INC (you may need to install the Pod::Tree::Stream module) (@INC contains: C:\strawberry182\cpan\build\Pod-Tree-1.21-cVYcIb\blib\lib C:\strawberry182\cpan\build\Pod-Tree-1.21-cVYcIb\blib\arch C:\strawberry182\cpan\build\Path-Tiny-0.068-q0RYTY/blib/arch C:\strawberry182\cpan\build\Path-Tiny-0.068-q0RYTY/blib/lib C:\strawberry182\cpan\build\Path-Tiny-0.068-q0RYTY/blib/arch C:\strawberry182\cpan\build\Path-Tiny-0.068-q0RYTY/blib/lib C:/strawberry182/perl/site/lib C:/strawberry182/perl/vendor/lib C:/strawberry182/perl/lib .) at C:\strawberry182\cpan\build\Pod-Tree-1.21-cVYcIb\blib\lib/Pod/Tree.pm line 13.
BEGIN failed--compilation aborted at C:\strawberry182\cpan\build\Pod-Tree-1.21-cVYcIb\blib\lib/Pod/Tree.pm line 13.
Compilation failed in require at C:\strawberry182\cpan\build\Pod-Tree-1.21-cVYcIb\blib\lib/Pod/Tree/HTML.pm line 12.
BEGIN failed--compilation aborted at C:\strawberry182\cpan\build\Pod-Tree-1.21-cVYcIb\blib\lib/Pod/Tree/HTML.pm line 12.
Compilation failed in require at blib/script/pods2html line 10.
BEGIN failed--compilation aborted at blib/script/pods2html line 10.
Different names: t/pods2html.d/podR_exp t/pods2html.d/podR

#   Failed test at t/pods2html.t line 62.
# Looks like you failed 8 tests of 8.
t/pods2html.t .. 
Dubious, test returned 8 (wstat 2048, 0x800)
Failed 8/8 subtests 
Can't locate Pod/Tree/Stream.pm in @INC (you may need to install the Pod::Tree::Stream module) (@INC contains: C:\strawberry182\cpan\build\Pod-Tree-1.21-cVYcIb\blib\lib C:\strawberry182\cpan\build\Pod-Tree-1.21-cVYcIb\blib\arch C:\strawberry182\cpan\build\Path-Tiny-0.068-q0RYTY/blib/arch C:\strawberry182\cpan\build\Path-Tiny-0.068-q0RYTY/blib/lib C:\strawberry182\cpan\build\Path-Tiny-0.068-q0RYTY/blib/arch C:\strawberry182\cpan\build\Path-Tiny-0.068-q0RYTY/blib/lib C:/strawberry182/perl/site/lib C:/strawberry182/perl/vendor/lib C:/strawberry182/perl/lib .) at C:\strawberry182\cpan\build\Pod-Tree-1.21-cVYcIb\blib\lib/Pod/Tree.pm line 13.
BEGIN failed--compilation aborted at C:\strawberry182\cpan\build\Pod-Tree-1.21-cVYcIb\blib\lib/Pod/Tree.pm line 13.
Compilation failed in require at t/template.t line 7.
BEGIN failed--compilation aborted at t/template.t line 7.
t/template.t ... 
Dubious, test returned 2 (wstat 512, 0x200)
Failed 12/12 subtests 
Can't locate Pod/Tree/Stream.pm in @INC (you may need to install the Pod::Tree::Stream module) (@INC contains: C:\strawberry182\cpan\build\Pod-Tree-1.21-cVYcIb\blib\lib C:\strawberry182\cpan\build\Pod-Tree-1.21-cVYcIb\blib\arch C:\strawberry182\cpan\build\Path-Tiny-0.068-q0RYTY/blib/arch C:\strawberry182\cpan\build\Path-Tiny-0.068-q0RYTY/blib/lib C:\strawberry182\cpan\build\Path-Tiny-0.068-q0RYTY/blib/arch C:\strawberry182\cpan\build\Path-Tiny-0.068-q0RYTY/blib/lib C:/strawberry182/perl/site/lib C:/strawberry182/perl/vendor/lib C:/strawberry182/perl/lib .) at C:\strawberry182\cpan\build\Pod-Tree-1.21-cVYcIb\blib\lib/Pod/Tree.pm line 13.
BEGIN failed--compilation aborted at C:\strawberry182\cpan\build\Pod-Tree-1.21-cVYcIb\blib\lib/Pod/Tree.pm line 13.
Compilation failed in require at t/tree.t line 5.
BEGIN failed--compilation aborted at t/tree.t line 5.
t/tree.t ....... 
Dubious, test returned 2 (wstat 512, 0x200)
Failed 9/9 subtests 

Test Summary Report
-------------------
t/cut.t      (Wstat: 512 Tests: 0 Failed: 0)
  Non-zero exit status: 2
  Parse errors: Bad plan.  You planned 6 tests but ran 0.
t/html.t     (Wstat: 512 Tests: 0 Failed: 0)
  Non-zero exit status: 2
  Parse errors: No plan found in TAP output
t/load.t     (Wstat: 512 Tests: 0 Failed: 0)
  Non-zero exit status: 2
  Parse errors: Bad plan.  You planned 3 tests but ran 0.
t/mapper.t   (Wstat: 512 Tests: 0 Failed: 0)
  Non-zero exit status: 2
  Parse errors: Bad plan.  You planned 18 tests but ran 0.
t/option.t   (Wstat: 512 Tests: 0 Failed: 0)
  Non-zero exit status: 2
  Parse errors: Bad plan.  You planned 8 tests but ran 0.
t/pod.t      (Wstat: 512 Tests: 0 Failed: 0)
  Non-zero exit status: 2
  Parse errors: Bad plan.  You planned 6 tests but ran 0.
t/pod2html.t (Wstat: 512 Tests: 0 Failed: 0)
  Non-zero exit status: 2
  Parse errors: Bad plan.  You planned 18 tests but ran 0.
t/pods2html.t (Wstat: 2048 Tests: 8 Failed: 8)
  Failed tests:  1-8
  Non-zero exit status: 8
t/template.t (Wstat: 512 Tests: 0 Failed: 0)
  Non-zero exit status: 2
  Parse errors: Bad plan.  You planned 12 tests but ran 0.
t/tree.t     (Wstat: 512 Tests: 0 Failed: 0)
  Non-zero exit status: 2
  Parse errors: Bad plan.  You planned 9 tests but ran 0.
Files=10, Tests=8,  3 wallclock secs ( 0.04 usr +  0.07 sys =  0.11 CPU)
Result: FAIL
Failed 10/10 test programs. 8/8 subtests failed.
dmake.exe:  Error code 130, while making 'test_dynamic'

------------------------------
PREREQUISITES
------------------------------

Prerequisite modules loaded:

requires:

    Module              Need  Have    
    ------------------- ----- --------
    File::Find          1     1.23    
    HTML::Stream        1.49  1.60    
    IO::File            1     1.16    
    IO::String          1     1.08    
    Path::Tiny          0.068 0.068   
    Pod::Escapes        1.02  1.04    
    Test::Compile       0     0.24    
    Test::More          1     1.001002
    Text::Template      1     1.46    

build_requires:

    Module              Need  Have    
    ------------------- ----- --------
    ExtUtils::MakeMaker 0     6.84    

configure_requires:

    Module              Need  Have    
    ------------------- ----- --------
    ExtUtils::MakeMaker 0     6.84    


------------------------------
ENVIRONMENT AND OTHER CONTEXT
------------------------------

Environment variables:

    AUTOMATED_TESTING = 1
    COMSPEC = C:\WINDOWS\system32\cmd.exe
    NUMBER_OF_PROCESSORS = 1
    PATH = C:\Program Files\Far Manager\;C:\WINDOWS\system32;C:\WINDOWS;C:\WINDOWS\System32\Wbem;C:\strawberry182\c\bin;C:\strawberry182\perl\site\bin;C:\strawberry182\perl\bin
    PERL5LIB = C:\strawberry182\cpan\build\Path-Tiny-0.068-q0RYTY/blib/arch;C:\strawberry182\cpan\build\Path-Tiny-0.068-q0RYTY/blib/lib
    PERL5OPT = 
    PERL5_CPANPLUS_IS_RUNNING = 1884
    PERL5_CPAN_IS_RUNNING = 1884
    PERL5_CPAN_IS_RUNNING_IN_RECURSION = 1532,1884
    PERL_CR_SMOKER_CURRENT = Pod-Tree-1.21
    PERL_CR_SMOKER_RUNONCE = 1
    PERL_EXTUTILS_AUTOINSTALL = --defaultdeps
    PERL_HASH_SEED = 0x11111111
    PERL_MM_USE_DEFAULT = 1
    PROCESSOR_IDENTIFIER = x86 Family 16 Model 5 Stepping 3, AuthenticAMD
    TEMP = C:\DOCUME~1\c\LOCALS~1\Temp
    TERM = dumb

Perl special variables (and OS-specific diagnostics, for MSWin32):

    $^X = C:\strawberry182\perl\bin\perl.exe
    $UID/$EUID = 0 / 0
    $GID = 0
    $EGID = 0
    Win32::GetOSName = WinXP/.Net
    Win32::GetOSVersion = Service Pack 3, 5, 1, 2600, 2, 3, 0, 256, 1
    Win32::FsType = NTFS
    Win32::IsAdminUser = 1

Perl module toolchain versions installed:

    Module              Have    
    ------------------- --------
    CPAN                2.00    
    CPAN::Meta          2.133380
    Cwd                 3.40    
    ExtUtils::CBuilder  0.280212
    ExtUtils::Command   1.18    
    ExtUtils::Install   1.59    
    ExtUtils::MakeMaker 6.84    
    ExtUtils::Manifest  1.63    
    ExtUtils::ParseXS   3.22    
    File::Spec          3.40    
    JSON                2.90    
    JSON::PP            2.27203 
    Module::Build       0.4203  
    Module::Signature   n/a     
    Parse::CPAN::Meta   1.4414  
    Test::Harness       3.30    
    Test::More          1.001002
    YAML                0.90    
    YAML::Syck          1.27    
    version             0.9904  


--

Summary of my perl5 (revision 5 version 18 subversion 2) configuration:
   
  Platform:
    osname=MSWin32, osvers=6.2, archname=MSWin32-x86-multi-thread
    uname='Win32 strawberry-perl-no64 5.18.2.1 #1 Tue Jan  7 19:43:33 2014 i386'
    config_args='undef'
    hint=recommended, useposix=true, d_sigaction=undef
    useithreads=define, usemultiplicity=define
    useperlio=define, d_sfio=undef, uselargefiles=define, usesocks=undef
    use64bitint=undef, use64bitall=undef, uselongdouble=undef
    usemymalloc=n, bincompat5005=undef
  Compiler:
    cc='gcc', ccflags =' -s -O2 -DWIN32  -DPERL_TEXTMODE_SCRIPTS -DPERL_IMPLICIT_CONTEXT -DPERL_IMPLICIT_SYS -DUSE_PERLIO -fno-strict-aliasing -mms-bitfields',
    optimize='-s -O2',
    cppflags='-DWIN32'
    ccversion='', gccversion='4.7.3', gccosandvers=''
    intsize=4, longsize=4, ptrsize=4, doublesize=8, byteorder=1234
    d_longlong=define, longlongsize=8, d_longdbl=define, longdblsize=12
    ivtype='long', ivsize=4, nvtype='double', nvsize=8, Off_t='long long', lseeksize=8
    alignbytes=8, prototype=define
  Linker and Libraries:
    ld='g++', ldflags ='-s -L"C:\strawberry182\perl\lib\CORE" -L"C:\strawberry182\c\lib"'
    libpth=C:\strawberry182\c\lib C:\strawberry182\c\i686-w64-mingw32\lib C:\strawberry182\c\lib\gcc\i686-w64-mingw32\4.7.3
    libs=-lmoldname -lkernel32 -luser32 -lgdi32 -lwinspool -lcomdlg32 -ladvapi32 -lshell32 -lole32 -loleaut32 -lnetapi32 -luuid -lws2_32 -lmpr -lwinmm -lversion -lodbc32 -lodbccp32 -lcomctl32
    perllibs=-lmoldname -lkernel32 -luser32 -lgdi32 -lwinspool -lcomdlg32 -ladvapi32 -lshell32 -lole32 -loleaut32 -lnetapi32 -luuid -lws2_32 -lmpr -lwinmm -lversion -lodbc32 -lodbccp32 -lcomctl32
    libc=, so=dll, useshrplib=true, libperl=libperl518.a
    gnulibc_version=''
  Dynamic Linking:
    dlsrc=dl_win32.xs, dlext=dll, d_dlsymun=undef, ccdlflags=' '
    cccdlflags=' ', lddlflags='-mdll -s -L"C:\strawberry182\perl\lib\CORE" -L"C:\strawberry182\c\lib"'


Characteristics of this binary (from libperl): 
  Compile-time options: HAS_TIMES HAVE_INTERP_INTERN MULTIPLICITY
                        PERLIO_LAYERS PERL_DONT_CREATE_GVSV
                        PERL_HASH_FUNC_ONE_AT_A_TIME_HARD
                        PERL_IMPLICIT_CONTEXT PERL_IMPLICIT_SYS
                        PERL_MALLOC_WRAP PERL_PRESERVE_IVUV PERL_SAWAMPERSAND
                        USE_ITHREADS USE_LARGE_FILES USE_LOCALE
                        USE_LOCALE_COLLATE USE_LOCALE_CTYPE
                        USE_LOCALE_NUMERIC USE_PERLIO USE_PERL_ATOF
  Built under MSWin32
  Compiled at Jan  7 2014 19:51:54
  %ENV:
    PERL5LIB="C:\strawberry182\cpan\build\Path-Tiny-0.068-q0RYTY/blib/arch;C:\strawberry182\cpan\build\Path-Tiny-0.068-q0RYTY/blib/lib"
    PERL5_CPANPLUS_IS_RUNNING="1884"
    PERL5_CPAN_IS_RUNNING="1884"
    PERL5_CPAN_IS_RUNNING_IN_RECURSION="1532,1884"
    PERL_CR_SMOKER_CURRENT="Pod-Tree-1.21"
    PERL_CR_SMOKER_RUNONCE="1"
    PERL_EXTUTILS_AUTOINSTALL="--defaultdeps"
    PERL_HASH_SEED="0x11111111"
    PERL_MM_USE_DEFAULT="1"
  @INC:
    C:\strawberry182\cpan\build\Path-Tiny-0.068-q0RYTY/blib/arch
    C:\strawberry182\cpan\build\Path-Tiny-0.068-q0RYTY/blib/lib
    C:/strawberry182/perl/site/lib
    C:/strawberry182/perl/vendor/lib
    C:/strawberry182/perl/lib
    .