Report for CGI-Untaint-CountyStateProvince-US-0.03

Back
From: metabase:user:30f4dfbe-2aae-11df-837a-5e0a49663a4f
Subject: FAIL CGI-Untaint-CountyStateProvince-US-0.03 5.8.5 Mac OS X
Date: 2017-10-17T21:10:44Z

This distribution has been tested as part of the CPAN Testers
project, supporting the Perl programming language.  See
http://wiki.cpantesters.org/ for more information or email
questions to cpan-testers-discuss@perl.org


--
Dear Nigel Horne,

This is a computer-generated report for CGI-Untaint-CountyStateProvince-US-0.03
on perl 5.8.5, created by CPAN-Reporter-1.2018.

Thank you for uploading your work to CPAN.  However, there was a problem
testing your distribution.

If you think this report is invalid, please consult the CPAN Testers Wiki
for suggestions on how to avoid getting FAIL reports for missing library
or binary dependencies, unsupported operating systems, and so on:

http://wiki.cpantesters.org/wiki/CPANAuthorNotes

Sections of this report:

    * Tester comments
    * Program output
    * Prerequisites
    * Environment and other context

------------------------------
TESTER COMMENTS
------------------------------

Additional comments from tester:

this report is from an automated smoke testing program
and was not reviewed by a human for accuracy

------------------------------
PROGRAM OUTPUT
------------------------------

Output from '/sw/bin/make test':

PERL_DL_NONLAZY=1 "/Users/hornenj/perl5/perlbrew/perls/perl-5.8.5/bin/perl" "-MExtUtils::Command::MM" "-MTest::Harness" "-e" "undef *Test::Harness::Switches; test_harness(0, 'blib/lib', 'blib/arch')" t/*.t
# Testing CGI::Untaint::CountyStateProvince::US 0.03, Perl 5.008005, /Users/hornenj/perl5/perlbrew/perls/perl-5.8.5/bin/perl
t/00-load.t ... ok
t/boiler.t .... ok
t/coverage.t .. ok
t/critic.t .... skipped: Author tests not required for installation
t/csp-us.t .... ok
t/cv.t ........ skipped: Author tests not required for installation
t/gv.t ........ skipped: Author tests not required for installation
t/kwalitee.t .. skipped: Author tests not required for installation
t/manifest.t .. skipped: Author tests not required for installation
t/metrics.t ... skipped: Author tests not required for installation
t/noplan.t .... skipped: Author tests not required for installation

#   Failed test 'Spelling test for blib/lib/CGI/Untaint/CountyStateProvince/US.pm'
#   at /Users/hornenj/perl5/perlbrew/perls/perl-5.8.5/lib/site_perl/5.8.5/Test/Pod/Spelling/CommonMistakes.pm line 45.
# Error: Unable to parse 'blib/lib/CGI/Untaint/CountyStateProvince/US.pm' - File::Spec version 3.4 required--this is only version 3.2701 at /Users/hornenj/perl5/perlbrew/perls/perl-5.8.5/lib/site_perl/5.8.5/Path/Tiny.pm line 13.
# BEGIN failed--compilation aborted at /Users/hornenj/perl5/perlbrew/perls/perl-5.8.5/lib/site_perl/5.8.5/Path/Tiny.pm line 13.
# Compilation failed in require at /Users/hornenj/perl5/perlbrew/perls/perl-5.8.5/lib/site_perl/5.8.5/Pod/Wordlist.pm line 12.
# BEGIN failed--compilation aborted at /Users/hornenj/perl5/perlbrew/perls/perl-5.8.5/lib/site_perl/5.8.5/Pod/Wordlist.pm line 12.
# Compilation failed in require at /Users/hornenj/perl5/perlbrew/perls/perl-5.8.5/lib/site_perl/5.8.5/Pod/Spell.pm line 15.
# Looks like you failed 1 test of 1.
t/pod-cm.t .... 
Dubious, test returned 1 (wstat 256, 0x100)
Failed 1/1 subtests 
t/pod.t ....... ok
t/port.t ...... ok
t/prereq.t .... skipped: Author tests not required for installation
t/snippets.t .. skipped: Author tests not required for installation
t/spelling.t .. skipped: Author tests not required for installation
t/taint.t ..... ok
t/untaint.t ... skipped: Test::CGI::Untaint required for testing extraction handler
t/vars.t ...... skipped: Author tests not required for installation

Test Summary Report
-------------------
t/boiler.t  (Wstat: 0 Tests: 3 Failed: 0)
  TODO passed:   1-3
t/pod-cm.t  (Wstat: 256 Tests: 1 Failed: 1)
  Failed test:  1
  Non-zero exit status: 1
Files=20, Tests=33,  1 wallclock secs ( 0.05 usr  0.04 sys +  0.91 cusr  0.21 csys =  1.21 CPU)
Result: FAIL
Failed 1/20 test programs. 1/33 subtests failed.
make: *** [Makefile:856: test_dynamic] Error 255

------------------------------
PREREQUISITES
------------------------------

Prerequisite modules loaded:

requires:

    Module                            Need Have
    --------------------------------- ---- ----
    CGI::Untaint                      0    1.26
    CGI::Untaint::CountyStateProvince 0.04 0.05
    Locale::SubCountry                1.47 1.64
    Test::NoWarnings                  0    1.04

build_requires:

    Module                            Need Have
    --------------------------------- ---- ----
    ExtUtils::MakeMaker               0    7.30
    Test::Most                        0    0.35

configure_requires:

    Module                            Need Have
    --------------------------------- ---- ----
    ExtUtils::MakeMaker               0    7.30


------------------------------
ENVIRONMENT AND OTHER CONTEXT
------------------------------

Environment variables:

    AUTOMATED_TESTING = 1
    LANG = en_US.UTF-8
    LC_ALL = POSIX
    PATH = /Users/hornenj/perl5/perlbrew/bin:/Users/hornenj/perl5/perlbrew/perls/perl-5.8.5/bin:/Users/hornenj/perl5/perlbrew/bin:/Users/hornenj/bin:/sw/bin:/usr/bin:/bin:/usr/X11R6/bin
    PERL5LIB = 
    PERL5OPT = 
    PERL5_CPANPLUS_IS_RUNNING = 44245
    PERL5_CPAN_IS_RUNNING = 44245
    PERL5_MINISMOKEBOX = 0.68
    PERLBREW_BASHRC_VERSION = 0.80
    PERLBREW_HOME = /Users/hornenj/.perlbrew
    PERLBREW_LIB = 
    PERLBREW_MANPATH = /Users/hornenj/perl5/perlbrew/perls/perl-5.8.5/man
    PERLBREW_PATH = /Users/hornenj/perl5/perlbrew/bin:/Users/hornenj/perl5/perlbrew/perls/perl-5.8.5/bin
    PERLBREW_PERL = perl-5.8.5
    PERLBREW_ROOT = /Users/hornenj/perl5/perlbrew
    PERLBREW_VERSION = 0.80
    PERL_EXTUTILS_AUTOINSTALL = --defaultdeps
    PERL_LOCAL_LIB_ROOT = 
    PERL_MM_USE_DEFAULT = 1
    SHELL = /bin/bash
    TERM = xterm-256color
    TMPDIR = /var/folders/pz/pd7y1qjs6s3cbk170cw50fjc000c61/T/

Perl special variables (and OS-specific diagnostics, for MSWin32):

    $^X = /Users/hornenj/perl5/perlbrew/perls/perl-5.8.5/bin/perl
    $UID/$EUID = 12481 / 12481
    $GID = 14 223 241 37223 206 399 204 62 12 527 37191 5344 14
    $EGID = 14 223 241 37223 206 399 204 62 12 527 37191 5344 14

Perl module toolchain versions installed:

    Module              Have    
    ------------------- --------
    CPAN                2.16    
    CPAN::Meta          2.150005
    Cwd                 3.2701  
    ExtUtils::CBuilder  0.280224
    ExtUtils::Command   7.30    
    ExtUtils::Install   2.06    
    ExtUtils::MakeMaker 7.30    
    ExtUtils::Manifest  1.70    
    ExtUtils::ParseXS   3.30    
    File::Spec          3.2701  
    JSON                2.93    
    JSON::PP            2.27400 
    Module::Build       0.4224  
    Module::Signature   n/a     
    Parse::CPAN::Meta   1.4422  
    Test::Harness       3.36    
    Test::More          1.302078
    YAML                n/a     
    YAML::Syck          1.30    
    version             0.9912  


--

Summary of my perl5 (revision 5 version 8 subversion 5) configuration:
  Platform:
    osname=darwin, osvers=12.5.0, archname=darwin-thread-multi-2level
    uname='darwin ncbimac2008.ncbi.nlm.nih.gov 12.5.0 darwin kernel version 12.5.0: sun sep 29 13:33:47 pdt 2013; root:xnu-2050.48.12~1release_x86_64 x86_64 '
    config_args='-de -Dprefix=/Users/hornenj/perl5/perlbrew/perls/perl-5.8.5 -Duseithreads -Dusemultiplicity -Accflags=-O2 -W -Wformat=2 -Wswitch -Wshadow -Wwrite-strings -Wuninitialized -Wall -pipe -mtune=native -march=native -fomit-frame-pointer -msse2 -msse -mmmx -pedantic -D_FORTIFY_SOURCE=2 -Wpointer-arith -Wstrict-prototypes -fstack-protector -Wstack-protector -Wextra -Wbad-function-cast -Wcast-align -Wcast-qual -Wdisabled-optimization -Wendif-labels -Wfloat-equal -Wformat-nonliteral -Winline -Wmissing-declarations -Wmissing-prototypes -Wnested-externs -Wpointer-arith -Wundef -Wformat-security -fassociative-math -Acc=cc -Aeval:scriptdir=/Users/hornenj/perl5/perlbrew/perls/perl-5.8.5/bin'
    hint=recommended, useposix=true, d_sigaction=define
    usethreads=define use5005threads=undef useithreads=define usemultiplicity=define
    useperlio=define d_sfio=undef uselargefiles=define usesocks=undef
    use64bitint=define use64bitall=define uselongdouble=undef
    usemymalloc=n, bincompat5005=undef
  Compiler:
    cc=' cc', ccflags ='-fno-common -DPERL_DARWIN -O2 -W -Wformat=2 -Wswitch -Wshadow -Wwrite-strings -Wuninitialized -Wall -pipe -mtune=native -march=native -fomit-frame-pointer -msse2 -msse -mmmx -pedantic -D_FORTIFY_SOURCE=2 -Wpointer-arith -Wstrict-prototypes -fstack-protector -Wstack-protector -Wextra -Wbad-function-cast -Wcast-align -Wcast-qual -Wdisabled-optimization -Wendif-labels -Wfloat-equal -Wformat-nonliteral -Winline -Wmissing-declarations -Wmissing-prototypes -Wnested-externs -Wpointer-arith -Wundef -Wformat-security -fassociative-math -fno-strict-aliasing -I/usr/local/include',
    optimize='-O3',
    cppflags='-fno-common -DPERL_DARWIN -O2 -W -Wformat=2 -Wswitch -Wshadow -Wwrite-strings -Wuninitialized -Wall -pipe -mtune=native -march=native -fomit-frame-pointer -msse2 -msse -mmmx -pedantic -D_FORTIFY_SOURCE=2 -Wpointer-arith -Wstrict-prototypes -fstack-protector -Wstack-protector -Wextra -Wbad-function-cast -Wcast-align -Wcast-qual -Wdisabled-optimization -Wendif-labels -Wfloat-equal -Wformat-nonliteral -Winline -Wmissing-declarations -Wmissing-prototypes -Wnested-externs -Wpointer-arith -Wundef -Wformat-security -fassociative-math -fno-strict-aliasing -I/usr/local/include'
    ccversion='', gccversion='4.2.1 Compatible Apple LLVM 4.2 (clang-425.0.24)', gccosandvers=''
    intsize=4, longsize=8, ptrsize=8, doublesize=8, byteorder=12345678
    d_longlong=define, longlongsize=8, d_longdbl=define, longdblsize=16
    ivtype='long', ivsize=8, nvtype='double', nvsize=8, Off_t='off_t', lseeksize=8
    alignbytes=8, prototype=define
  Linker and Libraries:
    ld='env MACOSX_DEPLOYMENT_TARGET=10.3 cc', ldflags =' -L/usr/local/lib'
    libpth=/usr/local/lib /usr/lib
    libs=-ldbm -ldl -lm -lutil -lc
    perllibs=-ldl -lm -lutil -lc
    libc=, so=dylib, useshrplib=false, libperl=libperl.a
    gnulibc_version=''
  Dynamic Linking:
    dlsrc=dl_dlopen.xs, dlext=bundle, d_dlsymun=undef, ccdlflags=' '
    cccdlflags=' ', lddlflags=' -bundle -undefined dynamic_lookup -L/usr/local/lib'


Characteristics of this binary (from libperl): 
  Compile-time options: MULTIPLICITY USE_ITHREADS USE_64_BIT_INT USE_64_BIT_ALL USE_LARGE_FILES PERL_IMPLICIT_CONTEXT
  Built under darwin
  Compiled at Sep 17 2014 08:40:39
  %ENV:
    PERL5LIB=""
    PERL5OPT=""
    PERL5_CPANPLUS_IS_RUNNING="44245"
    PERL5_CPAN_IS_RUNNING="44245"
    PERL5_MINISMOKEBOX="0.68"
    PERLBREW_BASHRC_VERSION="0.80"
    PERLBREW_HOME="/Users/hornenj/.perlbrew"
    PERLBREW_LIB=""
    PERLBREW_MANPATH="/Users/hornenj/perl5/perlbrew/perls/perl-5.8.5/man"
    PERLBREW_PATH="/Users/hornenj/perl5/perlbrew/bin:/Users/hornenj/perl5/perlbrew/perls/perl-5.8.5/bin"
    PERLBREW_PERL="perl-5.8.5"
    PERLBREW_ROOT="/Users/hornenj/perl5/perlbrew"
    PERLBREW_VERSION="0.80"
    PERL_EXTUTILS_AUTOINSTALL="--defaultdeps"
    PERL_LOCAL_LIB_ROOT=""
    PERL_MM_USE_DEFAULT="1"
  @INC:
    /Users/hornenj/perl5/perlbrew/perls/perl-5.8.5/lib/5.8.5/darwin-thread-multi-2level
    /Users/hornenj/perl5/perlbrew/perls/perl-5.8.5/lib/5.8.5
    /Users/hornenj/perl5/perlbrew/perls/perl-5.8.5/lib/site_perl/5.8.5/darwin-thread-multi-2level
    /Users/hornenj/perl5/perlbrew/perls/perl-5.8.5/lib/site_perl/5.8.5
    /Users/hornenj/perl5/perlbrew/perls/perl-5.8.5/lib/site_perl
    .