Report for CatalystX-Controller-Sugar-ActionPack-0.0301

Back
From: metabase:user:3198cbe2-2aae-11df-837a-5e0a49663a4f
Subject: FAIL CatalystX-Controller-Sugar-ActionPack-0.0301 v5.12.2 GNU/Linux
Date: 2011-02-01T13:46:52Z

This distribution has been tested as part of the CPAN Testers
project, supporting the Perl programming language.  See
http://wiki.cpantesters.org/ for more information or email
questions to cpan-testers-discuss@perl.org


--
Dear Jan Henning Thorsen,

This is a computer-generated report for CatalystX-Controller-Sugar-ActionPack-0.0301
on perl 5.12.2, created by CPAN-Reporter-1.1902.

Thank you for uploading your work to CPAN.  However, there was a problem
testing your distribution.

If you think this report is invalid, please consult the CPAN Testers Wiki
for suggestions on how to avoid getting FAIL reports for missing library
or binary dependencies, unsupported operating systems, and so on:

http://wiki.cpantesters.org/wiki/CPANAuthorNotes

Sections of this report:

    * Tester comments
    * Program output
    * Prerequisites
    * Environment and other context

------------------------------
TESTER COMMENTS
------------------------------

Additional comments from tester:

this report is from an automated smoke testing program
and was not reviewed by a human for accuracy

------------------------------
PROGRAM OUTPUT
------------------------------

Output from '/usr/bin/make test':

PERL_DL_NONLAZY=1 /home/graham/perltest/perl5122th/perl/bin/perl "-MExtUtils::Command::MM" "-e" "test_harness(0, 'inc', 'blib/lib', 'blib/arch')" t/00-load.t t/10-Default.t t/10-End.t t/10-Error.t t/10-Merge.t t/99-pod-coverage.t t/99-pod.t
t/00-load.t .......... ok
Use of uninitialized value in concatenation (.) or string at /home/graham/perltest/perl5122th/perl/lib/site_perl/5.12.2/Catalyst/Action.pm line 38.
Use of uninitialized value in concatenation (.) or string at /home/graham/perltest/perl5122th/perl/lib/site_perl/5.12.2/Catalyst/Action.pm line 38.
Use of uninitialized value in concatenation (.) or string at /home/graham/perltest/perl5122th/perl/lib/site_perl/5.12.2/Catalyst/Action.pm line 38.
Use of uninitialized value in concatenation (.) or string at /home/graham/perltest/perl5122th/perl/lib/site_perl/5.12.2/Catalyst/Action.pm line 38.
Use of uninitialized value in concatenation (.) or string at /home/graham/perltest/perl5122th/perl/lib/site_perl/5.12.2/Catalyst/Action.pm line 38.
Use of uninitialized value in concatenation (.) or string at /home/graham/perltest/perl5122th/perl/lib/site_perl/5.12.2/Catalyst/Action.pm line 38.
Use of uninitialized value in concatenation (.) or string at /home/graham/perltest/perl5122th/perl/lib/site_perl/5.12.2/Catalyst/Action.pm line 38.
Use of uninitialized value in concatenation (.) or string at /home/graham/perltest/perl5122th/perl/lib/site_perl/5.12.2/Catalyst/Action.pm line 38.
Use of uninitialized value in concatenation (.) or string at /home/graham/perltest/perl5122th/perl/lib/site_perl/5.12.2/Catalyst/Action.pm line 38.
Use of uninitialized value in subroutine entry at /home/graham/perltest/perl5122th/perl/lib/site_perl/5.12.2/Catalyst/Request.pm line 123.
Use of uninitialized value in gethostbyaddr at /home/graham/perltest/perl5122th/perl/lib/site_perl/5.12.2/Catalyst/Request.pm line 123.
Use of uninitialized value in subroutine entry at /home/graham/perltest/perl5122th/perl/lib/site_perl/5.12.2/Catalyst/Request.pm line 123.
Use of uninitialized value in gethostbyaddr at /home/graham/perltest/perl5122th/perl/lib/site_perl/5.12.2/Catalyst/Request.pm line 123.
Use of uninitialized value in subroutine entry at /home/graham/perltest/perl5122th/perl/lib/site_perl/5.12.2/Catalyst/Request.pm line 123.
Use of uninitialized value in gethostbyaddr at /home/graham/perltest/perl5122th/perl/lib/site_perl/5.12.2/Catalyst/Request.pm line 123.
Use of uninitialized value in subroutine entry at /home/graham/perltest/perl5122th/perl/lib/site_perl/5.12.2/Catalyst/Request.pm line 123.
Use of uninitialized value in gethostbyaddr at /home/graham/perltest/perl5122th/perl/lib/site_perl/5.12.2/Catalyst/Request.pm line 123.
Use of uninitialized value in subroutine entry at /home/graham/perltest/perl5122th/perl/lib/site_perl/5.12.2/Catalyst/Request.pm line 123.
Use of uninitialized value in gethostbyaddr at /home/graham/perltest/perl5122th/perl/lib/site_perl/5.12.2/Catalyst/Request.pm line 123.
t/10-Default.t ....... ok
Use of uninitialized value in concatenation (.) or string at /home/graham/perltest/perl5122th/perl/lib/site_perl/5.12.2/Catalyst/Action.pm line 38.
Use of uninitialized value in concatenation (.) or string at /home/graham/perltest/perl5122th/perl/lib/site_perl/5.12.2/Catalyst/Action.pm line 38.
Use of uninitialized value in concatenation (.) or string at /home/graham/perltest/perl5122th/perl/lib/site_perl/5.12.2/Catalyst/Action.pm line 38.
Use of uninitialized value in concatenation (.) or string at /home/graham/perltest/perl5122th/perl/lib/site_perl/5.12.2/Catalyst/Action.pm line 38.
Use of uninitialized value in concatenation (.) or string at /home/graham/perltest/perl5122th/perl/lib/site_perl/5.12.2/Catalyst/Action.pm line 38.
Use of uninitialized value in concatenation (.) or string at /home/graham/perltest/perl5122th/perl/lib/site_perl/5.12.2/Catalyst/Action.pm line 38.
Use of uninitialized value in concatenation (.) or string at /home/graham/perltest/perl5122th/perl/lib/site_perl/5.12.2/Catalyst/Action.pm line 38.
Use of uninitialized value in concatenation (.) or string at /home/graham/perltest/perl5122th/perl/lib/site_perl/5.12.2/Catalyst/Action.pm line 38.
Use of uninitialized value in concatenation (.) or string at /home/graham/perltest/perl5122th/perl/lib/site_perl/5.12.2/Catalyst/Action.pm line 38.
Use of uninitialized value in subroutine entry at /home/graham/perltest/perl5122th/perl/lib/site_perl/5.12.2/Catalyst/Request.pm line 123.
Use of uninitialized value in gethostbyaddr at /home/graham/perltest/perl5122th/perl/lib/site_perl/5.12.2/Catalyst/Request.pm line 123.
Use of uninitialized value in concatenation (.) or string at /home/graham/perltest/perl5122th/perl/lib/site_perl/5.12.2/Catalyst/Action.pm line 38.
Use of uninitialized value in subroutine entry at /home/graham/perltest/perl5122th/perl/lib/site_perl/5.12.2/Catalyst/Request.pm line 123.
Use of uninitialized value in gethostbyaddr at /home/graham/perltest/perl5122th/perl/lib/site_perl/5.12.2/Catalyst/Request.pm line 123.
Use of uninitialized value in subroutine entry at /home/graham/perltest/perl5122th/perl/lib/site_perl/5.12.2/Catalyst/Request.pm line 123.
Use of uninitialized value in gethostbyaddr at /home/graham/perltest/perl5122th/perl/lib/site_perl/5.12.2/Catalyst/Request.pm line 123.

#   Failed test 'redirect in action set'
#   at t/10-End.t line 23.
#                   ''
#     doesn't match '(?-xism:This item has moved)'
Use of uninitialized value in subroutine entry at /home/graham/perltest/perl5122th/perl/lib/site_perl/5.12.2/Catalyst/Request.pm line 123.
Use of uninitialized value in gethostbyaddr at /home/graham/perltest/perl5122th/perl/lib/site_perl/5.12.2/Catalyst/Request.pm line 123.
Use of uninitialized value in subroutine entry at /home/graham/perltest/perl5122th/perl/lib/site_perl/5.12.2/Catalyst/Request.pm line 123.
Use of uninitialized value in gethostbyaddr at /home/graham/perltest/perl5122th/perl/lib/site_perl/5.12.2/Catalyst/Request.pm line 123.
Use of uninitialized value in concatenation (.) or string at /home/graham/perltest/perl5122th/perl/lib/site_perl/5.12.2/Catalyst/Action.pm line 38.
Use of uninitialized value in subroutine entry at /home/graham/perltest/perl5122th/perl/lib/site_perl/5.12.2/Catalyst/Request.pm line 123.
Use of uninitialized value in gethostbyaddr at /home/graham/perltest/perl5122th/perl/lib/site_perl/5.12.2/Catalyst/Request.pm line 123.
Use of uninitialized value in concatenation (.) or string at /home/graham/perltest/perl5122th/perl/lib/site_perl/5.12.2/Catalyst/Action.pm line 38.
# 1 test of 6 failed.
t/10-End.t ........... 
Dubious, test returned 1 (wstat 256, 0x100)
Failed 1/6 subtests 
Use of uninitialized value in concatenation (.) or string at /home/graham/perltest/perl5122th/perl/lib/site_perl/5.12.2/Catalyst/Action.pm line 38.
Use of uninitialized value in concatenation (.) or string at /home/graham/perltest/perl5122th/perl/lib/site_perl/5.12.2/Catalyst/Action.pm line 38.
Use of uninitialized value in concatenation (.) or string at /home/graham/perltest/perl5122th/perl/lib/site_perl/5.12.2/Catalyst/Action.pm line 38.
Use of uninitialized value in concatenation (.) or string at /home/graham/perltest/perl5122th/perl/lib/site_perl/5.12.2/Catalyst/Action.pm line 38.
Use of uninitialized value in concatenation (.) or string at /home/graham/perltest/perl5122th/perl/lib/site_perl/5.12.2/Catalyst/Action.pm line 38.
Use of uninitialized value in concatenation (.) or string at /home/graham/perltest/perl5122th/perl/lib/site_perl/5.12.2/Catalyst/Action.pm line 38.
Use of uninitialized value in concatenation (.) or string at /home/graham/perltest/perl5122th/perl/lib/site_perl/5.12.2/Catalyst/Action.pm line 38.
Use of uninitialized value in concatenation (.) or string at /home/graham/perltest/perl5122th/perl/lib/site_perl/5.12.2/Catalyst/Action.pm line 38.
Use of uninitialized value in concatenation (.) or string at /home/graham/perltest/perl5122th/perl/lib/site_perl/5.12.2/Catalyst/Action.pm line 38.
Use of uninitialized value in concatenation (.) or string at /home/graham/perltest/perl5122th/perl/lib/site_perl/5.12.2/Catalyst/Action.pm line 38.
Use of uninitialized value in subroutine entry at /home/graham/perltest/perl5122th/perl/lib/site_perl/5.12.2/Catalyst/Request.pm line 123.
Use of uninitialized value in gethostbyaddr at /home/graham/perltest/perl5122th/perl/lib/site_perl/5.12.2/Catalyst/Request.pm line 123.
Use of uninitialized value in concatenation (.) or string at /home/graham/perltest/perl5122th/perl/lib/site_perl/5.12.2/Catalyst/Action.pm line 38.
Use of uninitialized value in subroutine entry at /home/graham/perltest/perl5122th/perl/lib/site_perl/5.12.2/Catalyst/Request.pm line 123.
Use of uninitialized value in gethostbyaddr at /home/graham/perltest/perl5122th/perl/lib/site_perl/5.12.2/Catalyst/Request.pm line 123.
Use of uninitialized value in concatenation (.) or string at /home/graham/perltest/perl5122th/perl/lib/site_perl/5.12.2/Catalyst/Action.pm line 38.
Use of uninitialized value in subroutine entry at /home/graham/perltest/perl5122th/perl/lib/site_perl/5.12.2/Catalyst/Request.pm line 123.
Use of uninitialized value in gethostbyaddr at /home/graham/perltest/perl5122th/perl/lib/site_perl/5.12.2/Catalyst/Request.pm line 123.
Use of uninitialized value in concatenation (.) or string at /home/graham/perltest/perl5122th/perl/lib/site_perl/5.12.2/Catalyst/Action.pm line 38.
Use of uninitialized value in subroutine entry at /home/graham/perltest/perl5122th/perl/lib/site_perl/5.12.2/Catalyst/Request.pm line 123.
Use of uninitialized value in gethostbyaddr at /home/graham/perltest/perl5122th/perl/lib/site_perl/5.12.2/Catalyst/Request.pm line 123.
Use of uninitialized value in concatenation (.) or string at /home/graham/perltest/perl5122th/perl/lib/site_perl/5.12.2/Catalyst/Action.pm line 38.
[error] Caught exception in CataTest::Controller::Root->default "foo at (eval 400) line 4."
t/10-Error.t ......... ok
Use of uninitialized value in concatenation (.) or string at /home/graham/perltest/perl5122th/perl/lib/site_perl/5.12.2/Catalyst/Action.pm line 38.
Use of uninitialized value in concatenation (.) or string at /home/graham/perltest/perl5122th/perl/lib/site_perl/5.12.2/Catalyst/Action.pm line 38.
Use of uninitialized value in concatenation (.) or string at /home/graham/perltest/perl5122th/perl/lib/site_perl/5.12.2/Catalyst/Action.pm line 38.
Use of uninitialized value in concatenation (.) or string at /home/graham/perltest/perl5122th/perl/lib/site_perl/5.12.2/Catalyst/Action.pm line 38.
Use of uninitialized value in concatenation (.) or string at /home/graham/perltest/perl5122th/perl/lib/site_perl/5.12.2/Catalyst/Action.pm line 38.
Use of uninitialized value in concatenation (.) or string at /home/graham/perltest/perl5122th/perl/lib/site_perl/5.12.2/Catalyst/Action.pm line 38.
Use of uninitialized value in concatenation (.) or string at /home/graham/perltest/perl5122th/perl/lib/site_perl/5.12.2/Catalyst/Action.pm line 38.
Use of uninitialized value in concatenation (.) or string at /home/graham/perltest/perl5122th/perl/lib/site_perl/5.12.2/Catalyst/Action.pm line 38.
Use of uninitialized value in concatenation (.) or string at /home/graham/perltest/perl5122th/perl/lib/site_perl/5.12.2/Catalyst/Action.pm line 38.
Use of uninitialized value in subroutine entry at /home/graham/perltest/perl5122th/perl/lib/site_perl/5.12.2/Catalyst/Request.pm line 123.
Use of uninitialized value in gethostbyaddr at /home/graham/perltest/perl5122th/perl/lib/site_perl/5.12.2/Catalyst/Request.pm line 123.
Use of uninitialized value in subroutine entry at /home/graham/perltest/perl5122th/perl/lib/site_perl/5.12.2/Catalyst/Request.pm line 123.
Use of uninitialized value in gethostbyaddr at /home/graham/perltest/perl5122th/perl/lib/site_perl/5.12.2/Catalyst/Request.pm line 123.
Use of uninitialized value in subroutine entry at /home/graham/perltest/perl5122th/perl/lib/site_perl/5.12.2/Catalyst/Request.pm line 123.
Use of uninitialized value in gethostbyaddr at /home/graham/perltest/perl5122th/perl/lib/site_perl/5.12.2/Catalyst/Request.pm line 123.
Use of uninitialized value in subroutine entry at /home/graham/perltest/perl5122th/perl/lib/site_perl/5.12.2/Catalyst/Request.pm line 123.
Use of uninitialized value in gethostbyaddr at /home/graham/perltest/perl5122th/perl/lib/site_perl/5.12.2/Catalyst/Request.pm line 123.
t/10-Merge.t ......... ok
t/99-pod-coverage.t .. ok
t/99-pod.t ........... ok

Test Summary Report
-------------------
t/10-End.t         (Wstat: 256 Tests: 6 Failed: 1)
  Failed test:  3
  Non-zero exit status: 1
Files=7, Tests=40, 13 wallclock secs ( 0.22 usr  0.05 sys + 12.09 cusr  0.57 csys = 12.93 CPU)
Result: FAIL
Failed 1/7 test programs. 1/40 subtests failed.
make: *** [test_dynamic] Error 255

------------------------------
PREREQUISITES
------------------------------

Prerequisite modules loaded:

requires:

    Module                       Need   Have   
    ---------------------------- ------ -------
    CatalystX::Controller::Sugar 0.0703 0.08   
    Data::Dumper                 2.1    2.128  
    File::Slurp                  9999.1 9999.13
    Moose                        0.94   1.9902 
    Test::More                   0.94   2.00_06

build_requires:

    Module                       Need   Have   
    ---------------------------- ------ -------
    Data::Dumper                 2.1    2.128  
    ExtUtils::MakeMaker          6.42   6.57_06
    Moose                        0.94   1.9902 
    Test::More                   0.94   2.00_06

configure_requires:

    Module                       Need   Have   
    ---------------------------- ------ -------
    ExtUtils::MakeMaker          6.42   6.57_06


------------------------------
ENVIRONMENT AND OTHER CONTEXT
------------------------------

Environment variables:

    AUTOMATED_TESTING = 1
    LANG = C
    PATH = /home/graham/perltest/perl5122th/perl/bin:/usr/local/bin:/usr/bin:/bin:/usr/local/sbin:/usr/sbin:/sbin:/opt/java/bin:/opt/java/db/bin:/opt/java/jre/bin:/opt/kde/bin:/usr/bin/perlbin/site:/usr/bin/perlbin/vendor:/usr/lib/perl5/core_perl/bin:/opt/qt/bin
    PERL5LIB = 
    PERL5OPT = 
    PERL5_CPANPLUS_IS_RUNNING = 12562
    PERL5_CPAN_IS_RUNNING = 12562
    PERL5_CPAN_IS_RUNNING_IN_RECURSION = 3661,12562
    PERL_CR_SMOKER_CURRENT = CatalystX-Controller-Sugar-ActionPack-0.0301
    PERL_EXTUTILS_AUTOINSTALL = --defaultdeps
    PERL_MM_USE_DEFAULT = 1
    SHELL = /bin/bash
    TERM = xterm

Perl special variables (and OS-specific diagnostics, for MSWin32):

    $^X = /home/graham/perltest/perl5122th/perl/bin/perl
    $UID/$EUID = 1000 / 1000
    $GID = 1000 7 10 91 92 93 95 98 100 108 1000 1001
    $EGID = 1000 7 10 91 92 93 95 98 100 108 1000 1001

Perl module toolchain versions installed:

    Module              Have    
    ------------------- --------
    CPAN                1.94_64 
    Cwd                 3.33    
    ExtUtils::CBuilder  0.280202
    ExtUtils::Command   1.16    
    ExtUtils::Install   1.55    
    ExtUtils::MakeMaker 6.57_06 
    ExtUtils::Manifest  1.58    
    ExtUtils::ParseXS   2.2206  
    File::Spec          3.33    
    Module::Build       0.3624  
    Module::Signature   0.66    
    Test::Harness       3.22    
    Test::More          2.00_06 
    YAML                0.72    
    YAML::Syck          1.17    
    version             0.88    


--

Summary of my perl5 (revision 5 version 12 subversion 2) configuration:
   
  Platform:
    osname=linux, osvers=2.6.36-arch, archname=i686-linux-thread-multi
    uname='linux lorant 2.6.36-arch #1 smp preempt fri dec 10 20:01:53 utc 2010 i686 intel(r) pentium(r) 4 cpu 2.80ghz genuineintel gnulinux '
    config_args=''
    hint=recommended, useposix=true, d_sigaction=define
    useithreads=define, usemultiplicity=define
    useperlio=define, d_sfio=undef, uselargefiles=define, usesocks=undef
    use64bitint=undef, use64bitall=undef, uselongdouble=undef
    usemymalloc=n, bincompat5005=undef
  Compiler:
    cc='cc', ccflags ='-D_REENTRANT -D_GNU_SOURCE -fno-strict-aliasing -pipe -fstack-protector -I/usr/local/include -D_LARGEFILE_SOURCE -D_FILE_OFFSET_BITS=64',
    optimize='-O2',
    cppflags='-D_REENTRANT -D_GNU_SOURCE -fno-strict-aliasing -pipe -fstack-protector -I/usr/local/include'
    ccversion='', gccversion='4.5.2', gccosandvers=''
    intsize=4, longsize=4, ptrsize=4, doublesize=8, byteorder=1234
    d_longlong=define, longlongsize=8, d_longdbl=define, longdblsize=12
    ivtype='long', ivsize=4, nvtype='double', nvsize=8, Off_t='off_t', lseeksize=8
    alignbytes=4, prototype=define
  Linker and Libraries:
    ld='cc', ldflags =' -fstack-protector -L/usr/local/lib'
    libpth=/usr/local/lib /lib /usr/lib
    libs=-lnsl -lgdbm -ldb -ldl -lm -lcrypt -lutil -lpthread -lc -lgdbm_compat
    perllibs=-lnsl -ldl -lm -lcrypt -lutil -lpthread -lc
    libc=/lib/libc-2.12.2.so, so=so, useshrplib=true, libperl=libperl.so
    gnulibc_version='2.12.2'
  Dynamic Linking:
    dlsrc=dl_dlopen.xs, dlext=so, d_dlsymun=undef, ccdlflags='-Wl,-E -Wl,-rpath,/home/graham/perltest/perl5122th/perl/lib/5.12.2/i686-linux-thread-multi/CORE'
    cccdlflags='-fPIC', lddlflags='-shared -O2 -L/usr/local/lib -fstack-protector'


Characteristics of this binary (from libperl): 
  Compile-time options: MULTIPLICITY PERL_DONT_CREATE_GVSV
                        PERL_IMPLICIT_CONTEXT PERL_MALLOC_WRAP USE_ITHREADS
                        USE_LARGE_FILES USE_PERLIO USE_PERL_ATOF
                        USE_REENTRANT_API
  Built under linux
  Compiled at Jan 25 2011 09:40:11
  %ENV:
    PERL5LIB=""
    PERL5OPT=""
    PERL5_CPANPLUS_IS_RUNNING="12562"
    PERL5_CPAN_IS_RUNNING="12562"
    PERL5_CPAN_IS_RUNNING_IN_RECURSION="3661,12562"
    PERL_CR_SMOKER_CURRENT="CatalystX-Controller-Sugar-ActionPack-0.0301"
    PERL_EXTUTILS_AUTOINSTALL="--defaultdeps"
    PERL_MM_USE_DEFAULT="1"
  @INC:
    /home/graham/perltest/perl5122th/perl/lib/site_perl/5.12.2/i686-linux-thread-multi
    /home/graham/perltest/perl5122th/perl/lib/site_perl/5.12.2
    /home/graham/perltest/perl5122th/perl/lib/5.12.2/i686-linux-thread-multi
    /home/graham/perltest/perl5122th/perl/lib/5.12.2
    .