Report for Complete-Util-0.15

Back
From: metabase:user:d4737f23-6bf4-1014-b0ae-0f7446981a2c
Subject: FAIL Complete-Util-0.15 v5.20.1 
Date: 2014-12-17T00:28:53Z

This distribution has been tested as part of the CPAN Testers
project, supporting the Perl programming language.  See
http://wiki.cpantesters.org/ for more information or email
questions to cpan-testers-discuss@perl.org


--
Dear PERLANCAR,

This is a computer-generated report for Complete-Util-0.15
on perl 5.20.1, created by App::cpanminus::reporter 0.11 (1.7022).

Thank you for uploading your work to CPAN.  However, there was a problem
testing your distribution.

If you think this report is invalid, please consult the CPAN Testers Wiki
for suggestions on how to avoid getting FAIL reports for missing library
or binary dependencies, unsupported operating systems, and so on:

http://wiki.cpantesters.org/wiki/CPANAuthorNotes

Sections of this report:

    * Tester comments
    * Program output
    * Prerequisites
    * Environment and other context

------------------------------
TESTER COMMENTS
------------------------------

Additional comments from tester:

none provided

------------------------------
PROGRAM OUTPUT
------------------------------

Output from '':

Building and testing Complete-Util-0.15

Microsoft (R) Program Maintenance Utility Version 12.00.21005.1
Copyright (C) Microsoft Corporation.  All rights reserved.

cp lib/Complete/Util.pm blib\lib\Complete\Util.pm

Microsoft (R) Program Maintenance Utility Version 12.00.21005.1
Copyright (C) Microsoft Corporation.  All rights reserved.

	"C:\opt\perl-5.20.1\bin\perl.exe" "-MExtUtils::Command::MM" "-MTest::Harness" "-e" "undef *Test::Harness::Switches; test_harness(0, 'blib\lib', 'blib\arch')" t\*.t
t\00-compile.t ............ ok
t\complete_array_elem.t ... ok
t\complete_env.t .......... ok
t\complete_file.t ......... ok
t\complete_hash_key.t ..... ok

#   Failed test at t\complete_program.t line 27.
#     Structures begin differing at:
#          $got->[0] = Does not exist
#     $expected->[0] = 'prog1'

#   Failed test at t\complete_program.t line 28.
#     Structures begin differing at:
#          $got->[0] = Does not exist
#     $expected->[0] = 'prog3'
    
    #   Failed test at t\complete_program.t line 35.
    #     Structures begin differing at:
    #          $got->[0] = Does not exist
    #     $expected->[0] = 'prog1'
    
    #   Failed test at t\complete_program.t line 36.
    #     Structures begin differing at:
    #          $got->[0] = Does not exist
    #     $expected->[0] = 'prog3'
    # Looks like you failed 2 tests of 3.

#   Failed test 'win support'
#   at t\complete_program.t line 38.
# Looks like you failed 3 tests of 5.
t\complete_program.t ...... 
Dubious, test returned 3 (wstat 768, 0x300)
Failed 3/5 subtests 
	(less 1 skipped subtest: 1 okay)
t\release-pod-coverage.t .. skipped: these tests are for release candidate testing
t\release-pod-syntax.t .... skipped: these tests are for release candidate testing
t\release-rinci.t ......... skipped: these tests are for release candidate testing

Test Summary Report
-------------------
t\complete_program.t    (Wstat: 768 Tests: 5 Failed: 3)
  Failed tests:  1-2, 4
  Non-zero exit status: 3
Files=9, Tests=27,  2 wallclock secs ( 0.08 usr +  0.06 sys =  0.14 CPU)
Result: FAIL

------------------------------
PREREQUISITES
------------------------------

Prerequisite modules loaded:

    No requirements found

------------------------------
ENVIRONMENT AND OTHER CONTEXT
------------------------------

Environment variables:

    COMSPEC = C:\Windows\system32\cmd.exe
    INCLUDE = C:\Program Files (x86)\Microsoft Visual Studio 12.0\VC\INCLUDE;C:\Program Files (x86)\Microsoft Visual Studio 12.0\VC\ATLMFC\INCLUDE;C:\Program Files (x86)\Windows Kits\8.1\include\shared;C:\Program Files (x86)\Windows Kits\8.1\include\um;C:\Program Files (x86)\Windows Kits\8.1\include\winrt;
    LIB = C:\Program Files (x86)\Microsoft Visual Studio 12.0\VC\LIB\amd64;C:\Program Files (x86)\Microsoft Visual Studio 12.0\VC\ATLMFC\LIB\amd64;C:\Program Files (x86)\Windows Kits\8.1\lib\winv6.3\um\x64;
    NUMBER_OF_PROCESSORS = 2
    PATH = C:\Program Files (x86)\Microsoft Visual Studio 12.0\Common7\IDE\CommonExtensions\Microsoft\TestWindow;C:\Program Files (x86)\MSBuild\12.0\bin\amd64;C:\Program Files (x86)\Microsoft Visual Studio 12.0\VC\BIN\amd64;C:\Windows\Microsoft.NET\Framework64\v4.0.30319;C:\Program Files (x86)\Microsoft Visual Studio 12.0\VC\VCPackages;C:\Program Files (x86)\Microsoft Visual Studio 12.0\Common7\IDE;C:\Program Files (x86)\Microsoft Visual Studio 12.0\Common7\Tools;C:\Program Files (x86)\HTML Help Workshop;C:\Program Files (x86)\Microsoft Visual Studio 12.0\Team Tools\Performance Tools\x64;C:\Program Files (x86)\Microsoft Visual Studio 12.0\Team Tools\Performance Tools;C:\Program Files (x86)\Windows Kits\8.1\bin\x64;C:\Program Files (x86)\Windows Kits\8.1\bin\x86;C:\Program Files (x86)\Microsoft SDKs\Windows\v8.1A\bin\NETFX 4.5.1 Tools\x64\;C:\Program Files\ConEmu;C:\Program Files\ConEmu\ConEmu;c:\opt\perl-5.20.1\site\bin;c:\opt\perl-5.20.1\bin;c:\opt\Perl6\bin;c:\opt\OpenSSL\bin;C:\opt\bin;C:\opt\vim\vim74;C:\opt\gs\gs9.14\bin;C:\opt\gs\gs9.14\lib;c:\opt\gm;c:\opt\kdiff3;c:\opt\ffmpeg\bin;C:\Program Files\TortoiseHg;C:\Program Files\TortoiseSVN\bin;C:\Windows\system32;C:\Windows;C:\Windows\System32\Wbem;C:\Windows\System32\WindowsPowerShell\v1.0\;C:\Program Files\Microsoft SQL Server\110\Tools\Binn\;C:\Program Files\Microsoft Windows Performance Toolkit\;C:\Program Files\OpenVPN\bin;C:\Program Files (x86)\Windows Kits\8.1\Windows Performance Toolkit\;C:\Program Files (x86)\Microsoft SDKs\TypeScript\1.0\;C:\Program Files\Microsoft SQL Server\120\Tools\Binn;c:\opt\wrk;C:\Program Files\TortoiseHg\;C:\Users\sinan\bin;
    PERLDOC_PAGER = c:\opt\cygwin64\bin\less.exe -+C -E -F -g -i
    PROCESSOR_IDENTIFIER = Intel64 Family 6 Model 15 Stepping 6, GenuineIntel
    TEMP = C:\Users\sinan\AppData\Local\Temp

Perl special variables (and OS-specific diagnostics, for MSWin32):

    EGID = 0
    EUID = 0
    EXECUTABLE_NAME = c:\opt\perl-5.20.1\bin\perl.exe
    GID = 0
    UID = 0
    Win32::FsType = NTFS
    Win32::GetOSName = Win8
    Win32::GetOSVersion = , 6, 2, 9200, 2, 0, 0, 256, 1
    Win32::IsAdminUser = 0

Perl module toolchain versions installed:

    Module              Have        
    ------------------- ------------
    CPAN                2.05        
    CPAN::Meta          2.143240    
    Cwd                 3.48        
    ExtUtils::CBuilder  0.280220    
    ExtUtils::Command   1.18        
    ExtUtils::Install   2.04        
    ExtUtils::MakeMaker 7.04        
    ExtUtils::Manifest  1.69        
    ExtUtils::ParseXS   3.24        
    File::Spec          3.48        
    JSON                2.90        
    JSON::PP            2.27300     
    Module::Build       0.4210      
    Module::Signature   n/a         
    Parse::CPAN::Meta   1.4414      
    Test::Harness       3.34        
    Test::More          1.301001_075
    YAML                1.13        
    YAML::Syck          1.29        
    version             0.9909      


--

Summary of my perl5 (revision 5 version 20 subversion 1) configuration:
   
  Platform:
    osname=MSWin32, osvers=6.3, archname=MSWin32-x64-multi-thread
    uname=''
    config_args='undef'
    hint=recommended, useposix=true, d_sigaction=undef
    useithreads=define, usemultiplicity=define
    use64bitint=define, use64bitall=undef, uselongdouble=undef
    usemymalloc=n, bincompat5005=undef
  Compiler:
    cc='cl', ccflags ='-nologo -GF -W3 -O1 /favor:INTEL64 -MD -Zi -DNDEBUG -GL -fp:precise -DWIN32 -D_CONSOLE -DNO_STRICT -DWIN64 -DCONSERVATIVE -D_CRT_SECURE_NO_DEPRECATE -D_CRT_NONSTDC_NO_DEPRECATE  -DPERL_TEXTMODE_SCRIPTS -DUSE_SITECUSTOMIZE -DPERL_IMPLICIT_CONTEXT -DPERL_IMPLICIT_SYS -DUSE_PERLIO',
    optimize='-O1 /favor:INTEL64 -MD -Zi -DNDEBUG -GL -fp:precise',
    cppflags='-DWIN32'
    ccversion='18.00.31101', gccversion='', gccosandvers=''
    intsize=4, longsize=4, ptrsize=8, doublesize=8, byteorder=12345678
    d_longlong=undef, longlongsize=8, d_longdbl=define, longdblsize=8
    ivtype='__int64', ivsize=8, nvtype='double', nvsize=8, Off_t='__int64', lseeksize=8
    alignbytes=8, prototype=define
  Linker and Libraries:
    ld='link', ldflags ='-nologo -nodefaultlib -debug -opt:ref,icf -ltcg  -libpath:"c:\opt\perl-5.20.1\lib\CORE"  -machine:AMD64 "/manifestdependency:type='Win32' name='Microsoft.Windows.Common-Controls' version='6.0.0.0' processorArchitecture='*' publicKeyToken='6595b64144ccf1df' language='*'"'
    libpth="C:\Program Files (x86)\Microsoft Visual Studio 12.0\VC\lib\amd64"
    libs=oldnames.lib kernel32.lib user32.lib gdi32.lib winspool.lib  comdlg32.lib advapi32.lib shell32.lib ole32.lib oleaut32.lib  netapi32.lib uuid.lib ws2_32.lib mpr.lib winmm.lib  version.lib odbc32.lib odbccp32.lib comctl32.lib msvcrt.lib
    perllibs=oldnames.lib kernel32.lib user32.lib gdi32.lib winspool.lib  comdlg32.lib advapi32.lib shell32.lib ole32.lib oleaut32.lib  netapi32.lib uuid.lib ws2_32.lib mpr.lib winmm.lib  version.lib odbc32.lib odbccp32.lib comctl32.lib msvcrt.lib
    libc=msvcrt.lib, so=dll, useshrplib=true, libperl=perl520.lib
    gnulibc_version=''
  Dynamic Linking:
    dlsrc=dl_win32.xs, dlext=dll, d_dlsymun=undef, ccdlflags=' '
    cccdlflags=' ', lddlflags='-dll -nologo -nodefaultlib -debug -opt:ref,icf -ltcg  -libpath:"c:\opt\perl-5.20.1\lib\CORE"  -machine:AMD64 "/manifestdependency:type='Win32' name='Microsoft.Windows.Common-Controls' version='6.0.0.0' processorArchitecture='*' publicKeyToken='6595b64144ccf1df' language='*'"'


Characteristics of this binary (from libperl): 
  Compile-time options: HAS_TIMES HAVE_INTERP_INTERN MULTIPLICITY
                        PERLIO_LAYERS PERL_DONT_CREATE_GVSV
                        PERL_HASH_FUNC_ONE_AT_A_TIME_HARD
                        PERL_IMPLICIT_CONTEXT PERL_IMPLICIT_SYS
                        PERL_MALLOC_WRAP PERL_NEW_COPY_ON_WRITE
                        PERL_PRESERVE_IVUV USE_64_BIT_INT USE_ITHREADS
                        USE_LARGE_FILES USE_LOCALE USE_LOCALE_COLLATE
                        USE_LOCALE_CTYPE USE_LOCALE_NUMERIC USE_PERLIO
                        USE_PERL_ATOF USE_SITECUSTOMIZE
  Built under MSWin32
  Compiled at Nov 12 2014 13:45:28
  %ENV:
    PERLDOC_PAGER="c:\opt\cygwin64\bin\less.exe -+C -E -F -g -i"
  @INC:
    c:/opt/perl-5.20.1/site/lib/MSWin32-x64-multi-thread
    c:/opt/perl-5.20.1/site/lib
    c:/opt/perl-5.20.1/lib
    .