Back
From: metabase:user:322078bc-2aae-11df-837a-5e0a49663a4f
Subject: FAIL Devel-Hide-0.0014 5.10.0 OpenBSD
Date: 2021-09-26T05:29:41Z
This distribution has been tested as part of the CPAN Testers
project, supporting the Perl programming language. See
http://wiki.cpantesters.org/ for more information or email
questions to cpan-testers-discuss@perl.org
--
Dear David Cantrell,
This is a computer-generated error report created automatically by
CPANPLUS, version 0.9912. Testers personal comments may appear
at the end of this report.
Thank you for uploading your work to CPAN. However, it appears that
there were some problems testing your distribution.
TEST RESULTS:
Below is the error stack from stage 'make test':
PERL_DL_NONLAZY=1 "/home/cpan/pit/thr/perl-5.10.0/bin/perl" "-MExtUtils::Command::MM" "-MTest::Harness" "-e" "undef *Test::Harness::Switches; test_harness(0, 'blib/lib', 'blib/arch')" t/*.t
Argument "OpenBSD Clang 10" isn't numeric in numeric gt (>) at /home/cpan/pit/thr/perl-5.10.0/lib/5.10.0/Test2/Util.pm line 53.
# Testing Devel::Hide 0.0014, Perl 5.010000, /home/cpan/pit/thr/perl-5.10.0/bin/perl
t/001use.t .............. ok
Argument "OpenBSD Clang 10" isn't numeric in numeric gt (>) at /home/cpan/pit/thr/perl-5.10.0/lib/5.10.0/Test2/Util.pm line 53.
t/002basic.t ............ ok
Argument "OpenBSD Clang 10" isn't numeric in numeric gt (>) at /home/cpan/pit/thr/perl-5.10.0/lib/5.10.0/Test2/Util.pm line 53.
t/003user.t ............. ok
Argument "OpenBSD Clang 10" isn't numeric in numeric gt (>) at /home/cpan/pit/thr/perl-5.10.0/lib/5.10.0/Test2/Util.pm line 53.
t/004env.t .............. ok
Argument "OpenBSD Clang 10" isn't numeric in numeric gt (>) at /home/cpan/pit/thr/perl-5.10.0/lib/5.10.0/Test2/Util.pm line 53.
t/005lib.t .............. ok
Argument "OpenBSD Clang 10" isn't numeric in numeric gt (>) at /home/cpan/pit/thr/perl-5.10.0/lib/5.10.0/Test2/Util.pm line 53.
t/006before.t ........... ok
# Failed test 'suppressed warnings'
# at t/child.pl line 31.
# Looks like you failed 1 test of 5.
t/050child-processes.t ..
Dubious, test returned 1 (wstat 256, 0x100)
Failed 1/5 subtests
Argument "OpenBSD Clang 10" isn't numeric in numeric gt (>) at /home/cpan/pit/thr/perl-5.10.0/lib/5.10.0/Test2/Util.pm line 53.
t/090pod.t .............. skipped: Test::Pod 1.18 required for testing POD
Argument "OpenBSD Clang 10" isn't numeric in numeric gt (>) at /home/cpan/pit/thr/perl-5.10.0/lib/5.10.0/Test2/Util.pm line 53.
t/098pod-coverage.t ..... skipped: Test::Pod::Coverage 1.04 required for testing POD coverage
Argument "OpenBSD Clang 10" isn't numeric in numeric gt (>) at /home/cpan/pit/thr/perl-5.10.0/lib/5.10.0/Test2/Util.pm line 53.
t/lexically.t ........... ok
Argument "OpenBSD Clang 10" isn't numeric in numeric gt (>) at /home/cpan/pit/thr/perl-5.10.0/lib/5.10.0/Test2/Util.pm line 53.
t/quiet.t ............... ok
Argument "OpenBSD Clang 10" isn't numeric in numeric gt (>) at /home/cpan/pit/thr/perl-5.10.0/lib/5.10.0/Test2/Util.pm line 53.
t/too-late-quiet.t ...... ok
Test Summary Report
-------------------
t/050child-processes.t (Wstat: 256 Tests: 5 Failed: 1)
Failed test: 5
Non-zero exit status: 1
Files=12, Tests=58, 5 wallclock secs ( 0.12 usr 0.16 sys + 2.71 cusr 0.96 csys = 3.95 CPU)
Result: FAIL
Failed 1/12 test programs. 1/58 subtests failed.
*** Error 255 in /home/cpan/pit/thr/conf/perl-5.10.0/.cpanplus/5.10.0/build/PTYUp0fJ_6/Devel-Hide-0.0014 (Makefile:864 'test_dynamic')
PREREQUISITES:
Here is a list of prerequisites you specified and versions we
managed to load:
Module Name Have Want
ExtUtils::MakeMaker 7.62 0
File::Temp 0.2311 0
Test::More 1.302187 0.82
Perl module toolchain versions installed:
Module Name Have
CPANPLUS 0.9912
CPANPLUS::Dist::Build 0.90
Cwd 3.75
ExtUtils::CBuilder 0.280236
ExtUtils::Command 7.62
ExtUtils::Install 2.20
ExtUtils::MakeMaker 7.62
ExtUtils::Manifest 1.73
ExtUtils::ParseXS 3.35
File::Spec 3.75
Module::Build 0.4231
Pod::Parser 1.35
Pod::Simple 3.42
Test2 1.302187
Test::Harness 3.42
Test::More 1.302187
version 0.9929
******************************** NOTE ********************************
The comments above are created mechanically, possibly without manual
checking by the sender. As there are many people performing automatic
tests on each upload to CPAN, it is likely that you will receive
identical messages about the same problem.
If you believe that the message is mistaken, please reply to the first
one with correction and/or additional informations, and do not take
it personally. We appreciate your patience. :)
**********************************************************************
Additional comments:
This report was machine-generated by CPANPLUS::Dist::YACSmoke 1.08.
Powered by minismokebox version 0.68
CPANPLUS is prefering Build.PL
------------------------------
ENVIRONMENT AND OTHER CONTEXT
------------------------------
Environment variables:
AUTOMATED_TESTING = 1
NONINTERACTIVE_TESTING = 1
PATH = /home/cpan/pit/jail/xtmYc4ncmO/bin:/home/cpan/bin:/bin:/sbin:/usr/bin:/usr/sbin:/usr/X11R6/bin:/usr/local/bin:/usr/local/sbin:/usr/games
PERL5LIB = /home/cpan/pit/jail/xtmYc4ncmO/lib/perl5:/home/cpan/pit/thr/conf/perl-5.10.0/.cpanplus/5.10.0/build/PTYUp0fJ_6/Devel-Hide-0.0014/blib/lib:/home/cpan/pit/thr/conf/perl-5.10.0/.cpanplus/5.10.0/build/PTYUp0fJ_6/Devel-Hide-0.0014/blib/arch
PERL5_CPANPLUS_IS_RUNNING = 76254
PERL5_CPANPLUS_IS_VERSION = 0.9912
PERL5_MINISMOKEBOX = 0.68
PERL5_YACSMOKE_BASE = /home/cpan/pit/thr/conf/perl-5.10.0
PERL_EXTUTILS_AUTOINSTALL = --defaultdeps
PERL_LOCAL_LIB_ROOT = /home/cpan/pit/jail/xtmYc4ncmO
PERL_MB_OPT = --install_base "/home/cpan/pit/jail/xtmYc4ncmO"
PERL_MM_OPT = INSTALL_BASE=/home/cpan/pit/jail/xtmYc4ncmO
PERL_MM_USE_DEFAULT = 1
PERL_USE_UNSAFE_INC = 1
SHELL = /usr/local/bin/bash
TERM = screen
Perl special variables (and OS-specific diagnostics, for MSWin32):
Perl: $^X = /home/cpan/pit/thr/perl-5.10.0/bin/perl
UID: $< = 1001
EUID: $> = 1001
GID: $( = 1001 1001
EGID: $) = 1001 1001
-------------------------------
--
Summary of my perl5 (revision 5 version 10 subversion 0) configuration:
Platform:
osname=openbsd, osvers=6.9, archname=OpenBSD.amd64-openbsd-thread-multi
uname='openbsd oyster.bingosnet.co.uk 6.9 generic#464 amd64 '
config_args='-des -Dprefix=/home/cpan/pit/thr/perl-5.10.0 -Dusethreads'
hint=recommended, useposix=true, d_sigaction=define
useithreads=define, usemultiplicity=define
useperlio=define, d_sfio=undef, uselargefiles=define, usesocks=undef
use64bitint=define, use64bitall=define, uselongdouble=undef
usemymalloc=n, bincompat5005=undef
Compiler:
cc='cc', ccflags ='-pthread -fno-strict-aliasing -pipe -I/usr/local/include',
optimize='-O2',
cppflags='-pthread -fno-strict-aliasing -pipe -I/usr/local/include'
ccversion='', gccversion='OpenBSD Clang 10.0.1 ', gccosandvers=''
intsize=4, longsize=8, ptrsize=8, doublesize=8, byteorder=12345678
d_longlong=define, longlongsize=8, d_longdbl=define, longdblsize=16
ivtype='long', ivsize=8, nvtype='double', nvsize=8, Off_t='off_t', lseeksize=8
alignbytes=8, prototype=define
Linker and Libraries:
ld='cc', ldflags ='-pthread -Wl,-E -L/usr/local/lib'
libpth=/usr/local/lib /usr/lib
libs=-lgdbm -lm -lutil -lc
perllibs=-lm -lutil -lc
libc=/usr/lib/libc.so.96.0, so=so, useshrplib=false, libperl=libperl.a
gnulibc_version=''
Dynamic Linking:
dlsrc=dl_dlopen.xs, dlext=so, d_dlsymun=undef, ccdlflags=' '
cccdlflags='-DPIC -fPIC ', lddlflags='-shared -fPIC -L/usr/local/lib'
Characteristics of this binary (from libperl):
Compile-time options: MULTIPLICITY PERL_DONT_CREATE_GVSV
PERL_IMPLICIT_CONTEXT PERL_MALLOC_WRAP USE_64_BIT_ALL
USE_64_BIT_INT USE_ITHREADS USE_LARGE_FILES
USE_PERLIO USE_REENTRANT_API
Locally applied patches:
Devel::PatchPerl 2.08
Built under openbsd
Compiled at Jun 6 2021 11:08:19
%ENV:
PERL5LIB="/home/cpan/pit/jail/xtmYc4ncmO/lib/perl5:/home/cpan/pit/thr/conf/perl-5.10.0/.cpanplus/5.10.0/build/PTYUp0fJ_6/Devel-Hide-0.0014/blib/lib:/home/cpan/pit/thr/conf/perl-5.10.0/.cpanplus/5.10.0/build/PTYUp0fJ_6/Devel-Hide-0.0014/blib/arch"
PERL5_CPANPLUS_IS_RUNNING="76254"
PERL5_CPANPLUS_IS_VERSION="0.9912"
PERL5_MINISMOKEBOX="0.68"
PERL5_YACSMOKE_BASE="/home/cpan/pit/thr/conf/perl-5.10.0"
PERL_EXTUTILS_AUTOINSTALL="--defaultdeps"
PERL_LOCAL_LIB_ROOT="/home/cpan/pit/jail/xtmYc4ncmO"
PERL_MB_OPT="--install_base "/home/cpan/pit/jail/xtmYc4ncmO""
PERL_MM_OPT="INSTALL_BASE=/home/cpan/pit/jail/xtmYc4ncmO"
PERL_MM_USE_DEFAULT="1"
PERL_USE_UNSAFE_INC="1"
@INC:
/home/cpan/pit/jail/xtmYc4ncmO/lib/perl5/5.10.0/OpenBSD.amd64-openbsd-thread-multi
/home/cpan/pit/jail/xtmYc4ncmO/lib/perl5/5.10.0
/home/cpan/pit/jail/xtmYc4ncmO/lib/perl5/OpenBSD.amd64-openbsd-thread-multi
/home/cpan/pit/jail/xtmYc4ncmO/lib/perl5
/home/cpan/pit/thr/conf/perl-5.10.0/.cpanplus/5.10.0/build/PTYUp0fJ_6/Devel-Hide-0.0014/blib/lib
/home/cpan/pit/thr/conf/perl-5.10.0/.cpanplus/5.10.0/build/PTYUp0fJ_6/Devel-Hide-0.0014/blib/arch
/home/cpan/pit/thr/perl-5.10.0/lib/5.10.0/OpenBSD.amd64-openbsd-thread-multi
/home/cpan/pit/thr/perl-5.10.0/lib/5.10.0
/home/cpan/pit/thr/perl-5.10.0/lib/site_perl/5.10.0/OpenBSD.amd64-openbsd-thread-multi
/home/cpan/pit/thr/perl-5.10.0/lib/site_perl/5.10.0
.