Report for WWW-EchoNest-v0.0.2

Back
From: metabase:user:e45047bb-6c03-1014-98e0-c05e9855645b
Subject: FAIL WWW-EchoNest-v0.0.2 v5.10.1 
Date: 2011-11-09T17:35:33Z

This distribution has been tested as part of the CPAN Testers
project, supporting the Perl programming language.  See
http://wiki.cpantesters.org/ for more information or email
questions to cpan-testers-discuss@perl.org


--
Dear Brian Sorahan,

This is a computer-generated report for WWW-EchoNest-v0.0.2
on perl 5.10.1, created by CPAN-Reporter-1.2001.

Thank you for uploading your work to CPAN.  However, there was a problem
testing your distribution.

If you think this report is invalid, please consult the CPAN Testers Wiki
for suggestions on how to avoid getting FAIL reports for missing library
or binary dependencies, unsupported operating systems, and so on:

http://wiki.cpantesters.org/wiki/CPANAuthorNotes

Sections of this report:

    * Tester comments
    * Program output
    * Prerequisites
    * Environment and other context

------------------------------
TESTER COMMENTS
------------------------------

Additional comments from tester:

none provided

------------------------------
PROGRAM OUTPUT
------------------------------

Output from 'nmake.exe test':


Microsoft (R) Program Maintenance Utility Version 10.00.30319.01
Copyright (C) Microsoft Corporation.  All rights reserved.

	C:\CPANTesters\Perl5.10.1\bin\perl.exe "-MExtUtils::Command::MM" "-e" "test_harness(0, 'blib\lib', 'blib\arch')" t/*.t

#   Failed test 'use WWW::EchoNest;'
#   at t/00-load.t line 6.
#     Tried to use 'WWW::EchoNest'.
#     Error:  Could not make C:\Documents and Settings\lsusanto\Desktop\Home\.echonest: Insecure dependency in mkdir while running with -T switch at C:/CPANTesters/Perl5.10.1/lib/File/Path.pm line 136.
#  at C:\CPANTesters\cpan\build\WWW-EchoNest-v0.0.2-T7vOhz\blib\lib/WWW/EchoNest/Config.pm line 14
# Compilation failed in require at C:\CPANTesters\cpan\build\WWW-EchoNest-v0.0.2-T7vOhz\blib\lib/WWW/EchoNest/Config.pm line 14.
# BEGIN failed--compilation aborted at C:\CPANTesters\cpan\build\WWW-EchoNest-v0.0.2-T7vOhz\blib\lib/WWW/EchoNest/Config.pm line 14.
# Compilation failed in require at C:\CPANTesters\cpan\build\WWW-EchoNest-v0.0.2-T7vOhz\blib\lib/WWW/EchoNest.pm line 34.
# BEGIN failed--compilation aborted at C:\CPANTesters\cpan\build\WWW-EchoNest-v0.0.2-T7vOhz\blib\lib/WWW/EchoNest.pm line 34.
# Compilation failed in require at (eval 4) line 2.
# BEGIN failed--compilation aborted at (eval 4) line 2.
# Testing WWW::EchoNest 0.0.2, Perl 5.010001, C:\CPANTE~1\PERL51~1.1\bin\perl.exe
# Looks like you failed 1 test of 1.
t/00-load.t ....... 
Dubious, test returned 1 (wstat 256, 0x100)
Failed 1/1 subtests 

#   Failed test 'use WWW::EchoNest;'
#   at t/artist.t line 10.
#     Tried to use 'WWW::EchoNest'.
#     Error:  Could not make C:\Documents and Settings\lsusanto\Desktop\Home\.echonest: Insecure dependency in mkdir while running with -T switch at C:/CPANTesters/Perl5.10.1/lib/File/Path.pm line 136.
#  at C:\CPANTesters\cpan\build\WWW-EchoNest-v0.0.2-T7vOhz\blib\lib/WWW/EchoNest/Config.pm line 14
# Compilation failed in require at C:\CPANTesters\cpan\build\WWW-EchoNest-v0.0.2-T7vOhz\blib\lib/WWW/EchoNest/Config.pm line 14.
# BEGIN failed--compilation aborted at C:\CPANTesters\cpan\build\WWW-EchoNest-v0.0.2-T7vOhz\blib\lib/WWW/EchoNest/Config.pm line 14.
# Compilation failed in require at C:\CPANTesters\cpan\build\WWW-EchoNest-v0.0.2-T7vOhz\blib\lib/WWW/EchoNest.pm line 34.
# BEGIN failed--compilation aborted at C:\CPANTesters\cpan\build\WWW-EchoNest-v0.0.2-T7vOhz\blib\lib/WWW/EchoNest.pm line 34.
# Compilation failed in require at (eval 4) line 2.
# BEGIN failed--compilation aborted at (eval 4) line 2.

#   Failed test 'use WWW::EchoNest::Artist;'
#   at t/artist.t line 12.
#     Tried to use 'WWW::EchoNest::Artist'.
#     Error:  Attempt to reload WWW/EchoNest.pm aborted.
# Compilation failed in require at C:\CPANTesters\cpan\build\WWW-EchoNest-v0.0.2-T7vOhz\blib\lib/WWW/EchoNest/Functional.pm line 10.
# BEGIN failed--compilation aborted at C:\CPANTesters\cpan\build\WWW-EchoNest-v0.0.2-T7vOhz\blib\lib/WWW/EchoNest/Functional.pm line 10.
# Compilation failed in require at C:\CPANTesters\cpan\build\WWW-EchoNest-v0.0.2-T7vOhz\blib\lib/WWW/EchoNest/Artist.pm line 16.
# BEGIN failed--compilation aborted at C:\CPANTesters\cpan\build\WWW-EchoNest-v0.0.2-T7vOhz\blib\lib/WWW/EchoNest/Artist.pm line 16.
# Compilation failed in require at (eval 13) line 2.
# BEGIN failed--compilation aborted at (eval 13) line 2.

#   Failed test 'new() died'
#   at t/artist.t line 27.
#     Error was:  Can't locate object method "new" via package "WWW::EchoNest::Artist" at C:/CPANTesters/Perl5.10.1/site/lib/Test/More.pm line 668.

#   Failed test 'The thing isa WWW::EchoNest::Artist'
#   at t/artist.t line 28.
#     The thing isn't defined
Can't call method "get_name" on an undefined value at t/artist.t line 36.
# Looks like you failed 4 tests of 5.
# Looks like your test exited with 255 just after 5.
t/artist.t ........ 
Dubious, test returned 255 (wstat 65280, 0xff00)
Failed 4/5 subtests 
couldn't open Changes for reading: No such file or directory at t/boilerplate.t line 10.
# Looks like you planned 3 tests but ran 1.
# Looks like your test exited with 2 just after 1.
t/boilerplate.t ... 
Dubious, test returned 2 (wstat 512, 0x200)
Failed 2/3 subtests 
	(1 TODO test unexpectedly succeeded)

#   Failed test 'use WWW::EchoNest;'
#   at t/catalog.t line 10.
#     Tried to use 'WWW::EchoNest'.
#     Error:  Could not make C:\Documents and Settings\lsusanto\Desktop\Home\.echonest: Insecure dependency in mkdir while running with -T switch at C:/CPANTesters/Perl5.10.1/lib/File/Path.pm line 136.
#  at C:\CPANTesters\cpan\build\WWW-EchoNest-v0.0.2-T7vOhz\blib\lib/WWW/EchoNest/Config.pm line 14
# Compilation failed in require at C:\CPANTesters\cpan\build\WWW-EchoNest-v0.0.2-T7vOhz\blib\lib/WWW/EchoNest/Config.pm line 14.
# BEGIN failed--compilation aborted at C:\CPANTesters\cpan\build\WWW-EchoNest-v0.0.2-T7vOhz\blib\lib/WWW/EchoNest/Config.pm line 14.
# Compilation failed in require at C:\CPANTesters\cpan\build\WWW-EchoNest-v0.0.2-T7vOhz\blib\lib/WWW/EchoNest.pm line 34.
# BEGIN failed--compilation aborted at C:\CPANTesters\cpan\build\WWW-EchoNest-v0.0.2-T7vOhz\blib\lib/WWW/EchoNest.pm line 34.
# Compilation failed in require at (eval 4) line 2.
# BEGIN failed--compilation aborted at (eval 4) line 2.

#   Failed test 'use WWW::EchoNest::Catalog;'
#   at t/catalog.t line 12.
#     Tried to use 'WWW::EchoNest::Catalog'.
#     Error:  Attempt to reload WWW/EchoNest.pm aborted.
# Compilation failed in require at C:\CPANTesters\cpan\build\WWW-EchoNest-v0.0.2-T7vOhz\blib\lib/WWW/EchoNest/Proxy.pm line 9.
# BEGIN failed--compilation aborted at C:\CPANTesters\cpan\build\WWW-EchoNest-v0.0.2-T7vOhz\blib\lib/WWW/EchoNest/Proxy.pm line 9.
# Compilation failed in require at C:/CPANTesters/Perl5.10.1/site/lib/parent.pm line 20.
# BEGIN failed--compilation aborted at C:\CPANTesters\cpan\build\WWW-EchoNest-v0.0.2-T7vOhz\blib\lib/WWW/EchoNest/CatalogProxy.pm line 8.
# Compilation failed in require at C:/CPANTesters/Perl5.10.1/site/lib/parent.pm line 20.
# BEGIN failed--compilation aborted at C:\CPANTesters\cpan\build\WWW-EchoNest-v0.0.2-T7vOhz\blib\lib/WWW/EchoNest/Catalog.pm line 8.
# Compilation failed in require at (eval 13) line 2.
# BEGIN failed--compilation aborted at (eval 13) line 2.

#   Failed test 'use WWW::EchoNest::Song;'
#   at t/catalog.t line 13.
#     Tried to use 'WWW::EchoNest::Song'.
#     Error:  Attempt to reload WWW/EchoNest.pm aborted.
# Compilation failed in require at C:\CPANTesters\cpan\build\WWW-EchoNest-v0.0.2-T7vOhz\blib\lib/WWW/EchoNest/Song.pm line 12.
# BEGIN failed--compilation aborted at C:\CPANTesters\cpan\build\WWW-EchoNest-v0.0.2-T7vOhz\blib\lib/WWW/EchoNest/Song.pm line 12.
# Compilation failed in require at (eval 14) line 2.
# BEGIN failed--compilation aborted at (eval 14) line 2.

#   Failed test 'use WWW::EchoNest::Artist;'
#   at t/catalog.t line 14.
#     Tried to use 'WWW::EchoNest::Artist'.
#     Error:  Attempt to reload WWW/EchoNest.pm aborted.
# Compilation failed in require at C:\CPANTesters\cpan\build\WWW-EchoNest-v0.0.2-T7vOhz\blib\lib/WWW/EchoNest/Functional.pm line 10.
# BEGIN failed--compilation aborted at C:\CPANTesters\cpan\build\WWW-EchoNest-v0.0.2-T7vOhz\blib\lib/WWW/EchoNest/Functional.pm line 10.
# Compilation failed in require at C:\CPANTesters\cpan\build\WWW-EchoNest-v0.0.2-T7vOhz\blib\lib/WWW/EchoNest/Artist.pm line 16.
# BEGIN failed--compilation aborted at C:\CPANTesters\cpan\build\WWW-EchoNest-v0.0.2-T7vOhz\blib\lib/WWW/EchoNest/Artist.pm line 16.
# Compilation failed in require at (eval 16) line 2.
# BEGIN failed--compilation aborted at (eval 16) line 2.
Bareword "WWW::EchoNest::Catalog::_types" not allowed while "strict subs" in use at t/catalog.t line 17.
Execution of t/catalog.t aborted due to compilation errors.
t/catalog.t ....... 
Dubious, test returned 255 (wstat 65280, 0xff00)
Failed 4/5 subtests 

#   Failed test 'use WWW::EchoNest;'
#   at t/echonest.t line 10.
#     Tried to use 'WWW::EchoNest'.
#     Error:  Could not make C:\Documents and Settings\lsusanto\Desktop\Home\.echonest: Insecure dependency in mkdir while running with -T switch at C:/CPANTesters/Perl5.10.1/lib/File/Path.pm line 136.
#  at C:\CPANTesters\cpan\build\WWW-EchoNest-v0.0.2-T7vOhz\blib\lib/WWW/EchoNest/Config.pm line 14
# Compilation failed in require at C:\CPANTesters\cpan\build\WWW-EchoNest-v0.0.2-T7vOhz\blib\lib/WWW/EchoNest/Config.pm line 14.
# BEGIN failed--compilation aborted at C:\CPANTesters\cpan\build\WWW-EchoNest-v0.0.2-T7vOhz\blib\lib/WWW/EchoNest/Config.pm line 14.
# Compilation failed in require at C:\CPANTesters\cpan\build\WWW-EchoNest-v0.0.2-T7vOhz\blib\lib/WWW/EchoNest.pm line 34.
# BEGIN failed--compilation aborted at C:\CPANTesters\cpan\build\WWW-EchoNest-v0.0.2-T7vOhz\blib\lib/WWW/EchoNest.pm line 34.
# Compilation failed in require at (eval 4) line 2.
# BEGIN failed--compilation aborted at (eval 4) line 2.

#   Failed test 'use WWW::EchoNest::ConfigData;'
#   at t/echonest.t line 11.
#     Tried to use 'WWW::EchoNest::ConfigData'.
#     Error:  Can't locate WWW/EchoNest/ConfigData.pm in @INC (@INC contains: C:\CPANTesters\cpan\build\WWW-EchoNest-v0.0.2-T7vOhz\blib\lib C:\CPANTesters\cpan\build\WWW-EchoNest-v0.0.2-T7vOhz\blib\arch C:/CPANTesters/Perl5.10.1/site/lib C:/CPANTesters/Perl5.10.1/lib) at (eval 12) line 2.
# BEGIN failed--compilation aborted at (eval 12) line 2.
Can't locate object method "feature" via package "WWW::EchoNest::ConfigData" (perhaps you forgot to load "WWW::EchoNest::ConfigData"?) at t/echonest.t line 18.
# Looks like you failed 2 tests of 2.
# Looks like your test exited with 255 just after 2.
t/echonest.t ...... 
Dubious, test returned 255 (wstat 65280, 0xff00)
Failed 2/2 subtests 
t/manifest.t ...... skipped: Author tests not required for installation

#   Failed test 'use WWW::EchoNest;'
#   at t/playlist.t line 10.
#     Tried to use 'WWW::EchoNest'.
#     Error:  Could not make C:\Documents and Settings\lsusanto\Desktop\Home\.echonest: Insecure dependency in mkdir while running with -T switch at C:/CPANTesters/Perl5.10.1/lib/File/Path.pm line 136.
#  at C:\CPANTesters\cpan\build\WWW-EchoNest-v0.0.2-T7vOhz\blib\lib/WWW/EchoNest/Config.pm line 14
# Compilation failed in require at C:\CPANTesters\cpan\build\WWW-EchoNest-v0.0.2-T7vOhz\blib\lib/WWW/EchoNest/Config.pm line 14.
# BEGIN failed--compilation aborted at C:\CPANTesters\cpan\build\WWW-EchoNest-v0.0.2-T7vOhz\blib\lib/WWW/EchoNest/Config.pm line 14.
# Compilation failed in require at C:\CPANTesters\cpan\build\WWW-EchoNest-v0.0.2-T7vOhz\blib\lib/WWW/EchoNest.pm line 34.
# BEGIN failed--compilation aborted at C:\CPANTesters\cpan\build\WWW-EchoNest-v0.0.2-T7vOhz\blib\lib/WWW/EchoNest.pm line 34.
# Compilation failed in require at (eval 4) line 2.
# BEGIN failed--compilation aborted at (eval 4) line 2.

#   Failed test 'use WWW::EchoNest::Playlist;'
#   at t/playlist.t line 12.
#     Tried to use 'WWW::EchoNest::Playlist'.
#     Error:  Attempt to reload WWW/EchoNest.pm aborted.
# Compilation failed in require at C:\CPANTesters\cpan\build\WWW-EchoNest-v0.0.2-T7vOhz\blib\lib/WWW/EchoNest/Proxy.pm line 9.
# BEGIN failed--compilation aborted at C:\CPANTesters\cpan\build\WWW-EchoNest-v0.0.2-T7vOhz\blib\lib/WWW/EchoNest/Proxy.pm line 9.
# Compilation failed in require at C:/CPANTesters/Perl5.10.1/site/lib/parent.pm line 20.
# BEGIN failed--compilation aborted at C:\CPANTesters\cpan\build\WWW-EchoNest-v0.0.2-T7vOhz\blib\lib/WWW/EchoNest/PlaylistProxy.pm line 8.
# Compilation failed in require at C:/CPANTesters/Perl5.10.1/site/lib/parent.pm line 20.
# BEGIN failed--compilation aborted at C:\CPANTesters\cpan\build\WWW-EchoNest-v0.0.2-T7vOhz\blib\lib/WWW/EchoNest/Playlist.pm line 13.
# Compilation failed in require at (eval 13) line 2.
# BEGIN failed--compilation aborted at (eval 13) line 2.

#   Failed test 'use WWW::EchoNest::Song;'
#   at t/playlist.t line 13.
#     Tried to use 'WWW::EchoNest::Song'.
#     Error:  Attempt to reload WWW/EchoNest.pm aborted.
# Compilation failed in require at C:\CPANTesters\cpan\build\WWW-EchoNest-v0.0.2-T7vOhz\blib\lib/WWW/EchoNest/Song.pm line 12.
# BEGIN failed--compilation aborted at C:\CPANTesters\cpan\build\WWW-EchoNest-v0.0.2-T7vOhz\blib\lib/WWW/EchoNest/Song.pm line 12.
# Compilation failed in require at (eval 14) line 2.
# BEGIN failed--compilation aborted at (eval 14) line 2.

#   Failed test 'new() died'
#   at t/playlist.t line 27.
#     Error was:  Can't locate object method "new" via package "WWW::EchoNest::Playlist" at C:/CPANTesters/Perl5.10.1/site/lib/Test/More.pm line 668.
Undefined subroutine &main::get_playlist called at t/playlist.t line 28.
# Looks like you failed 4 tests of 5.
# Looks like your test exited with 255 just after 5.
t/playlist.t ...... 
Dubious, test returned 255 (wstat 65280, 0xff00)
Failed 4/5 subtests 
t/pod-coverage.t .. ok
t/pod.t ........... ok

#   Failed test 'use WWW::EchoNest;'
#   at t/song.t line 11.
#     Tried to use 'WWW::EchoNest'.
#     Error:  Could not make C:\Documents and Settings\lsusanto\Desktop\Home\.echonest: Insecure dependency in mkdir while running with -T switch at C:/CPANTesters/Perl5.10.1/lib/File/Path.pm line 136.
#  at C:\CPANTesters\cpan\build\WWW-EchoNest-v0.0.2-T7vOhz\blib\lib/WWW/EchoNest/Config.pm line 14
# Compilation failed in require at C:\CPANTesters\cpan\build\WWW-EchoNest-v0.0.2-T7vOhz\blib\lib/WWW/EchoNest/Config.pm line 14.
# BEGIN failed--compilation aborted at C:\CPANTesters\cpan\build\WWW-EchoNest-v0.0.2-T7vOhz\blib\lib/WWW/EchoNest/Config.pm line 14.
# Compilation failed in require at C:\CPANTesters\cpan\build\WWW-EchoNest-v0.0.2-T7vOhz\blib\lib/WWW/EchoNest.pm line 34.
# BEGIN failed--compilation aborted at C:\CPANTesters\cpan\build\WWW-EchoNest-v0.0.2-T7vOhz\blib\lib/WWW/EchoNest.pm line 34.
# Compilation failed in require at (eval 4) line 2.
# BEGIN failed--compilation aborted at (eval 4) line 2.

#   Failed test 'use WWW::EchoNest::Song;'
#   at t/song.t line 13.
#     Tried to use 'WWW::EchoNest::Song'.
#     Error:  Attempt to reload WWW/EchoNest.pm aborted.
# Compilation failed in require at C:\CPANTesters\cpan\build\WWW-EchoNest-v0.0.2-T7vOhz\blib\lib/WWW/EchoNest/Song.pm line 12.
# BEGIN failed--compilation aborted at C:\CPANTesters\cpan\build\WWW-EchoNest-v0.0.2-T7vOhz\blib\lib/WWW/EchoNest/Song.pm line 12.
# Compilation failed in require at (eval 13) line 2.
# BEGIN failed--compilation aborted at (eval 13) line 2.

#   Failed test 'use WWW::EchoNest::ConfigData;'
#   at t/song.t line 14.
#     Tried to use 'WWW::EchoNest::ConfigData'.
#     Error:  Can't locate WWW/EchoNest/ConfigData.pm in @INC (@INC contains: C:\CPANTesters\cpan\build\WWW-EchoNest-v0.0.2-T7vOhz\blib\lib C:\CPANTesters\cpan\build\WWW-EchoNest-v0.0.2-T7vOhz\blib\arch C:/CPANTesters/Perl5.10.1/site/lib C:/CPANTesters/Perl5.10.1/lib) at (eval 15) line 2.
# BEGIN failed--compilation aborted at (eval 15) line 2.
Can't locate object method "feature" via package "WWW::EchoNest::ConfigData" (perhaps you forgot to load "WWW::EchoNest::ConfigData"?) at t/song.t line 21.
# Looks like you failed 3 tests of 4.
# Looks like your test exited with 255 just after 4.
t/song.t .......... 
Dubious, test returned 255 (wstat 65280, 0xff00)
Failed 3/4 subtests 

#   Failed test 'use WWW::EchoNest;'
#   at t/track.t line 11.
#     Tried to use 'WWW::EchoNest'.
#     Error:  Could not make C:\Documents and Settings\lsusanto\Desktop\Home\.echonest: Insecure dependency in mkdir while running with -T switch at C:/CPANTesters/Perl5.10.1/lib/File/Path.pm line 136.
#  at C:\CPANTesters\cpan\build\WWW-EchoNest-v0.0.2-T7vOhz\blib\lib/WWW/EchoNest/Config.pm line 14
# Compilation failed in require at C:\CPANTesters\cpan\build\WWW-EchoNest-v0.0.2-T7vOhz\blib\lib/WWW/EchoNest/Config.pm line 14.
# BEGIN failed--compilation aborted at C:\CPANTesters\cpan\build\WWW-EchoNest-v0.0.2-T7vOhz\blib\lib/WWW/EchoNest/Config.pm line 14.
# Compilation failed in require at C:\CPANTesters\cpan\build\WWW-EchoNest-v0.0.2-T7vOhz\blib\lib/WWW/EchoNest.pm line 34.
# BEGIN failed--compilation aborted at C:\CPANTesters\cpan\build\WWW-EchoNest-v0.0.2-T7vOhz\blib\lib/WWW/EchoNest.pm line 34.
# Compilation failed in require at (eval 4) line 2.
# BEGIN failed--compilation aborted at (eval 4) line 2.

#   Failed test 'use WWW::EchoNest::Track;'
#   at t/track.t line 12.
#     Tried to use 'WWW::EchoNest::Track'.
#     Error:  Attempt to reload WWW/EchoNest.pm aborted.
# Compilation failed in require at C:\CPANTesters\cpan\build\WWW-EchoNest-v0.0.2-T7vOhz\blib\lib/WWW/EchoNest/Proxy.pm line 9.
# BEGIN failed--compilation aborted at C:\CPANTesters\cpan\build\WWW-EchoNest-v0.0.2-T7vOhz\blib\lib/WWW/EchoNest/Proxy.pm line 9.
# Compilation failed in require at C:/CPANTesters/Perl5.10.1/site/lib/parent.pm line 20.
# BEGIN failed--compilation aborted at C:\CPANTesters\cpan\build\WWW-EchoNest-v0.0.2-T7vOhz\blib\lib/WWW/EchoNest/TrackProxy.pm line 8.
# Compilation failed in require at C:/CPANTesters/Perl5.10.1/site/lib/parent.pm line 20.
# BEGIN failed--compilation aborted at C:\CPANTesters\cpan\build\WWW-EchoNest-v0.0.2-T7vOhz\blib\lib/WWW/EchoNest/Track.pm line 32.
# Compilation failed in require at (eval 12) line 2.
# BEGIN failed--compilation aborted at (eval 12) line 2.

#   Failed test 'use WWW::EchoNest::ConfigData;'
#   at t/track.t line 13.
#     Tried to use 'WWW::EchoNest::ConfigData'.
#     Error:  Can't locate WWW/EchoNest/ConfigData.pm in @INC (@INC contains: C:\CPANTesters\cpan\build\WWW-EchoNest-v0.0.2-T7vOhz\blib\lib C:\CPANTesters\cpan\build\WWW-EchoNest-v0.0.2-T7vOhz\blib\arch C:/CPANTesters/Perl5.10.1/site/lib C:/CPANTesters/Perl5.10.1/lib) at (eval 13) line 2.
# BEGIN failed--compilation aborted at (eval 13) line 2.
Can't locate object method "feature" via package "WWW::EchoNest::ConfigData" (perhaps you forgot to load "WWW::EchoNest::ConfigData"?) at t/track.t line 16.
# Looks like you failed 3 tests of 3.
# Looks like your test exited with 255 just after 3.
t/track.t ......... 
Dubious, test returned 255 (wstat 65280, 0xff00)
Failed 3/3 subtests 

Test Summary Report
-------------------
t/00-load.t     (Wstat: 256 Tests: 1 Failed: 1)
  Failed test:  1
  Non-zero exit status: 1
t/artist.t      (Wstat: 65280 Tests: 5 Failed: 4)
  Failed tests:  1, 3-5
  Non-zero exit status: 255
t/boilerplate.t (Wstat: 512 Tests: 1 Failed: 0)
  TODO passed:   1
  Non-zero exit status: 2
  Parse errors: Bad plan.  You planned 3 tests but ran 1.
t/catalog.t     (Wstat: 65280 Tests: 5 Failed: 4)
  Failed tests:  1, 3-5
  Non-zero exit status: 255
  Parse errors: No plan found in TAP output
t/echonest.t    (Wstat: 65280 Tests: 2 Failed: 2)
  Failed tests:  1-2
  Non-zero exit status: 255
t/playlist.t    (Wstat: 65280 Tests: 5 Failed: 4)
  Failed tests:  1, 3-5
  Non-zero exit status: 255
t/song.t        (Wstat: 65280 Tests: 4 Failed: 3)
  Failed tests:  1, 3-4
  Non-zero exit status: 255
t/track.t       (Wstat: 65280 Tests: 3 Failed: 3)
  Failed tests:  1-3
  Non-zero exit status: 255
Files=11, Tests=53,  5 wallclock secs ( 0.20 usr +  0.16 sys =  0.36 CPU)
Result: FAIL
Failed 8/11 test programs. 21/53 subtests failed.
NMAKE : fatal error U1077: 'C:\CPANTesters\Perl5.10.1\bin\perl.exe' : return code '0xff'
Stop.

------------------------------
PREREQUISITES
------------------------------

Prerequisite modules loaded:

requires:

    Module        Need Have  
    ------------- ---- ------
    JSON          0    2.53  
    Test::More    0    0.98  

configure_requires:

    Module        Need Have  
    ------------- ---- ------
    Module::Build 0.36 0.3800


------------------------------
ENVIRONMENT AND OTHER CONTEXT
------------------------------

Environment variables:

    COMSPEC = C:\WINDOWS\system32\cmd.exe
    INCLUDE = C:\Program Files\Microsoft Platform SDK for Windows Server 2003 R2\Include;C:\Program Files\Microsoft Visual Studio 10.0\VC\INCLUDE;C:\Program Files\Microsoft Visual Studio 10.0\VC\ATLMFC\INCLUDE;C:\Program Files\Microsoft SDKs\Windows\v7.1\INCLUDE;C:\Program Files\Microsoft SDKs\Windows\v7.1\INCLUDE\gl;C:\Program Files\Microsoft SDKs\Windows\v7.0A\include;C:\Program Files\Microsoft SDKs\Windows\v7.0A\include\gl;C:\Program Files\Microsoft SDKs\Windows\v6.0A\include;C:\Program Files\Microsoft SDKs\Windows\v6.0A\include\gl;C:\CPANTesters\bin\iconv-1.9.2.win32\include;C:\CPANTesters\bin\libxml2-2.7.8.win32\include;C:\CPANTesters\bin\libxslt-1.1.26.win32\include;C:\CPANTesters\bin\cairo_1.10.2-1_win32\include;C:\CPANTesters\bin\fontconfig_2.8.0-2_win32\include;C:\CPANTesters\bin\freetype_2.4.4-1_win32\include;C:\CPANTesters\bin\libpng_1.4.3-1_win32\include;C:\CPANTesters\bin\libtiff_3.9.2-1_win32\include;C:\CPANTesters\bin\jpeg_8-1_win32\include;C:\CPANTesters\bin\libffi_3.0.6-1_win32\include;C:\CPANTesters\bin\libbzip2_1.0.5-2_win32\include;C:\CPANTesters\bin\libgw32c-0.4\include;C:\CPANTesters\bin\libical_0.43-1_win32\include;C:\CPANTesters\bin\gsl-1.8\include;C:\CPANTesters\bin\gd-2.0.33-1\include;C:\Program Files\ImageMagick-6.6.3-Q16\include;C:\work\bin\db-5.1.19\build_windows;C:\work\bin\Python26\include;C:\work\bin\mysql-5.5.11-win32\include;C:\Program Files\R\R-2.13.0\include;C:\Program Files\Graphviz 2.28\include;C:\work\include
    LIB = C:\Program Files\Microsoft Platform SDK for Windows Server 2003 R2\Lib;C:\Program Files\Microsoft Visual Studio 10.0\VC\LIB;C:\Program Files\Microsoft Visual Studio 10.0\VC\ATLMFC\LIB;C:\Program Files\Microsoft SDKs\Windows\v7.1\Lib;C:\Program Files\Microsoft SDKs\Windows\v7.0A\lib;C:\Program Files\Microsoft SDKs\Windows\v6.0A\Lib;C:\WINDOWS\Microsoft.NET\Framework\v4.0.30319;C:\WINDOWS\Microsoft.NET\Framework\v3.5;C:\CPANTesters\bin\iconv-1.9.2.win32\lib;C:\CPANTesters\bin\libxml2-2.7.8.win32\lib;C:\CPANTesters\bin\libxslt-1.1.26.win32\lib;C:\CPANTesters\bin\cairo_1.10.2-1_win32\lib;C:\CPANTesters\bin\fontconfig_2.8.0-2_win32\lib;C:\CPANTesters\bin\freetype_2.4.4-1_win32\lib;C:\CPANTesters\bin\libpng_1.4.3-1_win32\lib;C:\CPANTesters\bin\libtiff_3.9.2-1_win32\lib;C:\CPANTesters\bin\jpeg_8-1_win32\lib;C:\CPANTesters\bin\libffi_3.0.6-1_win32\lib;C:\CPANTesters\bin\libbzip2_1.0.5-2_win32\lib;C:\CPANTesters\bin\libgw32c-0.4\lib;C:\CPANTesters\bin\libical_0.43-1_win32\lib;C:\CPANTesters\bin\gsl-1.8\lib;C:\CPANTesters\bin\gd-2.0.33-1\lib;C:\CPANTesters\bin\swigwin-2.0.4\Lib\perl5;C:\CPANTesters\bin\wxWidgets-2.8.12\lib\vc_lib;C:\Program Files\ImageMagick-6.6.3-Q16\lib;C:\work\bin\db-5.1.19\build_windows\Win32\Debug;C:\work\bin\Python26\libs;C:\work\bin\mysql-5.5.11-win32\lib;C:\work\bin\Aspell\bin;C:\Program Files\Graphviz 2.28\lib;C:\work\lib
    NUMBER_OF_PROCESSORS = 4
    PATH = C:\WINDOWS\Microsoft.NET\Framework\v4.0.30319;C:\WINDOWS\Microsoft.NET\Framework\v3.5;C:\Program Files\Microsoft F#\v4.0;C:\Program Files\Microsoft Visual Studio 10.0\VSTSDB\Deploy;C:\Program Files\Microsoft Visual Studio 10.0\Common7\IDE;C:\Program Files\Microsoft Visual Studio 10.0\VC\BIN;C:\Program Files\Microsoft Visual Studio 10.0\Common7\Tools;C:\Program Files\Microsoft Visual Studio 10.0\VC\VCPackages;C:\Program Files\HTML Help Workshop;C:\Program Files\Microsoft Visual Studio 10.0\Team Tools\Performance Tools;C:\Program Files\Microsoft SDKs\Windows\v7.1\Bin\NETFX 4.0 Tools;C:\Program Files\Microsoft SDKs\Windows\v7.1\Bin;C:\Program Files\Microsoft SDKs\Windows\v7.0A\bin\NETFX 4.0 Tools;C:\Program Files\Microsoft SDKs\Windows\v7.0A\bin;C:\Program Files\Microsoft SDKs\Windows\v6.0A\bin;C:\CPANTesters\Perl5.10.1\site\bin;C:\CPANTesters\Perl5.10.1\bin;C:\WINDOWS\system32;C:\WINDOWS;C:\WINDOWS\System32\Wbem;C:\WINDOWS\system32\WindowsPowerShell\v1.0;C:\CPANTesters\bin\pkg-config_0.23-3_win32\bin;C:\CPANTesters\bin\glib_2.28.1-1_win32\bin;C:\CPANTesters\bin\iconv-1.9.2.win32\bin;C:\CPANTesters\bin\libxml2-2.7.8.win32\bin;C:\CPANTesters\bin\libxslt-1.1.26.win32\bin;C:\CPANTesters\bin\cairo_1.10.2-1_win32\bin;C:\CPANTesters\bin\fontconfig_2.8.0-2_win32\bin;C:\CPANTesters\bin\freetype_2.4.4-1_win32\bin;C:\CPANTesters\bin\libpng_1.4.3-1_win32\bin;C:\CPANTesters\bin\libtiff_3.9.2-1_win32\bin;C:\CPANTesters\bin\jpeg_8-1_win32\bin;C:\CPANTesters\bin\libffi_3.0.6-1_win32\bin;C:\CPANTesters\bin\libbzip2_1.0.5-2_win32\bin;C:\CPANTesters\bin\libical_0.43-1_win32\bin;C:\CPANTesters\bin\gsl-1.8\bin;C:\CPANTesters\bin\gd-2.0.33-1\bin;C:\CPANTesters\bin\swigwin-2.0.4;C:\CPANTesters\bin\GnuPG1;C:\CPANTesters\bin\GnuPG2;C:\Program Files\ImageMagick-6.6.0-Q16;C:\work\bin\db-5.1.19\build_windows\Win32\Debug;C:\work\bin\Python26;C:\work\bin\mysql-5.5.11-win32\bin;C:\work\bin\Aspell\bin;C:\Program Files\Microsoft SQL Server\100\Tools\Binn\;c:\Program Files\Microsoft SQL Server\100\DTS\Binn\;C:\work\bin\rrdtool-1.2.30-bin-w32\rrdtool;C:\Program Files\R\R-2.13.0\bin;C:\Program Files\Graphviz 2.28\bin;c:\work\bin
    PERL5LIB = 
    PERL5OPT = 
    PERL5_CPANPLUS_IS_RUNNING = 1816
    PERL5_CPAN_IS_RUNNING = 1816
    PERL5_CPAN_IS_RUNNING_IN_RECURSION = 5840,1816
    PERL5_INCLUDE = C:\CPANTesters\Perl5.12.4\lib\CORE
    PERL5_LIB = C:\CPANTesters\Perl5.12.4\lib\CORE\perl512.lib
    PERL_CPAN_REPORTER_DIR = C:\CPANTesters
    PERL_MM_USE_DEFAULT = 1
    PROCESSOR_IDENTIFIER = x86 Family 6 Model 28 Stepping 2, GenuineIntel
    TEMP = C:\temp

Perl special variables (and OS-specific diagnostics, for MSWin32):

    $^X = C:\CPANTesters\Perl5.10.1\bin\perl.exe
    $UID/$EUID = 0 / 0
    $GID = 0
    $EGID = 0
    Win32::GetOSName = WinXP/.Net
    Win32::GetOSVersion = Service Pack 3, 5, 1, 2600, 2, 3, 0, 256, 1
    Win32::FsType = NTFS
    Win32::IsAdminUser = 1

Perl module toolchain versions installed:

    Module              Have    
    ------------------- --------
    CPAN                1.9402  
    CPAN::Meta          2.110930
    Cwd                 3.33    
    ExtUtils::CBuilder  0.280202
    ExtUtils::Command   1.16    
    ExtUtils::Install   1.54_01 
    ExtUtils::MakeMaker 6.55_02 
    ExtUtils::Manifest  1.58    
    ExtUtils::ParseXS   3.05    
    File::Spec          3.33    
    JSON                2.53    
    JSON::PP            2.27200 
    Module::Build       0.3800  
    Module::Signature   0.68    
    Parse::CPAN::Meta   1.4401  
    Test::Harness       3.23    
    Test::More          0.98    
    YAML                0.77    
    YAML::Syck          1.17    
    version             0.94    


--

Summary of my perl5 (revision 5 version 10 subversion 1) configuration:
   
  Platform:
    osname=MSWin32, osvers=5.00, archname=MSWin32-x86-multi-thread
    uname=''
    config_args='undef'
    hint=recommended, useposix=true, d_sigaction=undef
    useithreads=define, usemultiplicity=define
    useperlio=define, d_sfio=undef, uselargefiles=define, usesocks=undef
    use64bitint=undef, use64bitall=undef, uselongdouble=undef
    usemymalloc=n, bincompat5005=undef
  Compiler:
    cc='cl', ccflags ='-nologo -GF -W3 -MD -Zi -DNDEBUG -O1 -DWIN32 -D_CONSOLE -DNO_STRICT -DHAVE_DES_FCRYPT -DUSE_SITECUSTOMIZE -DPRIVLIB_LAST_IN_INC -DPERL_IMPLICIT_CONTEXT -DPERL_IMPLICIT_SYS -DUSE_PERLIO -DPERL_MSVCRT_READFIX',
    optimize='-MD -Zi -DNDEBUG -O1',
    cppflags='-DWIN32'
    ccversion='16.0.30319', gccversion='', gccosandvers=''
    intsize=4, longsize=4, ptrsize=4, doublesize=8, byteorder=1234
    d_longlong=undef, longlongsize=8, d_longdbl=define, longdblsize=8
    ivtype='long', ivsize=4, nvtype='double', nvsize=8, Off_t='__int64', lseeksize=8
    alignbytes=8, prototype=define
  Linker and Libraries:
    ld='link', ldflags ='-nologo -nodefaultlib -debug -opt:ref,icf  -libpath:"C:\CPANTesters\Perl5.10.1\lib\CORE"  -machine:x86'
    libpth=\lib
    libs=  oldnames.lib kernel32.lib user32.lib gdi32.lib winspool.lib  comdlg32.lib advapi32.lib shell32.lib ole32.lib oleaut32.lib  netapi32.lib uuid.lib ws2_32.lib mpr.lib winmm.lib  version.lib odbc32.lib odbccp32.lib comctl32.lib msvcrt.lib
    perllibs=  oldnames.lib kernel32.lib user32.lib gdi32.lib winspool.lib  comdlg32.lib advapi32.lib shell32.lib ole32.lib oleaut32.lib  netapi32.lib uuid.lib ws2_32.lib mpr.lib winmm.lib  version.lib odbc32.lib odbccp32.lib comctl32.lib msvcrt.lib
    libc=msvcrt.lib, so=dll, useshrplib=true, libperl=perl510.lib
    gnulibc_version=''
  Dynamic Linking:
    dlsrc=dl_win32.xs, dlext=dll, d_dlsymun=undef, ccdlflags=' '
    cccdlflags=' ', lddlflags='-dll -nologo -nodefaultlib -debug -opt:ref,icf  -libpath:"C:\CPANTesters\Perl5.10.1\lib\CORE"  -machine:x86'


Characteristics of this binary (from libperl): 
  Compile-time options: MULTIPLICITY PERL_DONT_CREATE_GVSV
                        PERL_IMPLICIT_CONTEXT PERL_IMPLICIT_SYS
                        PERL_MALLOC_WRAP PL_OP_SLAB_ALLOC USE_ITHREADS
                        USE_LARGE_FILES USE_PERLIO USE_SITECUSTOMIZE
  Locally applied patches:
	ActivePerl Build 1007 [291969]
	0abd0d disable non-unicode case insensitive trie matching
  Built under MSWin32
  Compiled at Jan 26 2010 23:15:11
  %ENV:
    PERL5_CPANPLUS_IS_RUNNING="1816"
    PERL5_CPAN_IS_RUNNING="1816"
    PERL5_CPAN_IS_RUNNING_IN_RECURSION="5840,1816"
    PERL5_INCLUDE="C:\CPANTesters\Perl5.12.4\lib\CORE"
    PERL5_LIB="C:\CPANTesters\Perl5.12.4\lib\CORE\perl512.lib"
    PERL_CPAN_REPORTER_DIR="C:\CPANTesters"
    PERL_MM_USE_DEFAULT="1"
  @INC:
    C:/CPANTesters/Perl5.10.1/site/lib
    C:/CPANTesters/Perl5.10.1/lib
    .