Report for WWW-EchoNest-v0.0.2

Back
From: metabase:user:775a6ef0-a30d-11e0-b928-abcd0a1a245f
Subject: FAIL WWW-EchoNest-v0.0.2 v5.14.1 GNU/Linux
Date: 2011-10-01T03:02:53Z

This distribution has been tested as part of the CPAN Testers
project, supporting the Perl programming language.  See
http://wiki.cpantesters.org/ for more information or email
questions to cpan-testers-discuss@perl.org


--
Dear Brian Sorahan,

This is a computer-generated report for WWW-EchoNest-v0.0.2
on perl 5.14.1, created by CPAN-Reporter-1.1902.

Thank you for uploading your work to CPAN.  However, there was a problem
testing your distribution.

If you think this report is invalid, please consult the CPAN Testers Wiki
for suggestions on how to avoid getting FAIL reports for missing library
or binary dependencies, unsupported operating systems, and so on:

http://wiki.cpantesters.org/wiki/CPANAuthorNotes

Sections of this report:

    * Tester comments
    * Program output
    * Prerequisites
    * Environment and other context

------------------------------
TESTER COMMENTS
------------------------------

Additional comments from tester:

this report is from an automated smoke testing program
and was not reviewed by a human for accuracy

------------------------------
PROGRAM OUTPUT
------------------------------

Output from '/usr/bin/make test':

PERL_DL_NONLAZY=1 /smoker/5.14.1/perl/bin/perl "-MExtUtils::Command::MM" "-e" "test_harness(0, 'blib/lib', 'blib/arch')" t/*.t
Could not read ECHO_NEST_API_KEY env var.
Your api key may need to be hardcoded into WWW/EchoNest/Preferences.pm.
 at /smoker/5.14.1/cpan/build/WWW-EchoNest-v0.0.2-APjHTH/blib/lib/WWW/EchoNest/Config.pm line 14

#   Failed test 'use WWW::EchoNest;'
#   at t/00-load.t line 6.
#     Tried to use 'WWW::EchoNest'.
#     Error:  Can't locate Log/Log4perl.pm in @INC (@INC contains: /smoker/5.14.1/cpan/build/WWW-EchoNest-v0.0.2-APjHTH/blib/lib /smoker/5.14.1/cpan/build/WWW-EchoNest-v0.0.2-APjHTH/blib/arch /smoker/5.14.1/perl/lib) at /smoker/5.14.1/cpan/build/WWW-EchoNest-v0.0.2-APjHTH/blib/lib/WWW/EchoNest/Logger.pm line 26.
# BEGIN failed--compilation aborted at /smoker/5.14.1/cpan/build/WWW-EchoNest-v0.0.2-APjHTH/blib/lib/WWW/EchoNest/Logger.pm line 26.
# Compilation failed in require at /smoker/5.14.1/cpan/build/WWW-EchoNest-v0.0.2-APjHTH/blib/lib/WWW/EchoNest.pm line 45.
# BEGIN failed--compilation aborted at /smoker/5.14.1/cpan/build/WWW-EchoNest-v0.0.2-APjHTH/blib/lib/WWW/EchoNest.pm line 45.
# Compilation failed in require at (eval 4) line 2.
# BEGIN failed--compilation aborted at (eval 4) line 2.
# Testing WWW::EchoNest 0.0.2, Perl 5.014001, /smoker/5.14.1/perl/bin/perl
# Looks like you failed 1 test of 1.
t/00-load.t ....... 
Dubious, test returned 1 (wstat 256, 0x100)
Failed 1/1 subtests 
Could not read ECHO_NEST_API_KEY env var.
Your api key may need to be hardcoded into WWW/EchoNest/Preferences.pm.
 at /smoker/5.14.1/cpan/build/WWW-EchoNest-v0.0.2-APjHTH/blib/lib/WWW/EchoNest/Config.pm line 14

#   Failed test 'use WWW::EchoNest;'
#   at t/artist.t line 10.
#     Tried to use 'WWW::EchoNest'.
#     Error:  Can't locate Log/Log4perl.pm in @INC (@INC contains: /smoker/5.14.1/cpan/build/WWW-EchoNest-v0.0.2-APjHTH/blib/lib /smoker/5.14.1/cpan/build/WWW-EchoNest-v0.0.2-APjHTH/blib/arch /smoker/5.14.1/perl/lib) at /smoker/5.14.1/cpan/build/WWW-EchoNest-v0.0.2-APjHTH/blib/lib/WWW/EchoNest/Logger.pm line 26.
# BEGIN failed--compilation aborted at /smoker/5.14.1/cpan/build/WWW-EchoNest-v0.0.2-APjHTH/blib/lib/WWW/EchoNest/Logger.pm line 26.
# Compilation failed in require at /smoker/5.14.1/cpan/build/WWW-EchoNest-v0.0.2-APjHTH/blib/lib/WWW/EchoNest.pm line 45.
# BEGIN failed--compilation aborted at /smoker/5.14.1/cpan/build/WWW-EchoNest-v0.0.2-APjHTH/blib/lib/WWW/EchoNest.pm line 45.
# Compilation failed in require at (eval 4) line 2.
# BEGIN failed--compilation aborted at (eval 4) line 2.

#   Failed test 'use WWW::EchoNest::Artist;'
#   at t/artist.t line 12.
#     Tried to use 'WWW::EchoNest::Artist'.
#     Error:  Attempt to reload WWW/EchoNest.pm aborted.
# Compilation failed in require at /smoker/5.14.1/cpan/build/WWW-EchoNest-v0.0.2-APjHTH/blib/lib/WWW/EchoNest/Util.pm line 18.
# BEGIN failed--compilation aborted at /smoker/5.14.1/cpan/build/WWW-EchoNest-v0.0.2-APjHTH/blib/lib/WWW/EchoNest/Util.pm line 18.
# Compilation failed in require at /smoker/5.14.1/cpan/build/WWW-EchoNest-v0.0.2-APjHTH/blib/lib/WWW/EchoNest/Artist.pm line 21.
# BEGIN failed--compilation aborted at /smoker/5.14.1/cpan/build/WWW-EchoNest-v0.0.2-APjHTH/blib/lib/WWW/EchoNest/Artist.pm line 21.
# Compilation failed in require at (eval 18) line 2.
# BEGIN failed--compilation aborted at (eval 18) line 2.

#   Failed test 'new() died'
#   at t/artist.t line 27.
#     Error was:  Can't locate object method "new" via package "WWW::EchoNest::Artist" at /smoker/5.14.1/perl/lib/Test/More.pm line 668.

#   Failed test 'The thing isa WWW::EchoNest::Artist'
#   at t/artist.t line 28.
#     The thing isn't defined
Can't call method "get_name" on an undefined value at t/artist.t line 36.
# Looks like you failed 4 tests of 5.
# Looks like your test exited with 255 just after 5.
t/artist.t ........ 
Dubious, test returned 255 (wstat 65280, 0xff00)
Failed 4/5 subtests 
couldn't open Changes for reading: No such file or directory at t/boilerplate.t line 10.
# Looks like you planned 3 tests but ran 1.
# Looks like your test exited with 2 just after 1.
t/boilerplate.t ... 
Dubious, test returned 2 (wstat 512, 0x200)
Failed 2/3 subtests 
	(1 TODO test unexpectedly succeeded)
Could not read ECHO_NEST_API_KEY env var.
Your api key may need to be hardcoded into WWW/EchoNest/Preferences.pm.
 at /smoker/5.14.1/cpan/build/WWW-EchoNest-v0.0.2-APjHTH/blib/lib/WWW/EchoNest/Config.pm line 14

#   Failed test 'use WWW::EchoNest;'
#   at t/catalog.t line 10.
#     Tried to use 'WWW::EchoNest'.
#     Error:  Can't locate Log/Log4perl.pm in @INC (@INC contains: /smoker/5.14.1/cpan/build/WWW-EchoNest-v0.0.2-APjHTH/blib/lib /smoker/5.14.1/cpan/build/WWW-EchoNest-v0.0.2-APjHTH/blib/arch /smoker/5.14.1/perl/lib) at /smoker/5.14.1/cpan/build/WWW-EchoNest-v0.0.2-APjHTH/blib/lib/WWW/EchoNest/Logger.pm line 26.
# BEGIN failed--compilation aborted at /smoker/5.14.1/cpan/build/WWW-EchoNest-v0.0.2-APjHTH/blib/lib/WWW/EchoNest/Logger.pm line 26.
# Compilation failed in require at /smoker/5.14.1/cpan/build/WWW-EchoNest-v0.0.2-APjHTH/blib/lib/WWW/EchoNest.pm line 45.
# BEGIN failed--compilation aborted at /smoker/5.14.1/cpan/build/WWW-EchoNest-v0.0.2-APjHTH/blib/lib/WWW/EchoNest.pm line 45.
# Compilation failed in require at (eval 4) line 2.
# BEGIN failed--compilation aborted at (eval 4) line 2.

#   Failed test 'use WWW::EchoNest::Catalog;'
#   at t/catalog.t line 12.
#     Tried to use 'WWW::EchoNest::Catalog'.
#     Error:  Attempt to reload WWW/EchoNest.pm aborted.
# Compilation failed in require at /smoker/5.14.1/cpan/build/WWW-EchoNest-v0.0.2-APjHTH/blib/lib/WWW/EchoNest/Proxy.pm line 9.
# BEGIN failed--compilation aborted at /smoker/5.14.1/cpan/build/WWW-EchoNest-v0.0.2-APjHTH/blib/lib/WWW/EchoNest/Proxy.pm line 9.
# Compilation failed in require at /smoker/5.14.1/perl/lib/parent.pm line 20.
# BEGIN failed--compilation aborted at /smoker/5.14.1/cpan/build/WWW-EchoNest-v0.0.2-APjHTH/blib/lib/WWW/EchoNest/CatalogProxy.pm line 8.
# Compilation failed in require at /smoker/5.14.1/perl/lib/parent.pm line 20.
# BEGIN failed--compilation aborted at /smoker/5.14.1/cpan/build/WWW-EchoNest-v0.0.2-APjHTH/blib/lib/WWW/EchoNest/Catalog.pm line 8.
# Compilation failed in require at (eval 18) line 2.
# BEGIN failed--compilation aborted at (eval 18) line 2.

#   Failed test 'use WWW::EchoNest::Song;'
#   at t/catalog.t line 13.
#     Tried to use 'WWW::EchoNest::Song'.
#     Error:  Attempt to reload WWW/EchoNest.pm aborted.
# Compilation failed in require at /smoker/5.14.1/cpan/build/WWW-EchoNest-v0.0.2-APjHTH/blib/lib/WWW/EchoNest/Song.pm line 12.
# BEGIN failed--compilation aborted at /smoker/5.14.1/cpan/build/WWW-EchoNest-v0.0.2-APjHTH/blib/lib/WWW/EchoNest/Song.pm line 12.
# Compilation failed in require at (eval 19) line 2.
# BEGIN failed--compilation aborted at (eval 19) line 2.

#   Failed test 'use WWW::EchoNest::Artist;'
#   at t/catalog.t line 14.
#     Tried to use 'WWW::EchoNest::Artist'.
#     Error:  Attempt to reload WWW/EchoNest.pm aborted.
# Compilation failed in require at /smoker/5.14.1/cpan/build/WWW-EchoNest-v0.0.2-APjHTH/blib/lib/WWW/EchoNest/Util.pm line 18.
# BEGIN failed--compilation aborted at /smoker/5.14.1/cpan/build/WWW-EchoNest-v0.0.2-APjHTH/blib/lib/WWW/EchoNest/Util.pm line 18.
# Compilation failed in require at /smoker/5.14.1/cpan/build/WWW-EchoNest-v0.0.2-APjHTH/blib/lib/WWW/EchoNest/Artist.pm line 21.
# BEGIN failed--compilation aborted at /smoker/5.14.1/cpan/build/WWW-EchoNest-v0.0.2-APjHTH/blib/lib/WWW/EchoNest/Artist.pm line 21.
# Compilation failed in require at (eval 20) line 2.
# BEGIN failed--compilation aborted at (eval 20) line 2.
Bareword "WWW::EchoNest::Catalog::_types" not allowed while "strict subs" in use at t/catalog.t line 17.
Execution of t/catalog.t aborted due to compilation errors.
# Looks like you failed 4 tests of 5.
# Looks like your test exited with 255 just after 5.
t/catalog.t ....... 
Dubious, test returned 255 (wstat 65280, 0xff00)
Failed 4/5 subtests 
Could not read ECHO_NEST_API_KEY env var.
Your api key may need to be hardcoded into WWW/EchoNest/Preferences.pm.
 at /smoker/5.14.1/cpan/build/WWW-EchoNest-v0.0.2-APjHTH/blib/lib/WWW/EchoNest/Config.pm line 14

#   Failed test 'use WWW::EchoNest;'
#   at t/echonest.t line 10.
#     Tried to use 'WWW::EchoNest'.
#     Error:  Can't locate Log/Log4perl.pm in @INC (@INC contains: /smoker/5.14.1/cpan/build/WWW-EchoNest-v0.0.2-APjHTH/blib/lib /smoker/5.14.1/cpan/build/WWW-EchoNest-v0.0.2-APjHTH/blib/arch /smoker/5.14.1/perl/lib) at /smoker/5.14.1/cpan/build/WWW-EchoNest-v0.0.2-APjHTH/blib/lib/WWW/EchoNest/Logger.pm line 26.
# BEGIN failed--compilation aborted at /smoker/5.14.1/cpan/build/WWW-EchoNest-v0.0.2-APjHTH/blib/lib/WWW/EchoNest/Logger.pm line 26.
# Compilation failed in require at /smoker/5.14.1/cpan/build/WWW-EchoNest-v0.0.2-APjHTH/blib/lib/WWW/EchoNest.pm line 45.
# BEGIN failed--compilation aborted at /smoker/5.14.1/cpan/build/WWW-EchoNest-v0.0.2-APjHTH/blib/lib/WWW/EchoNest.pm line 45.
# Compilation failed in require at (eval 4) line 2.
# BEGIN failed--compilation aborted at (eval 4) line 2.

#   Failed test 'use WWW::EchoNest::ConfigData;'
#   at t/echonest.t line 11.
#     Tried to use 'WWW::EchoNest::ConfigData'.
#     Error:  Can't locate WWW/EchoNest/ConfigData.pm in @INC (@INC contains: /smoker/5.14.1/cpan/build/WWW-EchoNest-v0.0.2-APjHTH/blib/lib /smoker/5.14.1/cpan/build/WWW-EchoNest-v0.0.2-APjHTH/blib/arch /smoker/5.14.1/perl/lib) at (eval 17) line 2.
# BEGIN failed--compilation aborted at (eval 17) line 2.
Can't locate object method "feature" via package "WWW::EchoNest::ConfigData" (perhaps you forgot to load "WWW::EchoNest::ConfigData"?) at t/echonest.t line 18.
# Looks like you failed 2 tests of 2.
# Looks like your test exited with 255 just after 2.
t/echonest.t ...... 
Dubious, test returned 255 (wstat 65280, 0xff00)
Failed 2/2 subtests 
t/manifest.t ...... skipped: Author tests not required for installation
Could not read ECHO_NEST_API_KEY env var.
Your api key may need to be hardcoded into WWW/EchoNest/Preferences.pm.
 at /smoker/5.14.1/cpan/build/WWW-EchoNest-v0.0.2-APjHTH/blib/lib/WWW/EchoNest/Config.pm line 14

#   Failed test 'use WWW::EchoNest;'
#   at t/playlist.t line 10.
#     Tried to use 'WWW::EchoNest'.
#     Error:  Can't locate Log/Log4perl.pm in @INC (@INC contains: /smoker/5.14.1/cpan/build/WWW-EchoNest-v0.0.2-APjHTH/blib/lib /smoker/5.14.1/cpan/build/WWW-EchoNest-v0.0.2-APjHTH/blib/arch /smoker/5.14.1/perl/lib) at /smoker/5.14.1/cpan/build/WWW-EchoNest-v0.0.2-APjHTH/blib/lib/WWW/EchoNest/Logger.pm line 26.
# BEGIN failed--compilation aborted at /smoker/5.14.1/cpan/build/WWW-EchoNest-v0.0.2-APjHTH/blib/lib/WWW/EchoNest/Logger.pm line 26.
# Compilation failed in require at /smoker/5.14.1/cpan/build/WWW-EchoNest-v0.0.2-APjHTH/blib/lib/WWW/EchoNest.pm line 45.
# BEGIN failed--compilation aborted at /smoker/5.14.1/cpan/build/WWW-EchoNest-v0.0.2-APjHTH/blib/lib/WWW/EchoNest.pm line 45.
# Compilation failed in require at (eval 4) line 2.
# BEGIN failed--compilation aborted at (eval 4) line 2.

#   Failed test 'use WWW::EchoNest::Playlist;'
#   at t/playlist.t line 12.
#     Tried to use 'WWW::EchoNest::Playlist'.
#     Error:  Attempt to reload WWW/EchoNest.pm aborted.
# Compilation failed in require at /smoker/5.14.1/cpan/build/WWW-EchoNest-v0.0.2-APjHTH/blib/lib/WWW/EchoNest/Proxy.pm line 9.
# BEGIN failed--compilation aborted at /smoker/5.14.1/cpan/build/WWW-EchoNest-v0.0.2-APjHTH/blib/lib/WWW/EchoNest/Proxy.pm line 9.
# Compilation failed in require at /smoker/5.14.1/perl/lib/parent.pm line 20.
# BEGIN failed--compilation aborted at /smoker/5.14.1/cpan/build/WWW-EchoNest-v0.0.2-APjHTH/blib/lib/WWW/EchoNest/PlaylistProxy.pm line 8.
# Compilation failed in require at /smoker/5.14.1/perl/lib/parent.pm line 20.
# BEGIN failed--compilation aborted at /smoker/5.14.1/cpan/build/WWW-EchoNest-v0.0.2-APjHTH/blib/lib/WWW/EchoNest/Playlist.pm line 13.
# Compilation failed in require at (eval 18) line 2.
# BEGIN failed--compilation aborted at (eval 18) line 2.

#   Failed test 'use WWW::EchoNest::Song;'
#   at t/playlist.t line 13.
#     Tried to use 'WWW::EchoNest::Song'.
#     Error:  Attempt to reload WWW/EchoNest.pm aborted.
# Compilation failed in require at /smoker/5.14.1/cpan/build/WWW-EchoNest-v0.0.2-APjHTH/blib/lib/WWW/EchoNest/Song.pm line 12.
# BEGIN failed--compilation aborted at /smoker/5.14.1/cpan/build/WWW-EchoNest-v0.0.2-APjHTH/blib/lib/WWW/EchoNest/Song.pm line 12.
# Compilation failed in require at (eval 19) line 2.
# BEGIN failed--compilation aborted at (eval 19) line 2.

#   Failed test 'new() died'
#   at t/playlist.t line 27.
#     Error was:  Can't locate object method "new" via package "WWW::EchoNest::Playlist" at /smoker/5.14.1/perl/lib/Test/More.pm line 668.
Undefined subroutine &main::get_playlist called at t/playlist.t line 28.
# Looks like you failed 4 tests of 5.
# Looks like your test exited with 255 just after 5.
t/playlist.t ...... 
Dubious, test returned 255 (wstat 65280, 0xff00)
Failed 4/5 subtests 
You tried to plan twice at t/pod-coverage.t line 10.
# Looks like your test exited with 2 before it could output anything.
t/pod-coverage.t .. 
Dubious, test returned 2 (wstat 512, 0x200)
No subtests run 
t/pod.t ........... skipped: Test::Pod 1.22 required for testing POD
Could not read ECHO_NEST_API_KEY env var.
Your api key may need to be hardcoded into WWW/EchoNest/Preferences.pm.
 at /smoker/5.14.1/cpan/build/WWW-EchoNest-v0.0.2-APjHTH/blib/lib/WWW/EchoNest/Config.pm line 14

#   Failed test 'use WWW::EchoNest;'
#   at t/song.t line 11.
#     Tried to use 'WWW::EchoNest'.
#     Error:  Can't locate Log/Log4perl.pm in @INC (@INC contains: /smoker/5.14.1/cpan/build/WWW-EchoNest-v0.0.2-APjHTH/blib/lib /smoker/5.14.1/cpan/build/WWW-EchoNest-v0.0.2-APjHTH/blib/arch /smoker/5.14.1/perl/lib) at /smoker/5.14.1/cpan/build/WWW-EchoNest-v0.0.2-APjHTH/blib/lib/WWW/EchoNest/Logger.pm line 26.
# BEGIN failed--compilation aborted at /smoker/5.14.1/cpan/build/WWW-EchoNest-v0.0.2-APjHTH/blib/lib/WWW/EchoNest/Logger.pm line 26.
# Compilation failed in require at /smoker/5.14.1/cpan/build/WWW-EchoNest-v0.0.2-APjHTH/blib/lib/WWW/EchoNest.pm line 45.
# BEGIN failed--compilation aborted at /smoker/5.14.1/cpan/build/WWW-EchoNest-v0.0.2-APjHTH/blib/lib/WWW/EchoNest.pm line 45.
# Compilation failed in require at (eval 4) line 2.
# BEGIN failed--compilation aborted at (eval 4) line 2.

#   Failed test 'use WWW::EchoNest::Song;'
#   at t/song.t line 13.
#     Tried to use 'WWW::EchoNest::Song'.
#     Error:  Attempt to reload WWW/EchoNest.pm aborted.
# Compilation failed in require at /smoker/5.14.1/cpan/build/WWW-EchoNest-v0.0.2-APjHTH/blib/lib/WWW/EchoNest/Song.pm line 12.
# BEGIN failed--compilation aborted at /smoker/5.14.1/cpan/build/WWW-EchoNest-v0.0.2-APjHTH/blib/lib/WWW/EchoNest/Song.pm line 12.
# Compilation failed in require at (eval 18) line 2.
# BEGIN failed--compilation aborted at (eval 18) line 2.

#   Failed test 'use WWW::EchoNest::ConfigData;'
#   at t/song.t line 14.
#     Tried to use 'WWW::EchoNest::ConfigData'.
#     Error:  Can't locate WWW/EchoNest/ConfigData.pm in @INC (@INC contains: /smoker/5.14.1/cpan/build/WWW-EchoNest-v0.0.2-APjHTH/blib/lib /smoker/5.14.1/cpan/build/WWW-EchoNest-v0.0.2-APjHTH/blib/arch /smoker/5.14.1/perl/lib) at (eval 19) line 2.
# BEGIN failed--compilation aborted at (eval 19) line 2.
Can't locate object method "feature" via package "WWW::EchoNest::ConfigData" (perhaps you forgot to load "WWW::EchoNest::ConfigData"?) at t/song.t line 21.
# Looks like you failed 3 tests of 4.
# Looks like your test exited with 255 just after 4.
t/song.t .......... 
Dubious, test returned 255 (wstat 65280, 0xff00)
Failed 3/4 subtests 
Could not read ECHO_NEST_API_KEY env var.
Your api key may need to be hardcoded into WWW/EchoNest/Preferences.pm.
 at /smoker/5.14.1/cpan/build/WWW-EchoNest-v0.0.2-APjHTH/blib/lib/WWW/EchoNest/Config.pm line 14

#   Failed test 'use WWW::EchoNest;'
#   at t/track.t line 11.
#     Tried to use 'WWW::EchoNest'.
#     Error:  Can't locate Log/Log4perl.pm in @INC (@INC contains: /smoker/5.14.1/cpan/build/WWW-EchoNest-v0.0.2-APjHTH/blib/lib /smoker/5.14.1/cpan/build/WWW-EchoNest-v0.0.2-APjHTH/blib/arch /smoker/5.14.1/perl/lib) at /smoker/5.14.1/cpan/build/WWW-EchoNest-v0.0.2-APjHTH/blib/lib/WWW/EchoNest/Logger.pm line 26.
# BEGIN failed--compilation aborted at /smoker/5.14.1/cpan/build/WWW-EchoNest-v0.0.2-APjHTH/blib/lib/WWW/EchoNest/Logger.pm line 26.
# Compilation failed in require at /smoker/5.14.1/cpan/build/WWW-EchoNest-v0.0.2-APjHTH/blib/lib/WWW/EchoNest.pm line 45.
# BEGIN failed--compilation aborted at /smoker/5.14.1/cpan/build/WWW-EchoNest-v0.0.2-APjHTH/blib/lib/WWW/EchoNest.pm line 45.
# Compilation failed in require at (eval 4) line 2.
# BEGIN failed--compilation aborted at (eval 4) line 2.

#   Failed test 'use WWW::EchoNest::Track;'
#   at t/track.t line 12.
#     Tried to use 'WWW::EchoNest::Track'.
#     Error:  Attempt to reload WWW/EchoNest.pm aborted.
# Compilation failed in require at /smoker/5.14.1/cpan/build/WWW-EchoNest-v0.0.2-APjHTH/blib/lib/WWW/EchoNest/Proxy.pm line 9.
# BEGIN failed--compilation aborted at /smoker/5.14.1/cpan/build/WWW-EchoNest-v0.0.2-APjHTH/blib/lib/WWW/EchoNest/Proxy.pm line 9.
# Compilation failed in require at /smoker/5.14.1/perl/lib/parent.pm line 20.
# BEGIN failed--compilation aborted at /smoker/5.14.1/cpan/build/WWW-EchoNest-v0.0.2-APjHTH/blib/lib/WWW/EchoNest/TrackProxy.pm line 8.
# Compilation failed in require at /smoker/5.14.1/perl/lib/parent.pm line 20.
# BEGIN failed--compilation aborted at /smoker/5.14.1/cpan/build/WWW-EchoNest-v0.0.2-APjHTH/blib/lib/WWW/EchoNest/Track.pm line 32.
# Compilation failed in require at (eval 17) line 2.
# BEGIN failed--compilation aborted at (eval 17) line 2.

#   Failed test 'use WWW::EchoNest::ConfigData;'
#   at t/track.t line 13.
#     Tried to use 'WWW::EchoNest::ConfigData'.
#     Error:  Can't locate WWW/EchoNest/ConfigData.pm in @INC (@INC contains: /smoker/5.14.1/cpan/build/WWW-EchoNest-v0.0.2-APjHTH/blib/lib /smoker/5.14.1/cpan/build/WWW-EchoNest-v0.0.2-APjHTH/blib/arch /smoker/5.14.1/perl/lib) at (eval 18) line 2.
# BEGIN failed--compilation aborted at (eval 18) line 2.
Can't locate object method "feature" via package "WWW::EchoNest::ConfigData" (perhaps you forgot to load "WWW::EchoNest::ConfigData"?) at t/track.t line 16.
# Looks like you failed 3 tests of 3.
# Looks like your test exited with 255 just after 3.
t/track.t ......... 
Dubious, test returned 255 (wstat 65280, 0xff00)
Failed 3/3 subtests 

Test Summary Report
-------------------
t/00-load.t     (Wstat: 256 Tests: 1 Failed: 1)
  Failed test:  1
  Non-zero exit status: 1
t/artist.t      (Wstat: 65280 Tests: 5 Failed: 4)
  Failed tests:  1, 3-5
  Non-zero exit status: 255
t/boilerplate.t (Wstat: 512 Tests: 1 Failed: 0)
  TODO passed:   1
  Non-zero exit status: 2
  Parse errors: Bad plan.  You planned 3 tests but ran 1.
t/catalog.t     (Wstat: 65280 Tests: 5 Failed: 4)
  Failed tests:  1, 3-5
  Non-zero exit status: 255
t/echonest.t    (Wstat: 65280 Tests: 2 Failed: 2)
  Failed tests:  1-2
  Non-zero exit status: 255
t/playlist.t    (Wstat: 65280 Tests: 5 Failed: 4)
  Failed tests:  1, 3-5
  Non-zero exit status: 255
t/pod-coverage.t (Wstat: 512 Tests: 0 Failed: 0)
  Non-zero exit status: 2
  Parse errors: No plan found in TAP output
t/song.t        (Wstat: 65280 Tests: 4 Failed: 3)
  Failed tests:  1, 3-4
  Non-zero exit status: 255
t/track.t       (Wstat: 65280 Tests: 3 Failed: 3)
  Failed tests:  1-3
  Non-zero exit status: 255
Files=11, Tests=26,  2 wallclock secs ( 0.04 usr  0.02 sys +  0.50 cusr  0.02 csys =  0.58 CPU)
Result: FAIL
Failed 9/11 test programs. 21/26 subtests failed.
make: *** [test_dynamic] Error 255

------------------------------
PREREQUISITES
------------------------------

Prerequisite modules loaded:

requires:

    Module              Need Have   
    ------------------- ---- -------
    JSON                0    2.53   
    Test::More          0    0.98   

build_requires:

    Module              Need Have   
    ------------------- ---- -------
    ExtUtils::MakeMaker 0    6.57_05

configure_requires:

    Module              Need Have   
    ------------------- ---- -------
    Module::Build       0.36 0.3800 


------------------------------
ENVIRONMENT AND OTHER CONTEXT
------------------------------

Environment variables:

    AUTOMATED_TESTING = 1
    LANG = en_US.UTF-8
    LC_ALL = C
    PATH = /usr/local/bin:/usr/bin:/bin:/usr/local/games:/usr/games
    PERL5LIB = 
    PERL5OPT = 
    PERL5_CPANPLUS_IS_RUNNING = 25539
    PERL5_CPAN_IS_RUNNING = 25539
    PERL5_CPAN_IS_RUNNING_IN_RECURSION = 48895,25539
    PERL_AUTOINSTALL = --skip
    PERL_CPAN_REPORTER_CONFIG = /smoker/cpanreporter-config.ini
    PERL_CPAN_REPORTER_DIR = /smoker/5.14.1/cpanreporter
    PERL_CR_SMOKER_CURRENT = WWW-EchoNest-v0.0.2
    PERL_CR_SMOKER_RUNONCE = 1
    PERL_EXTUTILS_AUTOINSTALL = --defaultdeps
    PERL_MM_USE_DEFAULT = 1
    SHELL = /bin/sh
    TERM = screen

Perl special variables (and OS-specific diagnostics, for MSWin32):

    $^X = /smoker/5.14.1/perl/bin/perl
    $UID/$EUID = 60000 / 60000
    $GID = 60000 60000
    $EGID = 60000 60000

Perl module toolchain versions installed:

    Module              Have    
    ------------------- --------
    CPAN                1.9600  
    Cwd                 3.36    
    ExtUtils::CBuilder  0.280203
    ExtUtils::Command   1.17    
    ExtUtils::Install   1.56    
    ExtUtils::MakeMaker 6.57_05 
    ExtUtils::Manifest  1.58    
    ExtUtils::ParseXS   2.2210  
    File::Spec          3.33    
    Module::Build       0.3800  
    Module::Signature   n/a     
    Test::Harness       3.23    
    Test::More          0.98    
    YAML                0.73    
    YAML::Syck          1.17    
    version             0.91    


--

Summary of my perl5 (revision 5 version 14 subversion 1) configuration:
   
  Platform:
    osname=linux, osvers=2.6.26-2-amd64, archname=i686-linux
    uname='linux rijk 2.6.26-2-amd64 #1 smp thu nov 5 02:23:12 utc 2009 i686 gnulinux '
    config_args='-Duselargefiles -Uuse64bitint -Dusemymalloc=n -Uusedl -Uusethreads -Uuseithreads -Uusemultiplicity -Uusesfio -Uuseshrplib -Uinstallusrbinperl -A ccflags= -g -DPERL_DISABLE_PMC -DPERL_ARENA_SIZE=16376 -DNO_PERL_MALLOC_ENV -D_GNU_SOURCE -DNDEBUG -Dcc=cc -Doptimize=-O2 -mpush-args -fomit-frame-pointer -march=core2 -mtune=core2 -Dldflags= -lc -lm -ldl -lpthread -Dlibs=-lm -lcrypt -Dprefix=/smoker/5.14.1/perl -Dbin=/smoker/5.14.1/perl/bin -Dprivlib=/smoker/5.14.1/perl/lib -Darchlib=/smoker/5.14.1/perl/lib -Uusevendorprefix -Dsitelib=/smoker/5.14.1/perl/lib -Dsitearch=/smoker/5.14.1/perl/lib -Uman1dir -Uman3dir -Usiteman1dir -Usiteman3dir -Dpager=/usr/bin/less -Demail=Marc Lehmann <staticperl-smoker-5.14.1@plan9.de> -Dcf_email=Marc Lehmann <staticperl-smoker-5.14.1@plan9.de> -Dcf_by=Marc Lehmann <staticperl-smoker-5.14.1@plan9.de> -Dusedl -Uusemymalloc -Duseperlio -dE'
    hint=recommended, useposix=true, d_sigaction=define
    useithreads=undef, usemultiplicity=undef
    useperlio=define, d_sfio=undef, uselargefiles=define, usesocks=undef
    use64bitint=undef, use64bitall=undef, uselongdouble=undef
    usemymalloc=n, bincompat5005=undef
  Compiler:
    cc='cc', ccflags ='-g -DPERL_DISABLE_PMC -DPERL_ARENA_SIZE=16376 -DNO_PERL_MALLOC_ENV -D_GNU_SOURCE -DNDEBUG -fno-strict-aliasing -pipe -I/usr/local/include -D_LARGEFILE_SOURCE -D_FILE_OFFSET_BITS=64',
    optimize='-O2 -mpush-args -fomit-frame-pointer -march=core2 -mtune=core2',
    cppflags='-g -DPERL_DISABLE_PMC -DPERL_ARENA_SIZE=16376 -DNO_PERL_MALLOC_ENV -D_GNU_SOURCE -DNDEBUG -fno-strict-aliasing -pipe -I/usr/local/include'
    ccversion='', gccversion='4.4.5', gccosandvers=''
    intsize=4, longsize=4, ptrsize=4, doublesize=8, byteorder=1234
    d_longlong=define, longlongsize=8, d_longdbl=define, longdblsize=12
    ivtype='long', ivsize=4, nvtype='double', nvsize=8, Off_t='off_t', lseeksize=8
    alignbytes=4, prototype=define
  Linker and Libraries:
    ld='cc', ldflags =' -lc -lm -ldl -lpthread -L/usr/local/lib'
    libpth=/usr/local/lib /lib/../lib /usr/lib/../lib /lib /usr/lib /usr/lib64
    libs=-lm -lcrypt
    perllibs=-lm -lcrypt
    libc=/lib/libc-2.11.2.so, so=so, useshrplib=false, libperl=libperl.a
    gnulibc_version='2.11.2'
  Dynamic Linking:
    dlsrc=dl_dlopen.xs, dlext=so, d_dlsymun=undef, ccdlflags='-Wl,-E'
    cccdlflags='-fPIC', lddlflags='-shared -O2 -mpush-args -fomit-frame-pointer -march=core2 -mtune=core2 -L/usr/local/lib '


Characteristics of this binary (from libperl): 
  Compile-time options: PERL_DISABLE_PMC PERL_DONT_CREATE_GVSV
                        PERL_MALLOC_WRAP PERL_PRESERVE_IVUV USE_LARGE_FILES
                        USE_PERLIO USE_PERL_ATOF
  Built under linux
  Compiled at Jul  1 2011 17:05:54
  %ENV:
    PERL5LIB=""
    PERL5OPT=""
    PERL5_CPANPLUS_IS_RUNNING="25539"
    PERL5_CPAN_IS_RUNNING="25539"
    PERL5_CPAN_IS_RUNNING_IN_RECURSION="48895,25539"
    PERL_AUTOINSTALL="--skip"
    PERL_CPAN_REPORTER_CONFIG="/smoker/cpanreporter-config.ini"
    PERL_CPAN_REPORTER_DIR="/smoker/5.14.1/cpanreporter"
    PERL_CR_SMOKER_CURRENT="WWW-EchoNest-v0.0.2"
    PERL_CR_SMOKER_RUNONCE="1"
    PERL_EXTUTILS_AUTOINSTALL="--defaultdeps"
    PERL_MM_USE_DEFAULT="1"
  @INC:
    /smoker/5.14.1/perl/lib
    .