Back
From: metabase:user:d4737f23-6bf4-1014-b0ae-0f7446981a2c
Subject: FAIL Inline-CPP-0.72 v5.22.0
Date: 2015-08-05T15:47:43Z
This distribution has been tested as part of the CPAN Testers
project, supporting the Perl programming language. See
http://wiki.cpantesters.org/ for more information or email
questions to cpan-testers-discuss@perl.org
--
Dear DAVIDO,
This is a computer-generated report for Inline-CPP-0.72
on perl 5.22.0, created by App::cpanminus::reporter 0.13 (1.7039).
Thank you for uploading your work to CPAN. However, there was a problem
testing your distribution.
If you think this report is invalid, please consult the CPAN Testers Wiki
for suggestions on how to avoid getting FAIL reports for missing library
or binary dependencies, unsupported operating systems, and so on:
http://wiki.cpantesters.org/wiki/CPANAuthorNotes
Sections of this report:
* Tester comments
* Program output
* Prerequisites
* Environment and other context
------------------------------
TESTER COMMENTS
------------------------------
Additional comments from tester:
none provided
------------------------------
PROGRAM OUTPUT
------------------------------
Output from '':
Building and testing Inline-CPP-0.72
Microsoft (R) Program Maintenance Utility Version 12.00.21005.1
Copyright (C) Microsoft Corporation. All rights reserved.
cp lib/Inline/CPP/Parser/RecDescent.pm blib\lib\Inline\CPP\Parser\RecDescent.pm
cp lib/Inline/CPP.pod blib\lib\Inline\CPP.pod
cp lib/Inline/CPP/Config.pm blib\lib\Inline\CPP\Config.pm
cp lib/Inline/CPP.pm blib\lib\Inline\CPP.pm
Microsoft (R) Program Maintenance Utility Version 12.00.21005.1
Copyright (C) Microsoft Corporation. All rights reserved.
"C:\opt\perl-5.22.0\bin\perl.exe" "-MExtUtils::Command::MM" "-MTest::Harness" "-e" "undef *Test::Harness::Switches; test_harness(0, 'blib\lib', 'blib\arch')" t\*.t t\*\*.t
# $Config{osname}: MSWin32
# $Config{cc}: cl
# $Config{gccversion}:
t\00load_prereqs.t .................... ok
t\01fn_cans.t ......................... ok
t\02basic.t ........................... ok
t\03prefix.t .......................... ok
t\04charptr.t ......................... ok
t\05pod.t ............................. skipped: Author Test: Set $ENV{RELEASE_TESTING} to a true value to run.
t\06fn_regress.t ...................... ok
t\07perlcritic.t ...................... skipped: Author Test: Set $ENV{RELEASE_TESTING} to a true value to run.
#
# Compiler guesses:
# EU::CppGuess: [cl -TP -EHsc],
# Old Makefile.PL: [cl -TP -EHsc].
# Linker guesses:
# EU::CppGuess: [msvcprt.lib],
# Old Makefile.PL: [MSVCIRT.LIB].
t\08cppguess.t ........................ ok
t\09pod_coverage.t .................... skipped: Author Test: Set $ENV{RELEASE_TESTING} to a true value to run.
t\10kwalitee.t ........................ skipped: Author Test: Set $ENV{RELEASE_TESTING} to a true value to run.
t\11rewrite_config.t .................. skipped: Author Test: Set $ENV{RELEASE_TESTING} to a true value to run.
t\12custom_libs.t ..................... ok
t\13version_numbers.t ................. skipped: Author Test: Set $ENV{RELEASE_TESTING} to a true value to run.
t\14changes.t ......................... skipped: Author tests skipped. Set $ENV{RELEASE_TESTING} to run
t\15config_case.t ..................... ok
t\classes\01empty_ns_is_main.t ........ ok
t\classes\02main_ns_is_main.t ......... ok
t\classes\03baz_ns_is_baz.t ........... ok
t\classes\04invoke_from_non_main.t .... ok
t\classes\05invalid_classes.t ......... ok
t\classes\06inherit.t ................. ok
Unrecognized escape \s passed through at (eval 13) line 3.
Unrecognized escape \A passed through at (eval 13) line 3.
Unrecognized escape \T passed through at (eval 13) line 3.
Filters4408.c
# Failed test 'Foo::Bar::MyClass->can('new')'
# at t\classes\07conflict_avoid.t line 71.
# Foo::Bar::MyClass->can('new') failed
# Failed test 'Foo::Bar::MyClass->new() died'
# at t\classes\07conflict_avoid.t line 73.
# Error was: Can't locate object method "new" via package "Foo::Bar::MyClass" (perhaps you forgot to load "Foo::Bar::MyClass"?) at C:/opt/perl-5.22.0/lib/Test/More.pm line 690.
# Failed test 'Our "MyClass" is a "Foo::Bar::MyClass"'
# at t\classes\07conflict_avoid.t line 75.
# got: ''
# expected: 'Foo::Bar::MyClass'
# Failed test 'Foo::Qux::MyClass->can('new')'
# at t\classes\07conflict_avoid.t line 77.
# Foo::Qux::MyClass->can('new') failed
# Failed test 'Foo::Qux::MyClass->new() died'
# at t\classes\07conflict_avoid.t line 79.
# Error was: Can't locate object method "new" via package "Foo::Qux::MyClass" (perhaps you forgot to load "Foo::Qux::MyClass"?) at C:/opt/perl-5.22.0/lib/Test/More.pm line 690.
# Failed test 'Our "MyClass" is a "Foo::Qux::MyClass"'
# at t\classes\07conflict_avoid.t line 81.
# got: ''
# expected: 'Foo::Qux::MyClass'
Can't call method "fetch" on an undefined value at t\classes\07conflict_avoid.t line 83.
# Tests were run but no plan was declared and done_testing() was not seen.
# Looks like your test exited with 2 just after 6.
t\classes\07conflict_avoid.t ..........
Dubious, test returned 2 (wstat 512, 0x200)
Failed 6/6 subtests
t\classes\08auto.t .................... ok
t\classes\09auto_mixed.t .............. ok
t\classes\10auto_inherit.t ............ ok
t\grammar\01nherit.t .................. ok
t\grammar\02scope.t ................... ok
t\grammar\03inline.t .................. ok
t\grammar\04const.t ................... ok
t\grammar\05virt.t .................... ok
t\grammar\06deflt.t ................... ok
t\grammar\07static.t .................. ok
t\grammar\08anon.t .................... ok
t\grammar\09purevt.t .................. ok
t\grammar\10struct.t .................. ok
t\grammar\11minhrt.t .................. ok
t\grammar\12retlst.t .................. ok
t\grammar\13vararg.t .................. ok
t\grammar\14const.t ................... ok
t\grammar\15stvar.t ................... ok
t\grammar\16varlst.t .................. ok
t\grammar\17memberarray.t ............. ok
t\grammar\18namespace.t ............... ok
t\grammar\19multidimarray.t ........... ok
t\namespace\01empty_ns_is_main.t ...... ok
t\namespace\02main_ns_is_main.t ....... ok
t\namespace\03baz_ns_is_baz.t ......... ok
t\namespace\04invoke_from_non_main.t .. ok
t\namespace\05invalid_ns.t ............ ok
t\namespace\06inherit.t ............... ok
Test Summary Report
-------------------
t\08cppguess.t (Wstat: 0 Tests: 2 Failed: 0)
TODO passed: 1
t\classes\07conflict_avoid.t (Wstat: 512 Tests: 6 Failed: 6)
Failed tests: 1-6
Non-zero exit status: 2
Parse errors: No plan found in TAP output
t\grammar\11minhrt.t (Wstat: 0 Tests: 38 Failed: 0)
TODO passed: 23-24, 28-29, 31-32
Files=51, Tests=269, 306 wallclock secs ( 0.38 usr + 0.06 sys = 0.44 CPU)
Result: FAIL
------------------------------
PREREQUISITES
------------------------------
Prerequisite modules loaded:
No requirements found
------------------------------
ENVIRONMENT AND OTHER CONTEXT
------------------------------
Environment variables:
COMSPEC = C:\Windows\system32\cmd.exe
INCLUDE = C:\Program Files (x86)\Microsoft Visual Studio 12.0\VC\INCLUDE;C:\Program Files (x86)\Microsoft Visual Studio 12.0\VC\ATLMFC\INCLUDE;C:\Program Files (x86)\Windows Kits\8.1\include\shared;C:\Program Files (x86)\Windows Kits\8.1\include\um;C:\Program Files (x86)\Windows Kits\8.1\include\winrt;
LIB = C:\Program Files (x86)\Microsoft Visual Studio 12.0\VC\LIB\amd64;C:\Program Files (x86)\Microsoft Visual Studio 12.0\VC\ATLMFC\LIB\amd64;C:\Program Files (x86)\Windows Kits\8.1\lib\winv6.3\um\x64;
NUMBER_OF_PROCESSORS = 2
PATH = C:\Program Files (x86)\Microsoft Visual Studio 12.0\Common7\IDE\CommonExtensions\Microsoft\TestWindow;C:\Program Files (x86)\MSBuild\12.0\bin\amd64;C:\Program Files (x86)\Microsoft Visual Studio 12.0\VC\BIN\amd64;C:\Windows\Microsoft.NET\Framework64\v4.0.30319;C:\Program Files (x86)\Microsoft Visual Studio 12.0\VC\VCPackages;C:\Program Files (x86)\Microsoft Visual Studio 12.0\Common7\IDE;C:\Program Files (x86)\Microsoft Visual Studio 12.0\Common7\Tools;C:\Program Files (x86)\HTML Help Workshop;C:\Program Files (x86)\Microsoft Visual Studio 12.0\Team Tools\Performance Tools\x64;C:\Program Files (x86)\Microsoft Visual Studio 12.0\Team Tools\Performance Tools;C:\Program Files (x86)\Windows Kits\8.1\bin\x64;C:\Program Files (x86)\Windows Kits\8.1\bin\x86;C:\Program Files (x86)\Microsoft SDKs\Windows\v8.1A\bin\NETFX 4.5.1 Tools\x64\;C:\Program Files\ConEmu;C:\Program Files\ConEmu\ConEmu;C:\opt\perl-5.22.0\site\bin;C:\opt\perl-5.22.0\bin;c:\opt\Perl6\bin;c:\opt\OpenSSL\bin;C:\opt\bin;C:\opt\vim\vim74;C:\opt\Python27\;C:\opt\Python27\Scripts;C:\opt\gs\gs9.14\bin;C:\opt\gs\gs9.14\lib;c:\opt\gm;c:\opt\kdiff3;c:\opt\ffmpeg\bin;C:\opt\jdk\bin;C:\Program Files\TortoiseHg;C:\Windows\system32;C:\Windows;C:\Windows\System32\Wbem;C:\Windows\System32\WindowsPowerShell\v1.0\;C:\Program Files\Microsoft SQL Server\110\Tools\Binn\;C:\Program Files\Microsoft Windows Performance Toolkit\;C:\Program Files\OpenVPN\bin;C:\Program Files (x86)\Windows Kits\8.1\Windows Performance Toolkit\;C:\Program Files (x86)\Microsoft SDKs\TypeScript\1.0\;C:\Program Files\Microsoft SQL Server\120\Tools\Binn;c:\opt\wrk;C:\Program Files\TortoiseSVN\bin;C:\Program Files\TortoiseHg\;C:\Program Files\Microsoft\Web Platform Installer\;C:\Windows\system32\config\systemprofile\.dnx\bin;C:\Program Files\Microsoft DNX\Dnvm\;C:\Users\sinan\AppData\Roaming\Python\Scripts;C:\Users\sinan\bin;
PERLDOC_PAGER = c:\opt\cygwin64\bin\less.exe -+C -E -F -g -i
PROCESSOR_IDENTIFIER = Intel64 Family 6 Model 15 Stepping 6, GenuineIntel
TEMP = C:\Users\sinan\AppData\Local\Temp
Perl special variables (and OS-specific diagnostics, for MSWin32):
EGID = 0
EUID = 0
EXECUTABLE_NAME = C:\opt\perl-5.22.0\bin\perl.exe
GID = 0
UID = 0
Win32::FsType = NTFS
Win32::GetOSName = Win8
Win32::GetOSVersion = , 6, 2, 9200, 2, 0, 0, 256, 1
Win32::IsAdminUser = 0
Perl module toolchain versions installed:
Module Have
------------------- --------
CPAN 2.11
CPAN::Meta 2.150005
Cwd 3.56
ExtUtils::CBuilder 0.280223
ExtUtils::Command 1.20
ExtUtils::Install 2.04
ExtUtils::MakeMaker 7.04_01
ExtUtils::Manifest 1.70
ExtUtils::ParseXS 3.28
File::Spec 3.56
JSON 2.90
JSON::PP 2.27300
Module::Build 0.4214
Module::Signature n/a
Parse::CPAN::Meta 1.4417
Test::Harness 3.35
Test::More 1.001014
YAML 1.15
YAML::Syck n/a
version 0.9912
--
Summary of my perl5 (revision 5 version 22 subversion 0) configuration:
Platform:
osname=MSWin32, osvers=6.3, archname=MSWin32-x64-multi-thread
uname=''
config_args='undef'
hint=recommended, useposix=true, d_sigaction=undef
useithreads=define, usemultiplicity=define
use64bitint=define, use64bitall=define, uselongdouble=undef
usemymalloc=n, bincompat5005=undef
Compiler:
cc='cl', ccflags ='-nologo -GF -W3 -O1 -MD -Zi -DNDEBUG -GL -fp:precise -favor:INTEL64 -DWIN32 -D_CONSOLE -DNO_STRICT -DWIN64 -DCONSERVATIVE -D_CRT_SECURE_NO_DEPRECATE -D_CRT_NONSTDC_NO_DEPRECATE -DPERL_TEXTMODE_SCRIPTS -DUSE_SITECUSTOMIZE -DPERL_IMPLICIT_CONTEXT -DPERL_IMPLICIT_SYS',
optimize='-O1 -MD -Zi -DNDEBUG -GL -fp:precise -favor:INTEL64',
cppflags='-DWIN32'
ccversion='18.00.31101', gccversion='', gccosandvers=''
intsize=4, longsize=4, ptrsize=8, doublesize=8, byteorder=12345678, doublekind=3
d_longlong=undef, longlongsize=8, d_longdbl=define, longdblsize=8, longdblkind=0
ivtype='__int64', ivsize=8, nvtype='double', nvsize=8, Off_t='__int64', lseeksize=8
alignbytes=8, prototype=define
Linker and Libraries:
ld='link', ldflags ='-nologo -nodefaultlib -debug -opt:ref,icf -ltcg -libpath:"c:\opt\perl-5.22.0\lib\CORE" -machine:AMD64 "/manifestdependency:type='Win32' name='Microsoft.Windows.Common-Controls' version='6.0.0.0' processorArchitecture='*' publicKeyToken='6595b64144ccf1df' language='*'"'
libpth="C:\Program Files (x86)\Microsoft Visual Studio 12.0\vc\lib\amd64"
libs=oldnames.lib kernel32.lib user32.lib gdi32.lib winspool.lib comdlg32.lib advapi32.lib shell32.lib ole32.lib oleaut32.lib netapi32.lib uuid.lib ws2_32.lib mpr.lib winmm.lib version.lib odbc32.lib odbccp32.lib comctl32.lib msvcrt.lib
perllibs=oldnames.lib kernel32.lib user32.lib gdi32.lib winspool.lib comdlg32.lib advapi32.lib shell32.lib ole32.lib oleaut32.lib netapi32.lib uuid.lib ws2_32.lib mpr.lib winmm.lib version.lib odbc32.lib odbccp32.lib comctl32.lib msvcrt.lib
libc=msvcrt.lib, so=dll, useshrplib=true, libperl=perl522.lib
gnulibc_version=''
Dynamic Linking:
dlsrc=dl_win32.xs, dlext=dll, d_dlsymun=undef, ccdlflags=' '
cccdlflags=' ', lddlflags='-dll -nologo -nodefaultlib -debug -opt:ref,icf -ltcg -libpath:"c:\opt\perl-5.22.0\lib\CORE" -machine:AMD64 "/manifestdependency:type='Win32' name='Microsoft.Windows.Common-Controls' version='6.0.0.0' processorArchitecture='*' publicKeyToken='6595b64144ccf1df' language='*'"'
Characteristics of this binary (from libperl):
Compile-time options: HAS_TIMES HAVE_INTERP_INTERN MULTIPLICITY
PERLIO_LAYERS PERL_DONT_CREATE_GVSV
PERL_HASH_FUNC_ONE_AT_A_TIME_HARD
PERL_IMPLICIT_CONTEXT PERL_IMPLICIT_SYS
PERL_MALLOC_WRAP PERL_NEW_COPY_ON_WRITE
PERL_PRESERVE_IVUV USE_64_BIT_ALL USE_64_BIT_INT
USE_ITHREADS USE_LARGE_FILES USE_LOCALE
USE_LOCALE_COLLATE USE_LOCALE_CTYPE
USE_LOCALE_NUMERIC USE_LOCALE_TIME USE_PERLIO
USE_PERL_ATOF USE_SITECUSTOMIZE
Built under MSWin32
Compiled at Jun 26 2015 07:03:55
%ENV:
PERLDOC_PAGER="c:\opt\cygwin64\bin\less.exe -+C -E -F -g -i"
@INC:
C:/opt/perl-5.22.0/site/lib/MSWin32-x64-multi-thread
C:/opt/perl-5.22.0/site/lib
C:/opt/perl-5.22.0/lib
.