Report for EntityModel-0.014

Back
From: metabase:user:3215efbe-2aae-11df-837a-5e0a49663a4f
Subject: FAIL EntityModel-0.014 v5.14.2 GNU/Linux
Date: 2012-02-24T20:06:02Z

This distribution has been tested as part of the CPAN Testers
project, supporting the Perl programming language.  See
http://wiki.cpantesters.org/ for more information or email
questions to cpan-testers-discuss@perl.org


--
Dear Tom Molesworth,

This is a computer-generated report for EntityModel-0.014
on perl 5.14.2, created by CPAN-Reporter-1.2004.

Thank you for uploading your work to CPAN.  However, there was a problem
testing your distribution.

If you think this report is invalid, please consult the CPAN Testers Wiki
for suggestions on how to avoid getting FAIL reports for missing library
or binary dependencies, unsupported operating systems, and so on:

http://wiki.cpantesters.org/wiki/CPANAuthorNotes

Sections of this report:

    * Tester comments
    * Program output
    * Prerequisites
    * Environment and other context

------------------------------
TESTER COMMENTS
------------------------------

Additional comments from tester:

this report is from an automated smoke testing program
and was not reviewed by a human for accuracy

------------------------------
PROGRAM OUTPUT
------------------------------

Output from '/usr/bin/make test':

PERL_DL_NONLAZY=1 /opt/perls/nothreads/perl-5.14.2/bin/perl "-MExtUtils::Command::MM" "-e" "test_harness(0, 'blib/lib', 'blib/arch')" t/*.t
t/00-pod.t ............. ok
t/00-use.t ............. ok
t/app.t ................ ok
t/async.t .............. skipped: disabled to avoid pulling in IO::Async as a dep for now
t/cache.t .............. ok
	(in cleanup) Use of uninitialized value in subroutine entry at /home/tf/.cpan/build/EntityModel-0.014-LDLIxD/blib/lib/EntityModel/Collection.pm line 126 during global destruction.
	(in cleanup) Use of uninitialized value in subroutine entry at /home/tf/.cpan/build/EntityModel-0.014-LDLIxD/blib/lib/EntityModel/Collection.pm line 126 during global destruction.
	(in cleanup) Use of uninitialized value in subroutine entry at /home/tf/.cpan/build/EntityModel-0.014-LDLIxD/blib/lib/EntityModel/Collection.pm line 126 during global destruction.
t/collection.t ......... ok
t/deferred.t ........... ok
t/definition.t ......... ok
	(in cleanup) Use of uninitialized value in subroutine entry at /home/tf/.cpan/build/EntityModel-0.014-LDLIxD/blib/lib/EntityModel/Collection.pm line 126 during global destruction.
	(in cleanup) Use of uninitialized value in subroutine entry at /home/tf/.cpan/build/EntityModel-0.014-LDLIxD/blib/lib/EntityModel/Collection.pm line 126 during global destruction.
t/entity-collection.t .. ok
t/entitymodel.t ........ skipped: incomplete
t/general.t ............ ok
t/large-model.t ........ skipped: pointless test, skip for now
t/new-api.t ............ ok
t/plugin.t ............. ok
t/query.t .............. ok
t/storage.t ............ ok
t/template.t ........... ok
t/test-cache.t ......... ok
Attribute (name) does not pass the type constraint because: Validation failed for 'Str' with value ARRAY(0x139190) at /opt/perls/nothreads/perl-5.14.2/lib/5.14.2/TB2/Mouse.pm line 2420.
	TB2::Mouse::Meta::Attribute::_throw_type_constraint_error('TB2::Mouse::Meta::Attribute=HASH(0x369960)', 'ARRAY(0x139190)', 'TB2::Mouse::Meta::TypeConstraint=HASH(0x179c20)') called at /opt/perls/nothreads/perl-5.14.2/lib/5.14.2/TB2/Mouse.pm line 46
	TB2::Result::pass::__ANON__('TB2::Mouse::Meta::Class=HASH(0x37a048)', 'TB2::Result::pass=HASH(0x7eccf8)', 'HASH(0x1d9358)', 0) called at /opt/perls/nothreads/perl-5.14.2/lib/5.14.2/TB2/Mouse.pm line 329
	TB2::Mouse::Meta::Class::new_object('TB2::Mouse::Meta::Class=HASH(0x37a048)', 'HASH(0x14c438)') called at /opt/perls/nothreads/perl-5.14.2/lib/5.14.2/TB2/Mouse.pm line 726
	TB2::Mouse::Object::new('TB2::Result::pass', 'pass', 1, 'reason', undef, 'directives', 'ARRAY(0x7eca28)', 'name', 'ARRAY(0x139190)', 'file', '/home/tf/.cpan/build/EntityModel-0.014-LDLIxD/blib/lib/Entity...', 'line', 262) called at /opt/perls/nothreads/perl-5.14.2/lib/5.14.2/TB2/Result.pm line 134
	TB2::Result::new_result('TB2::Result', 'file', '/home/tf/.cpan/build/EntityModel-0.014-LDLIxD/blib/lib/Entity...', 'line', 262, 'pass', 1, 'file', '/home/tf/.cpan/build/EntityModel-0.014-LDLIxD/blib/lib/Entity...', 'line', 262, 'name', 'ARRAY(0x139190)', 'directives', 'ARRAY(0x7eca28)', 'reason', undef) called at /opt/perls/nothreads/perl-5.14.2/lib/5.14.2/Test/Builder.pm line 650
	Test::Builder::ok('Test::Builder=HASH(0x3eadf0)', 1, 'ARRAY(0x139190)') called at /home/tf/.cpan/build/EntityModel-0.014-LDLIxD/blib/lib/EntityModel/Test/Storage.pm line 257
	EntityModel::Test::Storage::_report_status(1, 'ARRAY(0x139190)') called at /home/tf/.cpan/build/EntityModel-0.014-LDLIxD/blib/lib/EntityModel/Test/Storage.pm line 262
	EntityModel::Test::Storage::_report_pass('ARRAY(0x139190)') called at /home/tf/.cpan/build/EntityModel-0.014-LDLIxD/blib/lib/EntityModel/Test/Storage.pm line 113
	EntityModel::Test::Storage::storage_methods_ok('EntityModel::Storage', 'ARRAY(0x139190)') called at t/test-storage.t line 17
# 4 tests planned, but 1 ran.
# Looks like your test exited with 255 just after 1.
t/test-storage.t ....... 
Dubious, test returned 255 (wstat 65280, 0xff00)
Failed 3/4 subtests 

Test Summary Report
-------------------
t/test-storage.t     (Wstat: 65280 Tests: 1 Failed: 0)
  Non-zero exit status: 255
  Parse errors: Bad plan.  You planned 4 tests but ran 1.
Files=19, Tests=542, 50 wallclock secs ( 1.88 usr  0.13 sys + 46.44 cusr  1.37 csys = 49.82 CPU)
Result: FAIL
Failed 1/19 test programs. 0/542 subtests failed.
make: *** [test_dynamic] Error 255

------------------------------
PREREQUISITES
------------------------------

Prerequisite modules loaded:

requires:

    Module                     Need  Have 
    -------------------------- ----- -----
    CPS                        0.10  0.13 
    DateTime::Format::Duration 0     1.03 
    EntityModel::Class         0.010 0.010
    JSON::XS                   2.00  2.32 
    Mixin::Event::Dispatch     0.002 0.004
    Module::Load               0     0.22 
    Template                   2.18  2.24 
    XML::XPath                 1.00  1.13 

build_requires:

    Module                     Need  Have 
    -------------------------- ----- -----
    Test::Class                0     0.36 

configure_requires:

    Module                     Need  Have 
    -------------------------- ----- -----
    ExtUtils::MakeMaker        6.30  6.62 


------------------------------
ENVIRONMENT AND OTHER CONTEXT
------------------------------

Environment variables:

    AUTOMATED_TESTING = 1
    LANG = C
    PATH = /opt/perls/nothreads/perl-5.14.2/bin:/usr/local/bin:/usr/bin:/bin:/usr/local/games:/usr/games
    PERL5LIB = 
    PERL5OPT = 
    PERL5_CPANPLUS_IS_RUNNING = 4451
    PERL5_CPAN_IS_RUNNING = 4451
    PERL5_CPAN_IS_RUNNING_IN_RECURSION = 13413,4451
    PERL_CR_SMOKER_CURRENT = EntityModel-Web-PSGI-0.002
    PERL_EXTUTILS_AUTOINSTALL = --defaultdeps
    PERL_MM_USE_DEFAULT = 1
    SHELL = /bin/bash
    TERM = xterm

Perl special variables (and OS-specific diagnostics, for MSWin32):

    $^X = /opt/perls/nothreads/perl-5.14.2/bin/perl
    $UID/$EUID = 1000 / 1000
    $GID = 1000 24 25 27 29 30 44 46 1000
    $EGID = 1000 24 25 27 29 30 44 46 1000

Perl module toolchain versions installed:

    Module              Have        
    ------------------- ------------
    CPAN                1.9800      
    CPAN::Meta          2.120530    
    Cwd                 3.39_01     
    ExtUtils::CBuilder  0.280205    
    ExtUtils::Command   1.17        
    ExtUtils::Install   1.56        
    ExtUtils::MakeMaker 6.62        
    ExtUtils::Manifest  1.58        
    ExtUtils::ParseXS   3.15        
    File::Spec          3.39_01     
    JSON                2.53        
    JSON::PP            2.27200     
    Module::Build       0.39_02     
    Module::Signature   0.68        
    Parse::CPAN::Meta   1.4402      
    Test::Harness       3.23        
    Test::More          1.005000_002
    YAML                0.80        
    YAML::Syck          1.20        
    version             0.96        


--

Summary of my perl5 (revision 5 version 14 subversion 2) configuration:
   
  Platform:
    osname=linux, osvers=2.6.32-5-kirkwood, archname=armv5tel-linux
    uname='linux plugpc 2.6.32-5-kirkwood #1 tue mar 8 10:56:14 utc 2011 armv5tel gnulinux '
    config_args='-des -Dprefix=/opt/perls/nothreads/perl-5.14.2'
    hint=recommended, useposix=true, d_sigaction=define
    useithreads=undef, usemultiplicity=undef
    useperlio=define, d_sfio=undef, uselargefiles=define, usesocks=undef
    use64bitint=undef, use64bitall=undef, uselongdouble=undef
    usemymalloc=n, bincompat5005=undef
  Compiler:
    cc='cc', ccflags ='-fno-strict-aliasing -pipe -fstack-protector -I/usr/local/include -D_LARGEFILE_SOURCE -D_FILE_OFFSET_BITS=64',
    optimize='-O2',
    cppflags='-fno-strict-aliasing -pipe -fstack-protector -I/usr/local/include'
    ccversion='', gccversion='4.4.5', gccosandvers=''
    intsize=4, longsize=4, ptrsize=4, doublesize=8, byteorder=1234
    d_longlong=define, longlongsize=8, d_longdbl=define, longdblsize=8
    ivtype='long', ivsize=4, nvtype='double', nvsize=8, Off_t='off_t', lseeksize=8
    alignbytes=8, prototype=define
  Linker and Libraries:
    ld='cc', ldflags =' -fstack-protector -L/usr/local/lib'
    libpth=/usr/local/lib /lib /usr/lib /usr/lib/arm-linux-gnueabi
    libs=-lnsl -lgdbm -ldb -ldl -lm -lcrypt -lutil -lc -lgdbm_compat
    perllibs=-lnsl -ldl -lm -lcrypt -lutil -lc
    libc=/lib/libc-2.11.3.so, so=so, useshrplib=false, libperl=libperl.a
    gnulibc_version='2.11.3'
  Dynamic Linking:
    dlsrc=dl_dlopen.xs, dlext=so, d_dlsymun=undef, ccdlflags='-Wl,-E'
    cccdlflags='-fPIC', lddlflags='-shared -O2 -L/usr/local/lib -fstack-protector'


Characteristics of this binary (from libperl): 
  Compile-time options: PERL_DONT_CREATE_GVSV PERL_MALLOC_WRAP
                        PERL_PRESERVE_IVUV USE_LARGE_FILES USE_PERLIO
                        USE_PERL_ATOF
  Built under linux
  Compiled at Feb 17 2012 18:25:36
  %ENV:
    PERL5LIB=""
    PERL5OPT=""
    PERL5_CPANPLUS_IS_RUNNING="4451"
    PERL5_CPAN_IS_RUNNING="4451"
    PERL5_CPAN_IS_RUNNING_IN_RECURSION="13413,4451"
    PERL_CR_SMOKER_CURRENT="EntityModel-Web-PSGI-0.002"
    PERL_EXTUTILS_AUTOINSTALL="--defaultdeps"
    PERL_MM_USE_DEFAULT="1"
  @INC:
    /opt/perls/nothreads/perl-5.14.2/lib/site_perl/5.14.2/armv5tel-linux
    /opt/perls/nothreads/perl-5.14.2/lib/site_perl/5.14.2
    /opt/perls/nothreads/perl-5.14.2/lib/5.14.2/armv5tel-linux
    /opt/perls/nothreads/perl-5.14.2/lib/5.14.2
    .