Graph-Dijkstra v0.70 Perl 5 v5.14.4 x86_64-linux
- Status
- Fail
- From
- Slaven Rezić (SREZIC)
- Dist
-
Graph-Dijkstra v0.70
- Platform
- Perl 5 v5.14.4 x86_64-linux
- Date
- 2018-11-07 22:32:25
- ID
- 00057e90-e2dd-11e8-8ecd-fa37f7f482d2
This distribution has been tested as part of the CPAN Testers
project, supporting the Perl programming language. See
http://wiki.cpantesters.org/ for more information or email
questions to cpan-testers-discuss@perl.org
--
Dear Dewey Allen,
This is a computer-generated report for Graph-Dijkstra-0.70
on perl 5.14.4, created by CPAN-Reporter-1.2018.
Thank you for uploading your work to CPAN. However, there was a problem
testing your distribution.
If you think this report is invalid, please consult the CPAN Testers Wiki
for suggestions on how to avoid getting FAIL reports for missing library
or binary dependencies, unsupported operating systems, and so on:
http://wiki.cpantesters.org/wiki/CPANAuthorNotes
Sections of this report:
* Tester comments
* Program output
* Prerequisites
* Environment and other context
------------------------------
TESTER COMMENTS
------------------------------
Additional comments from tester:
none provided
------------------------------
PROGRAM OUTPUT
------------------------------
Output from '/usr/bin/make test':
PERL_DL_NONLAZY=1 "/bbbike/perl-5.14.4/bin/perl" "-MExtUtils::Command::MM" "-MTest::Harness" "-e" "undef *Test::Harness::Switches; test_harness(0, 'blib/lib', 'blib/arch')" t/*.t
# Failed test 'positive infinity, inf'
# at t/01-core.t line 12.
validateGEXFxml: GEXF xml schema URL not accessible: http://www.gexf.net/1.2draft/gexf.xsd at t/01-core.t line 195.
# Looks like you failed 1 test of 40.
t/01-core.t ..
Dubious, test returned 1 (wstat 256, 0x100)
Failed 1/40 subtests
t/02-core.t .. ok
t/03-core.t .. ok
edge: cannot change directed value for existing edge A B 'directed'. To change edge directed value, remove and re-add. at t/04-core.t line 65.
t/04-core.t .. ok
Test Summary Report
-------------------
t/01-core.t (Wstat: 256 Tests: 40 Failed: 1)
Failed test: 2
Non-zero exit status: 1
Files=4, Tests=66, 62 wallclock secs ( 0.03 usr 0.03 sys + 0.83 cusr 0.18 csys = 1.07 CPU)
Result: FAIL
Failed 1/4 test programs. 1/66 subtests failed.
Makefile:868: recipe for target 'test_dynamic' failed
make: *** [test_dynamic] Error 255
------------------------------
PREREQUISITES
------------------------------
Prerequisite modules loaded:
requires:
Module Need Have
------------------------------------ ---- ----------
Array::Heap::ModifiablePriorityQueue 1.10 1.10
Benchmark 0 1.12
Carp 0 1.38
HTML::Entities 0 3.69
JSON 0 2.97001
Regexp::Common 0 2017060201
Scalar::Util 0 1.50
Text::CSV_XS 0 1.35
utf8 0 1.09
XML::LibXML 0 2.0132
build_requires:
Module Need Have
------------------------------------ ---- ----------
ExtUtils::MakeMaker 0 7.34
Test::More 0 1.302136
configure_requires:
Module Need Have
------------------------------------ ---- ----------
ExtUtils::MakeMaker 0 7.34
------------------------------
ENVIRONMENT AND OTHER CONTEXT
------------------------------
Environment variables:
LANG = C
LC_ALL = de_DE.UTF-8
PATH = /usr/local/bin:/usr/bin:/bin:/usr/local/sbin:/usr/sbin:/sbin:/home/cpansand/bin/linux-gnu:/home/cpansand/bin/sh:/home/cpansand/bin:/usr/games:/home/cpansand/devel:/home/eserte/src/srezic-misc/scripts
PERL5LIB = /home/cpansand/.cpan/build/2018110722/Array-Heap-ModifiablePriorityQueue-1.10-11/blib/arch:/home/cpansand/.cpan/build/2018110722/Array-Heap-ModifiablePriorityQueue-1.10-11/blib/lib
PERL5OPT =
PERL5_CPANPLUS_IS_RUNNING = 27478
PERL5_CPAN_IS_RUNNING = 27478
PERL5_CPAN_IS_RUNNING_IN_RECURSION = 16510,27478
PERLDOC = -MPod::Perldoc::ToTextOverstrike
PERL_BATCH = yes
PERL_CANARY_STABILITY_NOPROMPT = 1
PERL_CPAN_REPORTER_CONFIG = /var/tmp/cpansmoker-1023/2018110722/cpanreporter_000_config.ini
PERL_EXTUTILS_AUTOINSTALL = --defaultdeps
PERL_PARALLEL_SMOKER = yes
PERL_USE_UNSAFE_INC = 1
SHELL = /bin/zsh
TERM = screen
TMPDIR = /var/tmp/cpansmoker-1023/2018110722
Perl special variables (and OS-specific diagnostics, for MSWin32):
$^X = /bbbike/perl-5.14.4/bin/perl
$UID/$EUID = 1023 / 1023
$GID = 1023 1023
$EGID = 1023 1023
Perl module toolchain versions installed:
Module Have
------------------- --------
CPAN 2.16
CPAN::Meta 2.150010
Cwd 3.74
ExtUtils::CBuilder 0.280230
ExtUtils::Command 7.34
ExtUtils::Install 2.14
ExtUtils::MakeMaker 7.34
ExtUtils::Manifest 1.71
ExtUtils::ParseXS 3.30
File::Spec 3.74
JSON 2.97001
JSON::PP 2.97001
Module::Build 0.4224
Module::Signature 0.81
Parse::CPAN::Meta 2.150010
Test::Harness 3.42
Test::More 1.302136
YAML 1.27
YAML::Syck 1.30
version 0.9918
--
Summary of my perl5 (revision 5 version 14 subversion 4) configuration:
Platform:
osname=linux, osvers=3.16.0-4-amd64, archname=x86_64-linux
uname='linux eserte 3.16.0-4-amd64 #1 smp debian 3.16.7-ckt25-2 (2016-04-08) x86_64 gnulinux '
config_args='-ds -e -Dprefix=/opt/perl-5.14.4 -Dcf_email=srezic@cpan.org'
hint=recommended, useposix=true, d_sigaction=define
useithreads=undef, usemultiplicity=undef
useperlio=define, d_sfio=undef, uselargefiles=define, usesocks=undef
use64bitint=define, use64bitall=define, uselongdouble=undef
usemymalloc=n, bincompat5005=undef
Compiler:
cc='cc', ccflags ='-fno-strict-aliasing -pipe -fstack-protector -I/usr/local/include -D_LARGEFILE_SOURCE -D_FILE_OFFSET_BITS=64',
optimize='-O2',
cppflags='-fno-strict-aliasing -pipe -fstack-protector -I/usr/local/include'
ccversion='', gccversion='4.9.2', gccosandvers=''
intsize=4, longsize=8, ptrsize=8, doublesize=8, byteorder=12345678
d_longlong=define, longlongsize=8, d_longdbl=define, longdblsize=16
ivtype='long', ivsize=8, nvtype='double', nvsize=8, Off_t='off_t', lseeksize=8
alignbytes=8, prototype=define
Linker and Libraries:
ld='cc', ldflags =' -fstack-protector -L/usr/local/lib'
libpth=/usr/local/lib /lib/x86_64-linux-gnu /lib/../lib /usr/lib/x86_64-linux-gnu /usr/lib/../lib /lib /usr/lib
libs=-lnsl -lgdbm -ldb -ldl -lm -lcrypt -lutil -lc -lgdbm_compat
perllibs=-lnsl -ldl -lm -lcrypt -lutil -lc
libc=libc-2.19.so, so=so, useshrplib=false, libperl=libperl.a
gnulibc_version='2.19'
Dynamic Linking:
dlsrc=dl_dlopen.xs, dlext=so, d_dlsymun=undef, ccdlflags='-Wl,-E'
cccdlflags='-fPIC', lddlflags='-shared -O2 -L/usr/local/lib -fstack-protector'
Characteristics of this binary (from libperl):
Compile-time options: PERL_DONT_CREATE_GVSV PERL_MALLOC_WRAP
PERL_PRESERVE_IVUV USE_64_BIT_ALL USE_64_BIT_INT
USE_LARGE_FILES USE_PERLIO USE_PERL_ATOF
Locally applied patches:
Devel::PatchPerl 1.42
Built under linux
Compiled at May 7 2016 10:35:43
%ENV:
PERL5LIB="/home/cpansand/.cpan/build/2018110722/Array-Heap-ModifiablePriorityQueue-1.10-11/blib/arch:/home/cpansand/.cpan/build/2018110722/Array-Heap-ModifiablePriorityQueue-1.10-11/blib/lib"
PERL5OPT=""
PERL5_CPANPLUS_IS_RUNNING="27478"
PERL5_CPAN_IS_RUNNING="27478"
PERL5_CPAN_IS_RUNNING_IN_RECURSION="16510,27478"
PERLDOC="-MPod::Perldoc::ToTextOverstrike"
PERL_BATCH="yes"
PERL_CANARY_STABILITY_NOPROMPT="1"
PERL_CPAN_REPORTER_CONFIG="/var/tmp/cpansmoker-1023/2018110722/cpanreporter_000_config.ini"
PERL_EXTUTILS_AUTOINSTALL="--defaultdeps"
PERL_PARALLEL_SMOKER="yes"
PERL_USE_UNSAFE_INC="1"
@INC:
/home/cpansand/.cpan/build/2018110722/Array-Heap-ModifiablePriorityQueue-1.10-11/blib/arch
/home/cpansand/.cpan/build/2018110722/Array-Heap-ModifiablePriorityQueue-1.10-11/blib/lib
/opt/perl-5.14.4/lib/site_perl/5.14.4/x86_64-linux
/opt/perl-5.14.4/lib/site_perl/5.14.4
/opt/perl-5.14.4/lib/5.14.4/x86_64-linux
/opt/perl-5.14.4/lib/5.14.4
.