Getopt-Complete v0.18 Perl 5 v5.8.9 amd64-netbsd-thread-multi
- Status
- Fail
- From
- Chris Williams (BINGOS)
- Dist
-
Getopt-Complete v0.18
- Platform
- Perl 5 v5.8.9 amd64-netbsd-thread-multi
- Date
- 2010-12-21 20:15:05
- ID
- 000c3a54-0d3f-11e0-bb29-ad544afd17af
This distribution has been tested as part of the CPAN Testers
project, supporting the Perl programming language. See
http://wiki.cpantesters.org/ for more information or email
questions to cpan-testers-discuss@perl.org
--
Dear SAKOHT,
This is a computer-generated error report created automatically by
CPANPLUS, version 0.9010. Testers personal comments may appear
at the end of this report.
Thank you for uploading your work to CPAN. However, it appears that
there were some problems testing your distribution.
TEST RESULTS:
Below is the error stack from stage 'make test':
[MSG] [Tue Dec 21 20:37:34 2010] cp lib/Getopt/Complete.pm blib/lib/Getopt/Complete.pm
cp lib/Getopt/Complete/Options.pm blib/lib/Getopt/Complete/Options.pm
cp lib/Getopt/Complete/Cache.pm blib/lib/Getopt/Complete/Cache.pm
cp lib/Getopt/Complete/LazyOptions.pm blib/lib/Getopt/Complete/LazyOptions.pm
cp lib/Getopt/Complete/Args.pm blib/lib/Getopt/Complete/Args.pm
cp lib/Getopt/Complete/Compgen.pm blib/lib/Getopt/Complete/Compgen.pm
Manifying blib/man3/Getopt::Complete::Options.3
Manifying blib/man3/Getopt::Complete.3
Manifying blib/man3/Getopt::Complete::LazyOptions.3
Manifying blib/man3/Getopt::Complete::Cache.3
Manifying blib/man3/Getopt::Complete::Args.3
Manifying blib/man3/Getopt::Complete::Compgen.3
[ERROR] [Tue Dec 21 20:37:35 2010] MAKE TEST failed: No such file or directory PERL_DL_NONLAZY=1 /home/cpan/pit/thr/perl-5.8.9/bin/perl "-MExtUtils::Command::MM" "-e" "test_harness(0, 'inc', 'blib/lib', 'blib/arch')" t/*.t
# Testing Getopt::Complete 0.18, Perl 5.008009, /home/cpan/pit/thr/perl-5.8.9/bin/perl
t/00-load.t ............. ok
t/boilerplate.t ......... ok
# Failed test 'file completion for unknown option'
# at t/demoapp_completion.t line 23.
# Failed test 'file completion for bare args'
# at t/demoapp_completion.t line 24.
# Looks like you failed 2 tests of 12.
t/demoapp_completion.t ..
Dubious, test returned 2 (wstat 512, 0x200)
Failed 2/12 subtests
t/exercise.t ............ ok
Test Summary Report
-------------------
t/demoapp_completion.t (Wstat: 512 Tests: 12 Failed: 2)
Failed tests: 11-12
Non-zero exit status: 2
Files=4, Tests=17, 1 wallclock secs ( 0.02 usr 0.02 sys + 0.58 cusr 0.12 csys = 0.74 CPU)
Result: FAIL
Failed 1/4 test programs. 2/17 subtests failed.
*** Error code 255
Stop.
make: stopped in /home/cpan/pit/thr/conf/perl-5.8.9/.cpanplus/5.8.9/build/Getopt-Complete-0.18
[MSG] [Tue Dec 21 20:37:35 2010] DEFAULT 'proceed_on_test_failure' HANDLER RETURNING 'sub return value'
PREREQUISITES:
Here is a list of prerequisites you specified and versions we
managed to load:
Module Name Have Want
App::Prove 3.22 0
Carp 1.10 0
ExtUtils::MakeMaker 6.56 6.42
Getopt::Long 2.37 0
IPC::Open2 1.03 0
Scalar::Util 1.19 0
Test::More 0.96 0.86
Perl module toolchain versions installed:
Module Name Have
CPANPLUS 0.9010
CPANPLUS::Dist::Build 0.50
Cwd 3.33
ExtUtils::CBuilder 0.2801
ExtUtils::Command 1.16
ExtUtils::Install 1.54
ExtUtils::MakeMaker 6.56
ExtUtils::Manifest 1.58
ExtUtils::ParseXS 2.2206
File::Spec 3.33
Module::Build 0.3607
Test::Harness 3.22
Test::More 0.96
version 0.87
******************************** NOTE ********************************
The comments above are created mechanically, possibly without manual
checking by the sender. As there are many people performing automatic
tests on each upload to CPAN, it is likely that you will receive
identical messages about the same problem.
If you believe that the message is mistaken, please reply to the first
one with correction and/or additional informations, and do not take
it personally. We appreciate your patience. :)
**********************************************************************
Additional comments:
This report was machine-generated by CPANPLUS::Dist::YACSmoke 0.58.
Powered by minismokebox version 0.40
------------------------------
ENVIRONMENT AND OTHER CONTEXT
------------------------------
Environment variables:
AUTOMATED_TESTING = 1
PATH = /home/cpan/bin:/bin:/sbin:/usr/bin:/usr/sbin:/usr/X11R7/bin:/usr/X11R6/bin:/usr/pkg/bin:/usr/pkg/sbin:/usr/games:/usr/local/bin:/usr/local/sbin
PERL5LIB = :/home/cpan/pit/thr/conf/perl-5.8.9/.cpanplus/5.8.9/build/Getopt-Complete-0.18/blib/lib:/home/cpan/pit/thr/conf/perl-5.8.9/.cpanplus/5.8.9/build/Getopt-Complete-0.18/blib/arch
PERL5_CPANPLUS_IS_RUNNING = 18537
PERL5_CPANPLUS_IS_VERSION = 0.9010
PERL5_MINISMOKEBOX = 0.40
PERL5_YACSMOKE_BASE = /home/cpan/pit/thr/conf/perl-5.8.9
PERL_EXTUTILS_AUTOINSTALL = --defaultdeps
PERL_MM_USE_DEFAULT = 1
SHELL = /usr/pkg/bin/bash
TERM = screen
Perl special variables (and OS-specific diagnostics, for MSWin32):
Perl: $^X = /home/cpan/pit/thr/perl-5.8.9/bin/perl
UID: $< = 1001
EUID: $> = 1001
GID: $( = 100 100
EGID: $) = 100 100
-------------------------------
--
Summary of my perl5 (revision 5 version 8 subversion 9) configuration:
Platform:
osname=netbsd, osvers=5.1_rc3, archname=amd64-netbsd-thread-multi
uname='netbsd fubar.bingosnet.co.uk 5.1_rc3 netbsd 5.1_rc3 (generic) #0: sat jun 12 20:26:01 utc 2010 builds@b8.netbsd.org:homebuildsabnetbsd-5-1-rc3amd64201006130031z-objhomebuildsabnetbsd-5-1-rc3srcsysarchamd64compilegeneric amd64 '
config_args='-des -Dprefix=/home/cpan/pit/thr/perl-5.8.9 -Dusemallocwrap=y -Dusemymalloc=n -Dusethreads'
hint=recommended, useposix=true, d_sigaction=define
usethreads=define use5005threads=undef useithreads=define usemultiplicity=define
useperlio=define d_sfio=undef uselargefiles=define usesocks=undef
use64bitint=define use64bitall=define uselongdouble=undef
usemymalloc=n, bincompat5005=undef
Compiler:
cc='cc', ccflags ='-fno-strict-aliasing -pipe -I/usr/pkg/include',
optimize='-O',
cppflags='-fno-strict-aliasing -pipe -I/usr/pkg/include'
ccversion='', gccversion='4.1.3 20080704 prerelease (NetBSD nb2 20081120)', gccosandvers=''
intsize=4, longsize=8, ptrsize=8, doublesize=8, byteorder=12345678
d_longlong=define, longlongsize=8, d_longdbl=define, longdblsize=16
ivtype='long', ivsize=8, nvtype='double', nvsize=8, Off_t='off_t', lseeksize=8
alignbytes=8, prototype=define
Linker and Libraries:
ld='cc', ldflags =' -Wl,-rpath,/usr/pkg/lib -Wl,-rpath,/usr/local/lib -L/usr/pkg/lib'
libpth=/usr/pkg/lib /lib /usr/lib
libs=-lm -lcrypt -lutil -lc -lposix -lpthread
perllibs=-lm -lcrypt -lutil -lc -lposix -lpthread
libc=/lib/libc.so, so=so, useshrplib=false, libperl=libperl.a
gnulibc_version=''
Dynamic Linking:
dlsrc=dl_dlopen.xs, dlext=so, d_dlsymun=undef, ccdlflags='-Wl,-E '
cccdlflags='-DPIC -fPIC ', lddlflags='--whole-archive -shared -L/usr/pkg/lib'
Characteristics of this binary (from libperl):
Compile-time options: MULTIPLICITY PERL_IMPLICIT_CONTEXT PERL_MALLOC_WRAP
USE_64_BIT_ALL USE_64_BIT_INT USE_FAST_STDIO
USE_ITHREADS USE_LARGE_FILES USE_PERLIO
USE_REENTRANT_API
Built under netbsd
Compiled at Sep 15 2010 01:02:41
%ENV:
PERL5LIB=":/home/cpan/pit/thr/conf/perl-5.8.9/.cpanplus/5.8.9/build/Getopt-Complete-0.18/blib/lib:/home/cpan/pit/thr/conf/perl-5.8.9/.cpanplus/5.8.9/build/Getopt-Complete-0.18/blib/arch"
PERL5_CPANPLUS_IS_RUNNING="18537"
PERL5_CPANPLUS_IS_VERSION="0.9010"
PERL5_MINISMOKEBOX="0.40"
PERL5_YACSMOKE_BASE="/home/cpan/pit/thr/conf/perl-5.8.9"
PERL_EXTUTILS_AUTOINSTALL="--defaultdeps"
PERL_MM_USE_DEFAULT="1"
@INC:
/home/cpan/pit/thr/conf/perl-5.8.9/.cpanplus/5.8.9/build/Getopt-Complete-0.18/blib/lib
/home/cpan/pit/thr/conf/perl-5.8.9/.cpanplus/5.8.9/build/Getopt-Complete-0.18/blib/arch
/home/cpan/pit/thr/perl-5.8.9/lib/5.8.9/amd64-netbsd-thread-multi
/home/cpan/pit/thr/perl-5.8.9/lib/5.8.9
/home/cpan/pit/thr/perl-5.8.9/lib/site_perl/5.8.9/amd64-netbsd-thread-multi
/home/cpan/pit/thr/perl-5.8.9/lib/site_perl/5.8.9
.