Sys-Detect-Virtualization v0.105 Perl 5 v5.15.1 OpenBSD.i386-openbsd-thread-multi

Status
Fail
From
Steven Schubiger (SCHUBIGER)
Dist
Sys-Detect-Virtualization v0.105
Platform
Perl 5 v5.15.1 OpenBSD.i386-openbsd-thread-multi
Date
2011-08-10 15:04:09
ID
000d4a8c-c362-11e0-a7c7-dcf97c7f1e01
This distribution has been tested as part of the CPAN Testers
project, supporting the Perl programming language.  See
http://wiki.cpantesters.org/ for more information or email
questions to cpan-testers-discuss@perl.org


--
Dear David O'Neill,

This is a computer-generated report for Sys-Detect-Virtualization-0.105
on perl 5.15.1, created by CPAN-Reporter-1.1902.

Thank you for uploading your work to CPAN.  However, there was a problem
testing your distribution.

If you think this report is invalid, please consult the CPAN Testers Wiki
for suggestions on how to avoid getting FAIL reports for missing library
or binary dependencies, unsupported operating systems, and so on:

http://wiki.cpantesters.org/wiki/CPANAuthorNotes

Sections of this report:

    * Tester comments
    * Program output
    * Prerequisites
    * Environment and other context

------------------------------
TESTER COMMENTS
------------------------------

Additional comments from tester:

this report is from an automated smoke testing program
and was not reviewed by a human for accuracy

------------------------------
PROGRAM OUTPUT
------------------------------

Output from '/usr/bin/make test':

PERL_DL_NONLAZY=1 /home/sts/cpansmoke/perl-5.15.1/bin/perl5.15.1 "-MExtUtils::Command::MM" "-e" "test_harness(0, 'inc', 'blib/lib', 'blib/arch')" t/*.t
t/constructor.t .... ok
t/freebsd.t ........ skipped: Test only available on FreeBSD
t/linux.t .......... skipped: Test only available on Linux

#   Failed test 'detect_dmidecode() against kvm test data'
#   at t/linux_helpers.t line 83.
# Compared array length of $data
#    got : array with 0 element(s)
# expect : array with 2 element(s)
# []

#   Failed test 'detect_dmidecode() against vmware test data'
#   at t/linux_helpers.t line 83.
# Compared array length of $data
#    got : array with 0 element(s)
# expect : array with 1 element(s)
# []

#   Failed test 'detect_dmidecode() against virtualpc test data'
#   at t/linux_helpers.t line 83.
# Compared array length of $data
#    got : array with 0 element(s)
# expect : array with 1 element(s)
# []
# Looks like you failed 3 tests of 19.
t/linux_helpers.t .. 
Dubious, test returned 3 (wstat 768, 0x300)
Failed 3/19 subtests 
t/manifest.t ....... skipped: Author tests not required for installation
t/pod-coverage.t ... skipped: Test::Pod::Coverage 1.08 required for testing POD coverage
t/pod.t ............ skipped: Test::Pod 1.22 required for testing POD

Test Summary Report
-------------------
t/linux_helpers.t (Wstat: 768 Tests: 19 Failed: 3)
  Failed tests:  5, 9, 13
  Non-zero exit status: 3
Files=7, Tests=24,  1 wallclock secs ( 0.05 usr  0.04 sys +  0.58 cusr  0.11 csys =  0.78 CPU)
Result: FAIL
Failed 1/7 test programs. 3/24 subtests failed.
*** Error code 255

Stop in /home/sts/cpansmoke/perl-5.15.1/cpan/build/Sys-Detect-Virtualization-0.105-AY0liS (line 795 of Makefile).

------------------------------
PREREQUISITES
------------------------------

Prerequisite modules loaded:

requires:

    Module              Need  Have    
    ------------------- ----- --------
    Getopt::Long        0     2.38    
    perl                5.008 5.015001
    Pod::Usage          0     1.36    
    POSIX               0     1.24    

build_requires:

    Module              Need  Have    
    ------------------- ----- --------
    ExtUtils::MakeMaker 6.42  6.58    
    File::Spec          0     3.33    
    Test::Deep          0     0.108   
    Test::Exception     0     0.31    
    Test::More          0.82  0.98    

configure_requires:

    Module              Need  Have    
    ------------------- ----- --------
    ExtUtils::MakeMaker 6.42  6.58    


------------------------------
ENVIRONMENT AND OTHER CONTEXT
------------------------------

Environment variables:

    AUTOMATED_TESTING = 1
    PATH = /home/sts/bin:/bin:/sbin:/usr/bin:/usr/sbin:/usr/X11R6/bin:/usr/local/bin:/usr/local/sbin:/usr/games:.
    PERL5LIB = /home/sts/cpansmoke/perl-5.15.1/cpan/build/Test-Deep-0.108-IxOhmJ/blib/arch:/home/sts/cpansmoke/perl-5.15.1/cpan/build/Test-Deep-0.108-IxOhmJ/blib/lib:/home/sts/cpansmoke/perl-5.15.1/cpan/build/Test-NoWarnings-1.03-QYgAfl/blib/arch:/home/sts/cpansmoke/perl-5.15.1/cpan/build/Test-NoWarnings-1.03-QYgAfl/blib/lib:/home/sts/cpansmoke/perl-5.15.1/cpan/build/Test-Tester-0.107-7NjvXM/blib/arch:/home/sts/cpansmoke/perl-5.15.1/cpan/build/Test-Tester-0.107-7NjvXM/blib/lib:/home/sts/cpansmoke/perl-5.15.1/cpan/build/Test-Exception-0.31-YHQosH/blib/arch:/home/sts/cpansmoke/perl-5.15.1/cpan/build/Test-Exception-0.31-YHQosH/blib/lib:/home/sts/cpansmoke/perl-5.15.1/cpan/build/Sub-Uplevel-0.22-PSXg_r/blib/arch:/home/sts/cpansmoke/perl-5.15.1/cpan/build/Sub-Uplevel-0.22-PSXg_r/blib/lib
    PERL5OPT = 
    PERL5_CPANPLUS_IS_RUNNING = 12299
    PERL5_CPAN_IS_RUNNING = 12299
    PERL5_CPAN_IS_RUNNING_IN_RECURSION = 6734,12299
    PERL_CR_SMOKER_CURRENT = Sys-Detect-Virtualization-0.105
    PERL_EXTUTILS_AUTOINSTALL = --defaultdeps
    PERL_MM_USE_DEFAULT = 1
    SHELL = /usr/local/bin/bash
    TERM = screen
    TMPDIR = /home/sts/cpansmoke/tmp

Perl special variables (and OS-specific diagnostics, for MSWin32):

    $^X = /home/sts/cpansmoke/perl-5.15.1/bin/perl5.15.1
    $UID/$EUID = 1000 / 1000
    $GID = 10 10 0
    $EGID = 10 10 0

Perl module toolchain versions installed:

    Module              Have    
    ------------------- --------
    CPAN                1.9800  
    Cwd                 3.37    
    ExtUtils::CBuilder  0.280204
    ExtUtils::Command   1.17    
    ExtUtils::Install   1.56    
    ExtUtils::MakeMaker 6.58    
    ExtUtils::Manifest  1.58    
    ExtUtils::ParseXS   3.00_01 
    File::Spec          3.33    
    Module::Build       0.3800  
    Module::Signature   n/a     
    Test::Harness       3.23    
    Test::More          0.98    
    YAML                0.73    
    YAML::Syck          n/a     
    version             0.93    


--

Summary of my perl5 (revision 5 version 15 subversion 1) configuration:
   
  Platform:
    osname=openbsd, osvers=4.9, archname=OpenBSD.i386-openbsd-thread-multi
    uname='openbsd cpansmoke3 4.9 generic.mp#794 i386 '
    config_args='-des -Dusedevel -Dusethreads -Dprefix=/home/sts/cpansmoke/perl-5.15.1'
    hint=recommended, useposix=true, d_sigaction=define
    useithreads=define, usemultiplicity=define
    useperlio=define, d_sfio=undef, uselargefiles=define, usesocks=undef
    use64bitint=undef, use64bitall=undef, uselongdouble=undef
    usemymalloc=y, bincompat5005=undef
  Compiler:
    cc='cc', ccflags ='-pthread -fno-strict-aliasing -pipe -fstack-protector -I/usr/local/include',
    optimize='-O2',
    cppflags='-pthread -fno-strict-aliasing -pipe -fstack-protector -I/usr/local/include'
    ccversion='', gccversion='4.2.1 20070719 ', gccosandvers='openbsd4.9'
    intsize=4, longsize=4, ptrsize=4, doublesize=8, byteorder=1234
    d_longlong=define, longlongsize=8, d_longdbl=define, longdblsize=12
    ivtype='long', ivsize=4, nvtype='double', nvsize=8, Off_t='off_t', lseeksize=8
    alignbytes=4, prototype=define
  Linker and Libraries:
    ld='cc', ldflags ='-pthread -Wl,-E  -fstack-protector -L/usr/local/lib'
    libpth=/usr/local/lib /usr/lib
    libs=-lgdbm -lm -lutil -lc
    perllibs=-lm -lutil -lc
    libc=/usr/lib/libc.so.58.0, so=so, useshrplib=false, libperl=libperl.a
    gnulibc_version=''
  Dynamic Linking:
    dlsrc=dl_dlopen.xs, dlext=so, d_dlsymun=undef, ccdlflags=' '
    cccdlflags='-DPIC -fPIC ', lddlflags='-shared -fPIC  -L/usr/local/lib -fstack-protector'


Characteristics of this binary (from libperl): 
  Compile-time options: HAS_TIMES MULTIPLICITY MYMALLOC PERLIO_LAYERS
                        PERL_DONT_CREATE_GVSV PERL_IMPLICIT_CONTEXT
                        PERL_MALLOC_WRAP PERL_PRESERVE_IVUV PERL_USE_DEVEL
                        USE_ITHREADS USE_LARGE_FILES USE_LOCALE
                        USE_LOCALE_COLLATE USE_LOCALE_CTYPE
                        USE_LOCALE_NUMERIC USE_PERLIO USE_PERL_ATOF
                        USE_REENTRANT_API
  Built under openbsd
  Compiled at Aug  2 2011 08:28:01
  %ENV:
    PERL5LIB="/home/sts/cpansmoke/perl-5.15.1/cpan/build/Test-Deep-0.108-IxOhmJ/blib/arch:/home/sts/cpansmoke/perl-5.15.1/cpan/build/Test-Deep-0.108-IxOhmJ/blib/lib:/home/sts/cpansmoke/perl-5.15.1/cpan/build/Test-NoWarnings-1.03-QYgAfl/blib/arch:/home/sts/cpansmoke/perl-5.15.1/cpan/build/Test-NoWarnings-1.03-QYgAfl/blib/lib:/home/sts/cpansmoke/perl-5.15.1/cpan/build/Test-Tester-0.107-7NjvXM/blib/arch:/home/sts/cpansmoke/perl-5.15.1/cpan/build/Test-Tester-0.107-7NjvXM/blib/lib:/home/sts/cpansmoke/perl-5.15.1/cpan/build/Test-Exception-0.31-YHQosH/blib/arch:/home/sts/cpansmoke/perl-5.15.1/cpan/build/Test-Exception-0.31-YHQosH/blib/lib:/home/sts/cpansmoke/perl-5.15.1/cpan/build/Sub-Uplevel-0.22-PSXg_r/blib/arch:/home/sts/cpansmoke/perl-5.15.1/cpan/build/Sub-Uplevel-0.22-PSXg_r/blib/lib"
    PERL5OPT=""
    PERL5_CPANPLUS_IS_RUNNING="12299"
    PERL5_CPAN_IS_RUNNING="12299"
    PERL5_CPAN_IS_RUNNING_IN_RECURSION="6734,12299"
    PERL_CR_SMOKER_CURRENT="Sys-Detect-Virtualization-0.105"
    PERL_EXTUTILS_AUTOINSTALL="--defaultdeps"
    PERL_MM_USE_DEFAULT="1"
  @INC:
    /home/sts/cpansmoke/perl-5.15.1/cpan/build/Test-Deep-0.108-IxOhmJ/blib/arch
    /home/sts/cpansmoke/perl-5.15.1/cpan/build/Test-Deep-0.108-IxOhmJ/blib/lib
    /home/sts/cpansmoke/perl-5.15.1/cpan/build/Test-NoWarnings-1.03-QYgAfl/blib/arch
    /home/sts/cpansmoke/perl-5.15.1/cpan/build/Test-NoWarnings-1.03-QYgAfl/blib/lib
    /home/sts/cpansmoke/perl-5.15.1/cpan/build/Test-Tester-0.107-7NjvXM/blib/arch
    /home/sts/cpansmoke/perl-5.15.1/cpan/build/Test-Tester-0.107-7NjvXM/blib/lib
    /home/sts/cpansmoke/perl-5.15.1/cpan/build/Test-Exception-0.31-YHQosH/blib/arch
    /home/sts/cpansmoke/perl-5.15.1/cpan/build/Test-Exception-0.31-YHQosH/blib/lib
    /home/sts/cpansmoke/perl-5.15.1/cpan/build/Sub-Uplevel-0.22-PSXg_r/blib/arch
    /home/sts/cpansmoke/perl-5.15.1/cpan/build/Sub-Uplevel-0.22-PSXg_r/blib/lib
    /home/sts/cpansmoke/perl-5.15.1/lib/site_perl/5.15.1/OpenBSD.i386-openbsd-thread-multi
    /home/sts/cpansmoke/perl-5.15.1/lib/site_perl/5.15.1
    /home/sts/cpansmoke/perl-5.15.1/lib/5.15.1/OpenBSD.i386-openbsd-thread-multi
    /home/sts/cpansmoke/perl-5.15.1/lib/5.15.1
    .