WWW-Search-Search v1.015 Perl 5 v5.19.2 x86_64-linux@04227691

Status
Fail
From
Reini Urban (RURBAN)
Dist
WWW-Search-Search v1.015
Platform
Perl 5 v5.19.2 x86_64-linux@04227691
Date
2013-07-21 17:28:47
ID
003b84a2-f22b-11e2-95d2-f0b9da45041b
This distribution has been tested as part of the CPAN Testers
project, supporting the Perl programming language.  See
http://wiki.cpantesters.org/ for more information or email
questions to cpan-testers-discuss@perl.org


--
Dear Martin 'Kingpin' Thurn,

This is a computer-generated report for WWW-Search-Search-1.015
on perl 5.19.2, created by CPAN-Reporter-1.2010.

Thank you for uploading your work to CPAN.  However, there was a problem
testing your distribution.

If you think this report is invalid, please consult the CPAN Testers Wiki
for suggestions on how to avoid getting FAIL reports for missing library
or binary dependencies, unsupported operating systems, and so on:

http://wiki.cpantesters.org/wiki/CPANAuthorNotes

Sections of this report:

    * Tester comments
    * Program output
    * Prerequisites
    * Environment and other context

------------------------------
TESTER COMMENTS
------------------------------

Additional comments from tester:

none provided

------------------------------
PROGRAM OUTPUT
------------------------------

Output from '/usr/bin/make test':

PERL_DL_NONLAZY=1 /usr/local/bin/perl5.19.2-nt@04227691 "-MExtUtils::Command::MM" "-e" "test_harness(0, 'inc', 'blib/lib', 'blib/arch')" t/*.t
t/pod-coverage.t .. ok
t/pod.t ........... ok
# Sending bogus query to search.com...
# Sending 1-page query to search.com...

#   Failed test 'result URL is http'
#   at t/search-basic.t line 35.
#                   'https://www.facebook.com/djbokbokofficial'
#     doesn't match '(?^:\Ahttp://)'

#   Failed test 'result URL is http'
#   at t/search-basic.t line 35.
#                   'https://www.facebook.com/djbokbokofficial?directed_target_id=0'
#     doesn't match '(?^:\Ahttp://)'
# Sending multi-page query to search.com...
# Looks like you failed 2 tests of 56.
t/search-basic.t .. 
Dubious, test returned 2 (wstat 512, 0x200)
Failed 2/56 subtests 

Test Summary Report
-------------------
t/search-basic.t (Wstat: 512 Tests: 56 Failed: 2)
  Failed tests:  24, 29
  Non-zero exit status: 2
Files=3, Tests=58, 24 wallclock secs ( 0.02 usr  0.01 sys +  0.67 cusr  0.05 csys =  0.75 CPU)
Result: FAIL
Failed 1/3 test programs. 2/58 subtests failed.
make: *** [test_dynamic] Error 2

------------------------------
PREREQUISITES
------------------------------

Prerequisite modules loaded:

requires:

    Module              Need  Have 
    ------------------- ----- -----
    Carp                0     1.30 
    ExtUtils::MakeMaker 6.68  6.68 
    Test::More          0     0.98 
    URI::Escape         0     3.31 
    WWW::SearchResult   2.078 2.078

build_requires:

    Module              Need  Have 
    ------------------- ----- -----
    ExtUtils::MakeMaker 0     6.68 


------------------------------
ENVIRONMENT AND OTHER CONTEXT
------------------------------

Environment variables:

    LANG = en_US.UTF-8
    LANGUAGE = en_US:en
    LC_COLLATE = en_US.UTF-8
    LC_CTYPE = en_US.UTF-8
    LC_MESSAGES = en_US.UTF-8
    PATH = /home/rurban/bin:/usr/local/sbin:/usr/local/bin:/usr/sbin:/usr/bin:/sbin:/bin:/usr/games:/usr/local/games
    PERL5LIB = /home/rurban/.cpan/build/WWW-Search-2.511-Ngpioh/blib/arch:/home/rurban/.cpan/build/WWW-Search-2.511-Ngpioh/blib/lib:/home/rurban/.cpan/build/Date-Manip-6.40-7BD5ly/blib/arch:/home/rurban/.cpan/build/Date-Manip-6.40-7BD5ly/blib/lib:/home/rurban/.cpan/build/Test-Inter-1.05-2CVnKP/blib/arch:/home/rurban/.cpan/build/Test-Inter-1.05-2CVnKP/blib/lib:/home/rurban/.cpan/build/User-1.9-nL8Ixq/blib/arch:/home/rurban/.cpan/build/User-1.9-nL8Ixq/blib/lib:/home/rurban/.cpan/build/Test-File-1.34-cjmfuL/blib/arch:/home/rurban/.cpan/build/Test-File-1.34-cjmfuL/blib/lib
    PERL5OPT = 
    PERL5_CPANPLUS_IS_RUNNING = 4849
    PERL5_CPAN_IS_RUNNING = 4849
    SHELL = /bin/bash
    TERM = screen

Perl special variables (and OS-specific diagnostics, for MSWin32):

    $^X = /usr/local/bin/perl5.19.2-nt@04227691
    $UID/$EUID = 1000 / 1000
    $GID = 1000 27 128 1000
    $EGID = 1000 27 128 1000

Perl module toolchain versions installed:

    Module              Have    
    ------------------- --------
    CPAN                2.00    
    CPAN::Meta          2.131560
    Cwd                 3.41    
    ExtUtils::CBuilder  0.280210
    ExtUtils::Command   1.17    
    ExtUtils::Install   1.60    
    ExtUtils::MakeMaker 6.68    
    ExtUtils::Manifest  1.63    
    ExtUtils::ParseXS   3.21    
    File::Spec          3.41    
    JSON                2.59    
    JSON::PP            2.27202 
    Module::Build       0.4007  
    Module::Signature   0.73    
    Parse::CPAN::Meta   1.4405  
    Test::Harness       3.28    
    Test::More          0.98    
    YAML                0.84    
    YAML::Syck          1.27    
    version             0.9902  


--

Summary of my perl5 (revision 5 version 19 subversion 2) configuration:
  Commit id: 0422769178bf93e09b8acd634c901450bc9eac02
  Platform:
    osname=linux, osvers=3.8.0-25-generic, archname=x86_64-linux@04227691
    uname='linux lhome 3.8.0-25-generic #37-ubuntu smp thu jun 6 20:47:07 utc 2013 x86_64 x86_64 x86_64 gnulinux '
    config_args='-de -Dusedevel -Uversiononly -Dinstallman1dir=none -Dinstallman3dir=none -Dinstallsiteman1dir=none -Dinstallsiteman3dir=none -Uuseithreads -Dccflags=''-DDEBIAN'' -Dpager=''/usr/bin/sensible-pager'''
    hint=recommended, useposix=true, d_sigaction=define
    useithreads=undef, usemultiplicity=undef
    useperlio=define, d_sfio=undef, uselargefiles=define, usesocks=undef
    use64bitint=define, use64bitall=define, uselongdouble=undef
    usemymalloc=n, bincompat5005=undef
  Compiler:
    cc='cc', ccflags ='-DDEBIAN -fno-strict-aliasing -pipe -fstack-protector -I/usr/local/include -D_LARGEFILE_SOURCE -D_FILE_OFFSET_BITS=64',
    optimize='-O2',
    cppflags='-DDEBIAN -fno-strict-aliasing -pipe -fstack-protector -I/usr/local/include'
    ccversion='', gccversion='4.7.3', gccosandvers=''
    intsize=4, longsize=8, ptrsize=8, doublesize=8, byteorder=12345678
    d_longlong=define, longlongsize=8, d_longdbl=define, longdblsize=16
    ivtype='long', ivsize=8, nvtype='double', nvsize=8, Off_t='off_t', lseeksize=8
    alignbytes=8, prototype=define
  Linker and Libraries:
    ld='cc', ldflags =' -fstack-protector -L/usr/local/lib'
    libpth=/usr/local/lib /lib/x86_64-linux-gnu /lib/../lib /usr/lib/x86_64-linux-gnu /usr/lib/../lib /lib /usr/lib /lib64 /usr/lib64 /usr/local/lib64
    libs=-lnsl -lgdbm -ldb -ldl -lm -lcrypt -lutil -lc -lgdbm_compat
    perllibs=-lnsl -ldl -lm -lcrypt -lutil -lc
    libc=, so=so, useshrplib=false, libperl=libperl.a
    gnulibc_version='2.17'
  Dynamic Linking:
    dlsrc=dl_dlopen.xs, dlext=so, d_dlsymun=undef, ccdlflags='-Wl,-E'
    cccdlflags='-fPIC', lddlflags='-shared -O2 -L/usr/local/lib -fstack-protector'


Characteristics of this binary (from libperl): 
  Compile-time options: HAS_TIMES PERLIO_LAYERS PERL_DONT_CREATE_GVSV
                        PERL_HASH_FUNC_ONE_AT_A_TIME_HARD PERL_MALLOC_WRAP
                        PERL_NEW_COPY_ON_WRITE PERL_PRESERVE_IVUV
                        PERL_USE_DEVEL USE_64_BIT_ALL USE_64_BIT_INT
                        USE_LARGE_FILES USE_LOCALE USE_LOCALE_COLLATE
                        USE_LOCALE_CTYPE USE_LOCALE_NUMERIC USE_PERLIO
                        USE_PERL_ATOF
  Built under linux
  Compiled at Jul 19 2013 22:30:29
  %ENV:
    PERL5LIB="/home/rurban/.cpan/build/WWW-Search-2.511-Ngpioh/blib/arch:/home/rurban/.cpan/build/WWW-Search-2.511-Ngpioh/blib/lib:/home/rurban/.cpan/build/Date-Manip-6.40-7BD5ly/blib/arch:/home/rurban/.cpan/build/Date-Manip-6.40-7BD5ly/blib/lib:/home/rurban/.cpan/build/Test-Inter-1.05-2CVnKP/blib/arch:/home/rurban/.cpan/build/Test-Inter-1.05-2CVnKP/blib/lib:/home/rurban/.cpan/build/User-1.9-nL8Ixq/blib/arch:/home/rurban/.cpan/build/User-1.9-nL8Ixq/blib/lib:/home/rurban/.cpan/build/Test-File-1.34-cjmfuL/blib/arch:/home/rurban/.cpan/build/Test-File-1.34-cjmfuL/blib/lib"
    PERL5OPT=""
    PERL5_CPANPLUS_IS_RUNNING="4849"
    PERL5_CPAN_IS_RUNNING="4849"
  @INC:
    /home/rurban/.cpan/build/WWW-Search-2.511-Ngpioh/blib/arch
    /home/rurban/.cpan/build/WWW-Search-2.511-Ngpioh/blib/lib
    /home/rurban/.cpan/build/Date-Manip-6.40-7BD5ly/blib/arch
    /home/rurban/.cpan/build/Date-Manip-6.40-7BD5ly/blib/lib
    /home/rurban/.cpan/build/Test-Inter-1.05-2CVnKP/blib/arch
    /home/rurban/.cpan/build/Test-Inter-1.05-2CVnKP/blib/lib
    /home/rurban/.cpan/build/User-1.9-nL8Ixq/blib/arch
    /home/rurban/.cpan/build/User-1.9-nL8Ixq/blib/lib
    /home/rurban/.cpan/build/Test-File-1.34-cjmfuL/blib/arch
    /home/rurban/.cpan/build/Test-File-1.34-cjmfuL/blib/lib
    /usr/local/lib/perl5/site_perl/5.19.2/x86_64-linux@04227691
    /usr/local/lib/perl5/site_perl/5.19.2
    /usr/local/lib/perl5/5.19.2/x86_64-linux@04227691
    /usr/local/lib/perl5/5.19.2
    /usr/local/lib/perl5/site_perl/5.18.0
    /usr/local/lib/perl5/site_perl/5.17.6
    /usr/local/lib/perl5/site_perl/5.17.5
    /usr/local/lib/perl5/site_perl/5.16.3
    /usr/local/lib/perl5/site_perl/5.16.0
    /usr/local/lib/perl5/site_perl/5.15.9
    /usr/local/lib/perl5/site_perl/5.15.8
    /usr/local/lib/perl5/site_perl/5.14.2
    /usr/local/lib/perl5/site_perl/5.12.4
    /usr/local/lib/perl5/site_perl/5.10.1
    /usr/local/lib/perl5/site_perl/5.8.9
    /usr/local/lib/perl5/site_perl/5.8.8
    /usr/local/lib/perl5/site_perl/5.8.5
    /usr/local/lib/perl5/site_perl/5.8.4
    /usr/local/lib/perl5/site_perl/5.6.2
    /usr/local/lib/perl5/site_perl
    .