Daemon-Daemonize v0.0052 Perl 5 v5.16.3 MSWin32-x64-multi-thread
- Status
- Fail
- From
- Christian Walde
- Dist
-
Daemon-Daemonize v0.0052
- Platform
- Perl 5 v5.16.3 MSWin32-x64-multi-thread
- Date
- 2013-10-17 23:16:22
- ID
- 0059617f-6d81-1014-b874-d38d93e8ee67
This distribution has been tested as part of the CPAN Testers
project, supporting the Perl programming language. See
http://wiki.cpantesters.org/ for more information or email
questions to cpan-testers-discuss@perl.org
--
Dear Robert Krimen,
This is a computer-generated report for Daemon-Daemonize-0.0052
on perl 5.16.3, created by CPAN-Reporter-1.2010.
Thank you for uploading your work to CPAN. However, there was a problem
testing your distribution.
If you think this report is invalid, please consult the CPAN Testers Wiki
for suggestions on how to avoid getting FAIL reports for missing library
or binary dependencies, unsupported operating systems, and so on:
http://wiki.cpantesters.org/wiki/CPANAuthorNotes
Sections of this report:
* Tester comments
* Program output
* Prerequisites
* Environment and other context
------------------------------
TESTER COMMENTS
------------------------------
Additional comments from tester:
this report is from an automated smoke testing program
and was not reviewed by a human for accuracy
------------------------------
PROGRAM OUTPUT
------------------------------
Output from 'c:\Perl1664\site\bin\dmake.exe test':
C:\Perl1664\bin\perl.exe "-MExtUtils::Command::MM" "-e" "test_harness(0, 'blib\lib', 'blib\arch')" t/*.t
POSIX::setsid not implemented on this architecture at C:\perl1664\cpan\build\Daemon-Daemonize-0.0052-3fwgV7\blib\lib/Daemon/Daemonize.pm line 75.
# Failed test at t/01-daemonize.t line 30.
# Failed test at t/01-daemonize.t line 31.
# pid is 0
# Looks like you failed 2 tests of 3.
t/01-daemonize.t ........................
Dubious, test returned 2 (wstat 512, 0x200)
Failed 2/3 subtests
POSIX::setsid not implemented on this architecture at C:\perl1664\cpan\build\Daemon-Daemonize-0.0052-3fwgV7\blib\lib/Daemon/Daemonize.pm line 75.
# Failed test at t/02-daemonize-stdout-stderr.t line 36.
# Failed test at t/02-daemonize-stdout-stderr.t line 37.
# pid is 0
Can't read C:\Users\Mithaldu\AppData\Local\Temp\SMUCVX_AqG\stdout: at t/02-daemonize-stdout-stderr.t line 40.
# Looks like you failed 2 tests of 3.
# Looks like your test exited with 255 just after 3.
t/02-daemonize-stdout-stderr.t ..........
Dubious, test returned 255 (wstat 65280, 0xff00)
Failed 2/3 subtests
POSIX::setsid not implemented on this architecture at C:\perl1664\cpan\build\Daemon-Daemonize-0.0052-3fwgV7\blib\lib/Daemon/Daemonize.pm line 75.
# Failed test at t/03-daemonize-stdout-stderr-via-env.t line 34.
# Failed test at t/03-daemonize-stdout-stderr-via-env.t line 35.
# pid is 0
Can't read C:\Users\Mithaldu\AppData\Local\Temp\UuDveLukn_\stdout: at t/03-daemonize-stdout-stderr-via-env.t line 38.
# Looks like you failed 2 tests of 3.
# Looks like your test exited with 255 just after 3.
t/03-daemonize-stdout-stderr-via-env.t ..
Dubious, test returned 255 (wstat 65280, 0xff00)
Failed 2/3 subtests
POSIX::setsid not implemented on this architecture at C:\perl1664\cpan\build\Daemon-Daemonize-0.0052-3fwgV7\blib\lib/Daemon/Daemonize.pm line 75.
# Failed test at t/04-read-write-delete-check-pidfile.t line 31.
# Failed test at t/04-read-write-delete-check-pidfile.t line 32.
# Failed test at t/04-read-write-delete-check-pidfile.t line 33.
# pid is 0 is 0
# Failed test at t/04-read-write-delete-check-pidfile.t line 37.
# got: undef
# expected: '0'
# Failed test at t/04-read-write-delete-check-pidfile.t line 38.
# got: undef
# expected: '0'
# Failed test at t/04-read-write-delete-check-pidfile.t line 59.
# Looks like you failed 6 tests of 18.
t/04-read-write-delete-check-pidfile.t ..
Dubious, test returned 6 (wstat 1536, 0x600)
Failed 6/18 subtests
t/9-basic.t ............................. skipped: No pgrep available
Test Summary Report
-------------------
t/01-daemonize.t (Wstat: 512 Tests: 3 Failed: 2)
Failed tests: 2-3
Non-zero exit status: 2
t/02-daemonize-stdout-stderr.t (Wstat: 65280 Tests: 3 Failed: 2)
Failed tests: 2-3
Non-zero exit status: 255
t/03-daemonize-stdout-stderr-via-env.t (Wstat: 65280 Tests: 3 Failed: 2)
Failed tests: 2-3
Non-zero exit status: 255
t/04-read-write-delete-check-pidfile.t (Wstat: 1536 Tests: 18 Failed: 6)
Failed tests: 2-4, 6-7, 17
Non-zero exit status: 6
Files=5, Tests=27, 8 wallclock secs ( 0.03 usr + 0.05 sys = 0.08 CPU)
Result: FAIL
Failed 4/5 test programs. 12/27 subtests failed.
dmake.exe: Error code 255, while making 'test_dynamic'
------------------------------
PREREQUISITES
------------------------------
Prerequisite modules loaded:
requires:
Module Need Have
------------------- ---- -------
Carp 0 1.26
IO::Socket::INET 0 1.33
Path::Class 0 0.32
POSIX 0 1.30
Sub::Exporter 0 0.985
build_requires:
Module Need Have
------------------- ---- -------
Test::Most 0 0.31
configure_requires:
Module Need Have
------------------- ---- -------
ExtUtils::MakeMaker 6.31 6.63_02
------------------------------
ENVIRONMENT AND OTHER CONTEXT
------------------------------
Environment variables:
ACTIVEPERL_CONFIG_SILENT = 1
AUTOMATED_TESTING = 1
COMSPEC = C:\Windows\system32\cmd.exe
NUMBER_OF_PROCESSORS = 2
PATH = c:\Perl1664\site\bin;c:\Perl1664\bin;C:\Program Files (x86)\NVIDIA Corporation\PhysX\Common;%CommonProgramFiles%\Microsoft Shared\Windows Live;C:\Program Files (x86)\ActiveState Komodo IDE 6\;C:\Program Files (x86)\PC Connectivity Solution\;C:\Windows\system32;C:\Windows;C:\Windows\System32\Wbem;C:\Windows\System32\WindowsPowerShell\v1.0\;C:\Program Files\TortoiseSVN\bin;C:\Program Files (x86)\Git\cmd;C:\Program Files\TortoiseGit\bin;C:\Program Files (x86)\OpenVPN\bin
PERL5LIB = C:\perl1664\cpan\build\Path-Class-0.32-61DjFY/blib/arch;C:\perl1664\cpan\build\Path-Class-0.32-61DjFY/blib/lib;C:\perl1664\cpan\build\Test-Most-0.31-EI1juF/blib/arch;C:\perl1664\cpan\build\Test-Most-0.31-EI1juF/blib/lib;C:\perl1664\cpan\build\Test-Deep-0.110-P75Zff/blib/arch;C:\perl1664\cpan\build\Test-Deep-0.110-P75Zff/blib/lib;C:\perl1664\cpan\build\Test-Warn-0.24-M4IFin/blib/arch;C:\perl1664\cpan\build\Test-Warn-0.24-M4IFin/blib/lib;C:\perl1664\cpan\build\Tree-DAG_Node-1.18-vUFoik/blib/arch;C:\perl1664\cpan\build\Tree-DAG_Node-1.18-vUFoik/blib/lib;C:\perl1664\cpan\build\File-Slurp-9999.19-gzZOOV/blib/arch;C:\perl1664\cpan\build\File-Slurp-9999.19-gzZOOV/blib/lib;C:\perl1664\cpan\build\File-Temp-0.2304-pn2Jvt/blib/arch;C:\perl1664\cpan\build\File-Temp-0.2304-pn2Jvt/blib/lib;C:\perl1664\cpan\build\Test-Class-0.39-5zWWDn/blib/arch;C:\perl1664\cpan\build\Test-Class-0.39-5zWWDn/blib/lib
PERL5OPT =
PERL5_CPANPLUS_IS_RUNNING = 29668
PERL5_CPAN_IS_RUNNING = 29668
PERL5_CPAN_IS_RUNNING_IN_RECURSION = 20744,29668
PERL_CR_SMOKER_CURRENT = Fuse-PerlSSH-FS-0.13
PERL_EXTUTILS_AUTOINSTALL = --defaultdeps
PERL_JSON_BACKEND = JSON::XS
PERL_MM_USE_DEFAULT = 1
PERL_YAML_BACKEND = YAML::XS
PROCESSOR_IDENTIFIER = AMD64 Family 16 Model 4 Stepping 2, AuthenticAMD
TEMP = C:\Users\Mithaldu\AppData\Local\Temp
TERM = dumb
Perl special variables (and OS-specific diagnostics, for MSWin32):
$^X = c:\Perl1664\bin\perl.exe
$UID/$EUID = 0 / 0
$GID = 0
$EGID = 0
Win32::GetOSName = Win7
Win32::GetOSVersion = Service Pack 1, 6, 1, 7601, 2, 1, 0, 256, 1
Win32::FsType = NTFS
Win32::IsAdminUser = 0
Perl module toolchain versions installed:
Module Have
------------------- --------
CPAN 1.9800
CPAN::Meta 2.132140
Cwd 3.40
ExtUtils::CBuilder 0.280206
ExtUtils::Command 1.17
ExtUtils::Install 1.54
ExtUtils::MakeMaker 6.63_02
ExtUtils::Manifest 1.61
ExtUtils::ParseXS 3.18
File::Spec 3.40
JSON 2.53
JSON::PP 2.27200
Module::Build 0.4003
Module::Signature n/a
Parse::CPAN::Meta 1.4405
Test::Harness 3.26
Test::More 0.98
YAML 0.84
YAML::Syck n/a
version 0.9902
--
Summary of my perl5 (revision 5 version 16 subversion 3) configuration:
Platform:
osname=MSWin32, osvers=5.2, archname=MSWin32-x64-multi-thread
uname=''
config_args='undef'
hint=recommended, useposix=true, d_sigaction=undef
useithreads=define, usemultiplicity=define
useperlio=define, d_sfio=undef, uselargefiles=define, usesocks=undef
use64bitint=define, use64bitall=undef, uselongdouble=undef
usemymalloc=n, bincompat5005=undef
Compiler:
cc='c:\Perl1664\site\bin\gcc.exe', ccflags ='-DNDEBUG -DWIN32 -D_CONSOLE -DNO_STRICT -DWIN64 -DCONSERVATIVE -DPERL_TEXTMODE_SCRIPTS -DUSE_SITECUSTOMIZE -DPERL_IMPLICIT_CONTEXT -DPERL_IMPLICIT_SYS -DUSE_PERLIO -DHASATTRIBUTE -fno-strict-aliasing -mms-bitfields',
optimize='-O2',
cppflags='-DWIN32'
ccversion='', gccversion='gcc.exe (rubenvb-4.5.4) 4.5.4', gccosandvers=''
intsize=4, longsize=4, ptrsize=8, doublesize=8, byteorder=12345678
d_longlong=undef, longlongsize=8, d_longdbl=define, longdblsize=8
ivtype='__int64', ivsize=8, nvtype='double', nvsize=8, Off_t='__int64', lseeksize=8
alignbytes=8, prototype=define
Linker and Libraries:
ld='c:\Perl1664\site\bin\g++.exe', ldflags ='-L"c:\perl1664\lib\CORE"'
libpth=\lib
libs=-lkernel32 -luser32 -lgdi32 -lwinspool -lcomdlg32 -ladvapi32 -lshell32 -lole32 -loleaut32 -lnetapi32 -luuid -lws2_32 -lmpr -lwinmm -lversion -lodbc32 -lodbccp32 -lcomctl32 -lmsvcrt
perllibs=-lkernel32 -luser32 -lgdi32 -lwinspool -lcomdlg32 -ladvapi32 -lshell32 -lole32 -loleaut32 -lnetapi32 -luuid -lws2_32 -lmpr -lwinmm -lversion -lodbc32 -lodbccp32 -lcomctl32 -lmsvcrt
libc=msvcrt.lib, so=dll, useshrplib=true, libperl=perl516.lib
gnulibc_version=''
Dynamic Linking:
dlsrc=dl_win32.xs, dlext=dll, d_dlsymun=undef, ccdlflags=' '
cccdlflags=' ', lddlflags='-mdll -L"c:\perl1664\lib\CORE"'
Characteristics of this binary (from libperl):
Compile-time options: HAS_TIMES HAVE_INTERP_INTERN MULTIPLICITY
PERLIO_LAYERS PERL_DONT_CREATE_GVSV
PERL_IMPLICIT_CONTEXT PERL_IMPLICIT_SYS
PERL_MALLOC_WRAP PERL_PRESERVE_IVUV PL_OP_SLAB_ALLOC
USE_64_BIT_INT USE_ITHREADS USE_LARGE_FILES
USE_LOCALE USE_LOCALE_COLLATE USE_LOCALE_CTYPE
USE_LOCALE_NUMERIC USE_PERLIO USE_PERL_ATOF
USE_SITECUSTOMIZE
Locally applied patches:
ActivePerl Build 1603 [296746]
Built under MSWin32
Compiled at Mar 13 2013 13:31:10
%ENV:
PERL5LIB="C:\perl1664\cpan\build\Path-Class-0.32-61DjFY/blib/arch;C:\perl1664\cpan\build\Path-Class-0.32-61DjFY/blib/lib;C:\perl1664\cpan\build\Test-Most-0.31-EI1juF/blib/arch;C:\perl1664\cpan\build\Test-Most-0.31-EI1juF/blib/lib;C:\perl1664\cpan\build\Test-Deep-0.110-P75Zff/blib/arch;C:\perl1664\cpan\build\Test-Deep-0.110-P75Zff/blib/lib;C:\perl1664\cpan\build\Test-Warn-0.24-M4IFin/blib/arch;C:\perl1664\cpan\build\Test-Warn-0.24-M4IFin/blib/lib;C:\perl1664\cpan\build\Tree-DAG_Node-1.18-vUFoik/blib/arch;C:\perl1664\cpan\build\Tree-DAG_Node-1.18-vUFoik/blib/lib;C:\perl1664\cpan\build\File-Slurp-9999.19-gzZOOV/blib/arch;C:\perl1664\cpan\build\File-Slurp-9999.19-gzZOOV/blib/lib;C:\perl1664\cpan\build\File-Temp-0.2304-pn2Jvt/blib/arch;C:\perl1664\cpan\build\File-Temp-0.2304-pn2Jvt/blib/lib;C:\perl1664\cpan\build\Test-Class-0.39-5zWWDn/blib/arch;C:\perl1664\cpan\build\Test-Class-0.39-5zWWDn/blib/lib"
PERL5_CPANPLUS_IS_RUNNING="29668"
PERL5_CPAN_IS_RUNNING="29668"
PERL5_CPAN_IS_RUNNING_IN_RECURSION="20744,29668"
PERL_CR_SMOKER_CURRENT="Fuse-PerlSSH-FS-0.13"
PERL_EXTUTILS_AUTOINSTALL="--defaultdeps"
PERL_JSON_BACKEND="JSON::XS"
PERL_MM_USE_DEFAULT="1"
PERL_YAML_BACKEND="YAML::XS"
@INC:
C:\perl1664\cpan\build\Path-Class-0.32-61DjFY/blib/arch
C:\perl1664\cpan\build\Path-Class-0.32-61DjFY/blib/lib
C:\perl1664\cpan\build\Test-Most-0.31-EI1juF/blib/arch
C:\perl1664\cpan\build\Test-Most-0.31-EI1juF/blib/lib
C:\perl1664\cpan\build\Test-Deep-0.110-P75Zff/blib/arch
C:\perl1664\cpan\build\Test-Deep-0.110-P75Zff/blib/lib
C:\perl1664\cpan\build\Test-Warn-0.24-M4IFin/blib/arch
C:\perl1664\cpan\build\Test-Warn-0.24-M4IFin/blib/lib
C:\perl1664\cpan\build\Tree-DAG_Node-1.18-vUFoik/blib/arch
C:\perl1664\cpan\build\Tree-DAG_Node-1.18-vUFoik/blib/lib
C:\perl1664\cpan\build\File-Slurp-9999.19-gzZOOV/blib/arch
C:\perl1664\cpan\build\File-Slurp-9999.19-gzZOOV/blib/lib
C:\perl1664\cpan\build\File-Temp-0.2304-pn2Jvt/blib/arch
C:\perl1664\cpan\build\File-Temp-0.2304-pn2Jvt/blib/lib
C:\perl1664\cpan\build\Test-Class-0.39-5zWWDn/blib/arch
C:\perl1664\cpan\build\Test-Class-0.39-5zWWDn/blib/lib
c:/Perl1664/site/lib
c:/Perl1664/lib
.