MARC-Record v2.0.7 Perl 5 v5.8.2 x86_64-linux-thread-multi

Status
Fail
From
Andreas J. König (ANDK)
Dist
MARC-Record v2.0.7
Platform
Perl 5 v5.8.2 x86_64-linux-thread-multi
Date
2019-06-03 09:21:43
ID
005e26a6-85e1-11e9-b05f-0be80dfe1b72
This distribution has been tested as part of the CPAN Testers
project, supporting the Perl programming language.  See
http://wiki.cpantesters.org/ for more information or email
questions to cpan-testers-discuss@perl.org


--
Dear Galen Charlton,

This is a computer-generated report for MARC-Record-2.0.7
on perl 5.8.2, created by CPAN-Reporter-1.2018.

Thank you for uploading your work to CPAN.  However, there was a problem
testing your distribution.

If you think this report is invalid, please consult the CPAN Testers Wiki
for suggestions on how to avoid getting FAIL reports for missing library
or binary dependencies, unsupported operating systems, and so on:

http://wiki.cpantesters.org/wiki/CPANAuthorNotes

Sections of this report:

    * Tester comments
    * Program output
    * Prerequisites
    * Environment and other context

------------------------------
TESTER COMMENTS
------------------------------

Additional comments from tester:

this report is from an automated smoke testing program
and was not reviewed by a human for accuracy

------------------------------
PROGRAM OUTPUT
------------------------------

Output from '/usr/bin/make test':

PERL_DL_NONLAZY=1 "/tmp/basesmoker-reloperl-AHzC/bin/perl" "-MExtUtils::Command::MM" "-MTest::Harness" "-e" "undef *Test::Harness::Switches; test_harness(0, 'blib/lib', 'blib/arch')" t/*.t
# Testing MARC::Record 2.0.7
t/00.load.t ....................... ok
t/10.camel.t ...................... ok
t/11.astring.t .................... ok
t/12.ldr.t ........................ ok
t/20.clone.t ...................... ok
t/50.batch.t ...................... ok
t/60.insert.t ..................... ok
t/60.update.t ..................... ok
t/61.append.t ..................... ok
t/61.replace.t .................... ok
t/62.before.t ..................... ok
t/63.after.t ...................... ok
t/64.create.t ..................... ok
t/66.grouped.t .................... ok
t/66.ordered.t .................... ok
t/67.subfield.t ................... ok
t/68.subfields.t .................. ok
t/70.croak.t ...................... ok
t/75.warnings.t ................... ok
t/80.alphatag.t ................... ok
t/81.decode.t ..................... ok
t/82.baddir.t ..................... ok
t/83.indicators.t ................. ok
t/85.fh.t ......................... ok
t/batch-filter.t .................. ok
t/convenience.t ................... ok
t/decode-filter.t ................. ok
t/delete-field.t .................. ok
t/delete-subfield.t ............... ok
t/dosEOF.t ........................ ok
t/extra_controlfields.t ........... ok
t/file-filter.t ................... ok
t/file-header.t ................... ok
t/filler.t ........................ ok
t/lineendings.t ................... ok
t/pod-coverage.t .................. ok
t/pod.t ........................... ok
t/rename-field.t .................. ok
t/rt67094_field_sans_subfields.t .. ok
t/title_proper.t .................. ok

#   Failed test 'Reading it generated no warnings'
#   at t/utf8.t line 87.
#          got: '2'
#     expected: '0'

#   Failed test 'non-utf8'
#   at t/utf8.t line 89.
#          got: 'fooâe'
#     expected: 'fooâe'
# Looks like you failed 2 tests of 20.
t/utf8.t .......................... 
Dubious, test returned 2 (wstat 512, 0x200)
Failed 2/20 subtests 

Test Summary Report
-------------------
t/utf8.t                        (Wstat: 512 Tests: 20 Failed: 2)
  Failed tests:  19-20
  Non-zero exit status: 2
Files=41, Tests=1020,  5 wallclock secs ( 0.21 usr  0.23 sys +  4.05 cusr  0.68 csys =  5.17 CPU)
Result: FAIL
Failed 1/41 test programs. 2/1020 subtests failed.
Makefile:901: recipe for target 'test_dynamic' failed
make: *** [test_dynamic] Error 2

------------------------------
PREREQUISITES
------------------------------

Prerequisite modules loaded:

requires:

    Module              Need Have    
    ------------------- ---- --------
    Carp                0    1.50    
    File::Find          0    1.05    
    File::Spec          0    3.75    
    Test::More          0    1.302164

build_requires:

    Module              Need Have    
    ------------------- ---- --------
    ExtUtils::MakeMaker 0    7.36    

configure_requires:

    Module              Need Have    
    ------------------- ---- --------
    ExtUtils::MakeMaker 0    7.36    


------------------------------
ENVIRONMENT AND OTHER CONTEXT
------------------------------

Environment variables:

    AUTOMATED_TESTING = 1
    LANG = C
    PATH = /home/sand/bin:/usr/local/bin:/usr/bin:/bin:/usr/games:/usr/local/perl/bin:/usr/X11/bin:/sbin:/usr/sbin
    PERL = /tmp/basesmoker-reloperl-AHzC/bin/perl
    PERL5LIB = /tmp/loop_over_bdir-2450-jBS9PS/ExtUtils-Constant-0.25-0/blib/arch:/tmp/loop_over_bdir-2450-jBS9PS/ExtUtils-Constant-0.25-0/blib/lib
    PERL5OPT = 
    PERL5_CPANPLUS_IS_RUNNING = 8873
    PERL5_CPAN_IS_RUNNING = 8873
    PERL_CANARY_STABILITY_NOPROMPT = 1
    PERL_MM_USE_DEFAULT = 1
    PERL_USE_UNSAFE_INC = 1
    SHELL = /usr/bin/zsh
    TERM = screen

Perl special variables (and OS-specific diagnostics, for MSWin32):

    $^X = /tmp/basesmoker-reloperl-AHzC/bin/perl
    $UID/$EUID = 1005 / 1005
    $GID = 1005 1005
    $EGID = 1005 1005

Perl module toolchain versions installed:

    Module              Have    
    ------------------- --------
    CPAN                2.26    
    CPAN::Meta          2.150010
    Cwd                 3.75    
    ExtUtils::CBuilder  0.280231
    ExtUtils::Command   7.36    
    ExtUtils::Install   2.06    
    ExtUtils::MakeMaker 7.36    
    ExtUtils::Manifest  1.70    
    ExtUtils::ParseXS   3.35    
    File::Spec          3.75    
    JSON                4.02    
    JSON::PP            4.02    
    Module::Build       0.4229  
    Module::Signature   0.83    
    Parse::CPAN::Meta   2.150010
    Test::Harness       3.42    
    Test::More          1.302164
    YAML                1.29    
    YAML::Syck          1.31    
    version             0.9924  


--

Summary of my perl5 (revision 5.0 version 8 subversion 2) configuration:
  Platform:
    osname=linux, osvers=4.9.0-8-amd64, archname=x86_64-linux-thread-multi
    uname='linux k93stretch 4.9.0-8-amd64 #1 smp debian 4.9.144-3 (2019-02-02) x86_64 gnulinux '
    config_args='-Dprefix=/home/sand/src/perl/repoperls/installed-perls/host/k93stretch/perl-5.8.2/492a -Dmyhostname=k93stretch -Dinstallusrbinperl=n -Uversiononly -Dusedevel -des -Ui_db -Dlibswanted=cl pthread socket inet nsl gdbm dbm malloc dl ld sun m crypt sec util c cposix posix ucb BSD gdbm_compat -Duseithreads -Uuselongdouble -Doptimize=-g'
    hint=recommended, useposix=true, d_sigaction=define
    usethreads=define use5005threads=undef useithreads=define usemultiplicity=define
    useperlio=define d_sfio=undef uselargefiles=define usesocks=undef
    use64bitint=define use64bitall=define uselongdouble=undef
    usemymalloc=n, bincompat5005=undef
  Compiler:
    cc='cc', ccflags ='-D_REENTRANT -D_GNU_SOURCE -DDEBUGGING -fno-strict-aliasing -I/usr/local/include -D_LARGEFILE_SOURCE -D_FILE_OFFSET_BITS=64',
    optimize='-g',
    cppflags='-D_REENTRANT -D_GNU_SOURCE -DDEBUGGING -fno-strict-aliasing -I/usr/local/include'
    ccversion='', gccversion='6.3.0 20170516', gccosandvers=''
    intsize=4, longsize=8, ptrsize=8, doublesize=8, byteorder=12345678
    d_longlong=define, longlongsize=8, d_longdbl=define, longdblsize=16
    ivtype='long', ivsize=8, nvtype='double', nvsize=8, Off_t='off_t', lseeksize=8
    alignbytes=8, prototype=define
  Linker and Libraries:
    ld='cc', ldflags =' -L/usr/local/lib'
    libpth=/usr/local/lib /lib/x86_64-linux-gnu /lib/../lib /usr/lib/x86_64-linux-gnu /usr/lib/../lib /lib /usr/lib
    libs=-lpthread -lnsl -ldl -lm -lcrypt -lutil -lc
    perllibs=-lpthread -lnsl -ldl -lm -lcrypt -lutil -lc
    libc=libc-2.24.so, so=so, useshrplib=false, libperl=libperl.a
    gnulibc_version='2.24'
  Dynamic Linking:
    dlsrc=dl_dlopen.xs, dlext=so, d_dlsymun=undef, ccdlflags='-rdynamic'
    cccdlflags='-fpic', lddlflags='-shared -L/usr/local/lib'


Characteristics of this binary (from libperl): 
  Compile-time options: DEBUGGING MULTIPLICITY USE_ITHREADS USE_64_BIT_INT USE_64_BIT_ALL USE_LARGE_FILES PERL_IMPLICIT_CONTEXT
  Built under linux
  Compiled at Jun  1 2019 08:45:51
  %ENV:
    PERL="/tmp/basesmoker-reloperl-AHzC/bin/perl"
    PERL5LIB="/tmp/loop_over_bdir-2450-jBS9PS/ExtUtils-Constant-0.25-0/blib/arch:/tmp/loop_over_bdir-2450-jBS9PS/ExtUtils-Constant-0.25-0/blib/lib"
    PERL5OPT=""
    PERL5_CPANPLUS_IS_RUNNING="8873"
    PERL5_CPAN_IS_RUNNING="8873"
    PERL_CANARY_STABILITY_NOPROMPT="1"
    PERL_MM_USE_DEFAULT="1"
    PERL_USE_UNSAFE_INC="1"
  @INC:
    /tmp/loop_over_bdir-2450-jBS9PS/ExtUtils-Constant-0.25-0/blib/arch
    /tmp/loop_over_bdir-2450-jBS9PS/ExtUtils-Constant-0.25-0/blib/lib
    /home/sand/src/perl/repoperls/installed-perls/host/k93stretch/perl-5.8.2/492a/lib/5.8.2/x86_64-linux-thread-multi
    /home/sand/src/perl/repoperls/installed-perls/host/k93stretch/perl-5.8.2/492a/lib/5.8.2
    /home/sand/src/perl/repoperls/installed-perls/host/k93stretch/perl-5.8.2/492a/lib/site_perl/5.8.2/x86_64-linux-thread-multi
    /home/sand/src/perl/repoperls/installed-perls/host/k93stretch/perl-5.8.2/492a/lib/site_perl/5.8.2
    /home/sand/src/perl/repoperls/installed-perls/host/k93stretch/perl-5.8.2/492a/lib/site_perl
    .