WWW-EchoNest vv0.0.2 Perl 5 v5.14.2 x86_64-linux

Status
Fail
From
Serguei Trouchelle (STRO)
Dist
WWW-EchoNest vv0.0.2
Platform
Perl 5 v5.14.2 x86_64-linux
Date
2011-10-06 14:32:22
ID
0095fb8c-f028-11e0-9479-12f1e3f86055
This distribution has been tested as part of the CPAN Testers
project, supporting the Perl programming language.  See
http://wiki.cpantesters.org/ for more information or email
questions to cpan-testers-discuss@perl.org


--
Dear Brian Sorahan,

This is a computer-generated report for WWW-EchoNest-v0.0.2
on perl 5.14.2, created by CPAN-Reporter-1.2002.

Thank you for uploading your work to CPAN.  However, there was a problem
testing your distribution.

If you think this report is invalid, please consult the CPAN Testers Wiki
for suggestions on how to avoid getting FAIL reports for missing library
or binary dependencies, unsupported operating systems, and so on:

http://wiki.cpantesters.org/wiki/CPANAuthorNotes

Sections of this report:

    * Tester comments
    * Program output
    * Prerequisites
    * Environment and other context

------------------------------
TESTER COMMENTS
------------------------------

Additional comments from tester:

this report is from an automated smoke testing program
and was not reviewed by a human for accuracy

------------------------------
PROGRAM OUTPUT
------------------------------

Output from '/usr/bin/make test':

PERL_DL_NONLAZY=1 /home/trushel/perl/perl5142m/bin/perl "-MExtUtils::Command::MM" "-e" "test_harness(0, 'blib/lib', 'blib/arch')" t/*.t
Could not read ECHO_NEST_API_KEY env var.
Your api key may need to be hardcoded into WWW/EchoNest/Preferences.pm.
 at /home/trushel/cpan/build/5.14.2-m/WWW-EchoNest-v0.0.2-3y9s_w/blib/lib/WWW/EchoNest/Config.pm line 14
# Testing WWW::EchoNest 0.0.2, Perl 5.014002, /home/trushel/perl/perl5142m/bin/perl
t/00-load.t ....... ok
Could not read ECHO_NEST_API_KEY env var.
Your api key may need to be hardcoded into WWW/EchoNest/Preferences.pm.
 at /home/trushel/cpan/build/5.14.2-m/WWW-EchoNest-v0.0.2-3y9s_w/blib/lib/WWW/EchoNest/Config.pm line 14
Echo Nest API Error: 4, api_key - Missing required parameter: "api_key" at /home/trushel/cpan/build/5.14.2-m/WWW-EchoNest-v0.0.2-3y9s_w/blib/lib/WWW/EchoNest/Proxy.pm line 44
# Looks like your test exited with 255 just after 6.
t/artist.t ........ 
Dubious, test returned 255 (wstat 65280, 0xff00)
All 6 subtests passed 
couldn't open Changes for reading: No such file or directory at t/boilerplate.t line 10.
# Looks like you planned 3 tests but ran 1.
# Looks like your test exited with 2 just after 1.
t/boilerplate.t ... 
Dubious, test returned 2 (wstat 512, 0x200)
Failed 2/3 subtests 
	(1 TODO test unexpectedly succeeded)
Could not read ECHO_NEST_API_KEY env var.
Your api key may need to be hardcoded into WWW/EchoNest/Preferences.pm.
 at /home/trushel/cpan/build/5.14.2-m/WWW-EchoNest-v0.0.2-3y9s_w/blib/lib/WWW/EchoNest/Config.pm line 14
Echo Nest API Error: 4, api_key - Missing required parameter: "api_key" at /home/trushel/cpan/build/5.14.2-m/WWW-EchoNest-v0.0.2-3y9s_w/blib/lib/WWW/EchoNest/Proxy.pm line 67
# Looks like your test exited with 255 just after 7.
t/catalog.t ....... 
Dubious, test returned 255 (wstat 65280, 0xff00)
All 7 subtests passed 
Could not read ECHO_NEST_API_KEY env var.
Your api key may need to be hardcoded into WWW/EchoNest/Preferences.pm.
 at /home/trushel/cpan/build/5.14.2-m/WWW-EchoNest-v0.0.2-3y9s_w/blib/lib/WWW/EchoNest/Config.pm line 14

#   Failed test 'use WWW::EchoNest::ConfigData;'
#   at t/echonest.t line 11.
#     Tried to use 'WWW::EchoNest::ConfigData'.
#     Error:  Can't locate WWW/EchoNest/ConfigData.pm in @INC (@INC contains: /home/trushel/cpan/build/5.14.2-m/WWW-EchoNest-v0.0.2-3y9s_w/blib/lib /home/trushel/cpan/build/5.14.2-m/WWW-EchoNest-v0.0.2-3y9s_w/blib/arch /home/trushel/perl/perl5142m/lib/site_perl/5.14.2/x86_64-linux-multi /home/trushel/perl/perl5142m/lib/site_perl/5.14.2 /home/trushel/perl/perl5142m/lib/5.14.2/x86_64-linux-multi /home/trushel/perl/perl5142m/lib/5.14.2) at (eval 34) line 2.
# BEGIN failed--compilation aborted at (eval 34) line 2.
Can't locate object method "feature" via package "WWW::EchoNest::ConfigData" (perhaps you forgot to load "WWW::EchoNest::ConfigData"?) at t/echonest.t line 18.
# Looks like you failed 1 test of 2.
# Looks like your test exited with 255 just after 2.
t/echonest.t ...... 
Dubious, test returned 255 (wstat 65280, 0xff00)
Failed 1/2 subtests 
t/manifest.t ...... skipped: Author tests not required for installation
Could not read ECHO_NEST_API_KEY env var.
Your api key may need to be hardcoded into WWW/EchoNest/Preferences.pm.
 at /home/trushel/cpan/build/5.14.2-m/WWW-EchoNest-v0.0.2-3y9s_w/blib/lib/WWW/EchoNest/Config.pm line 14

#   Failed test 'new() died'
#   at t/playlist.t line 27.
#     Error was:  Echo Nest API Error: 4, api_key - Missing required parameter: "api_key" at /home/trushel/cpan/build/5.14.2-m/WWW-EchoNest-v0.0.2-3y9s_w/blib/lib/WWW/EchoNest/Proxy.pm line 44
Echo Nest API Error: 4, api_key - Missing required parameter: "api_key" at /home/trushel/cpan/build/5.14.2-m/WWW-EchoNest-v0.0.2-3y9s_w/blib/lib/WWW/EchoNest/Proxy.pm line 44
# Looks like you failed 1 test of 5.
# Looks like your test exited with 255 just after 5.
t/playlist.t ...... 
Dubious, test returned 255 (wstat 65280, 0xff00)
Failed 1/5 subtests 
Could not read ECHO_NEST_API_KEY env var.
Your api key may need to be hardcoded into WWW/EchoNest/Preferences.pm.
 at /home/trushel/cpan/build/5.14.2-m/WWW-EchoNest-v0.0.2-3y9s_w/blib/lib/WWW/EchoNest/Config.pm line 14
t/pod-coverage.t .. ok
t/pod.t ........... ok
Could not read ECHO_NEST_API_KEY env var.
Your api key may need to be hardcoded into WWW/EchoNest/Preferences.pm.
 at /home/trushel/cpan/build/5.14.2-m/WWW-EchoNest-v0.0.2-3y9s_w/blib/lib/WWW/EchoNest/Config.pm line 14

#   Failed test 'use WWW::EchoNest::ConfigData;'
#   at t/song.t line 14.
#     Tried to use 'WWW::EchoNest::ConfigData'.
#     Error:  Can't locate WWW/EchoNest/ConfigData.pm in @INC (@INC contains: /home/trushel/cpan/build/5.14.2-m/WWW-EchoNest-v0.0.2-3y9s_w/blib/lib /home/trushel/cpan/build/5.14.2-m/WWW-EchoNest-v0.0.2-3y9s_w/blib/arch /home/trushel/perl/perl5142m/lib/site_perl/5.14.2/x86_64-linux-multi /home/trushel/perl/perl5142m/lib/site_perl/5.14.2 /home/trushel/perl/perl5142m/lib/5.14.2/x86_64-linux-multi /home/trushel/perl/perl5142m/lib/5.14.2) at (eval 36) line 2.
# BEGIN failed--compilation aborted at (eval 36) line 2.
Can't locate object method "feature" via package "WWW::EchoNest::ConfigData" (perhaps you forgot to load "WWW::EchoNest::ConfigData"?) at t/song.t line 21.
# Looks like you failed 1 test of 4.
# Looks like your test exited with 255 just after 4.
t/song.t .......... 
Dubious, test returned 255 (wstat 65280, 0xff00)
Failed 1/4 subtests 
Could not read ECHO_NEST_API_KEY env var.
Your api key may need to be hardcoded into WWW/EchoNest/Preferences.pm.
 at /home/trushel/cpan/build/5.14.2-m/WWW-EchoNest-v0.0.2-3y9s_w/blib/lib/WWW/EchoNest/Config.pm line 14

#   Failed test 'use WWW::EchoNest::ConfigData;'
#   at t/track.t line 13.
#     Tried to use 'WWW::EchoNest::ConfigData'.
#     Error:  Can't locate WWW/EchoNest/ConfigData.pm in @INC (@INC contains: /home/trushel/cpan/build/5.14.2-m/WWW-EchoNest-v0.0.2-3y9s_w/blib/lib /home/trushel/cpan/build/5.14.2-m/WWW-EchoNest-v0.0.2-3y9s_w/blib/arch /home/trushel/perl/perl5142m/lib/site_perl/5.14.2/x86_64-linux-multi /home/trushel/perl/perl5142m/lib/site_perl/5.14.2 /home/trushel/perl/perl5142m/lib/5.14.2/x86_64-linux-multi /home/trushel/perl/perl5142m/lib/5.14.2) at (eval 35) line 2.
# BEGIN failed--compilation aborted at (eval 35) line 2.
Can't locate object method "feature" via package "WWW::EchoNest::ConfigData" (perhaps you forgot to load "WWW::EchoNest::ConfigData"?) at t/track.t line 16.
# Looks like you failed 1 test of 3.
# Looks like your test exited with 255 just after 3.
t/track.t ......... 
Dubious, test returned 255 (wstat 65280, 0xff00)
Failed 1/3 subtests 

Test Summary Report
-------------------
t/artist.t      (Wstat: 65280 Tests: 6 Failed: 0)
  Non-zero exit status: 255
t/boilerplate.t (Wstat: 512 Tests: 1 Failed: 0)
  TODO passed:   1
  Non-zero exit status: 2
  Parse errors: Bad plan.  You planned 3 tests but ran 1.
t/catalog.t     (Wstat: 65280 Tests: 7 Failed: 0)
  Non-zero exit status: 255
t/echonest.t    (Wstat: 65280 Tests: 2 Failed: 1)
  Failed test:  2
  Non-zero exit status: 255
t/playlist.t    (Wstat: 65280 Tests: 5 Failed: 1)
  Failed test:  5
  Non-zero exit status: 255
t/song.t        (Wstat: 65280 Tests: 4 Failed: 1)
  Failed test:  4
  Non-zero exit status: 255
t/track.t       (Wstat: 65280 Tests: 3 Failed: 1)
  Failed test:  3
  Non-zero exit status: 255
Files=11, Tests=56,  5 wallclock secs ( 0.03 usr  0.02 sys +  1.27 cusr  0.23 csys =  1.55 CPU)
Result: FAIL
Failed 7/11 test programs. 4/56 subtests failed.
make: *** [test_dynamic] Error 255

------------------------------
PREREQUISITES
------------------------------

Prerequisite modules loaded:

requires:

    Module              Need Have   
    ------------------- ---- -------
    JSON                0    2.53   
    Test::More          0    0.98   

build_requires:

    Module              Need Have   
    ------------------- ---- -------
    ExtUtils::MakeMaker 0    6.59   

configure_requires:

    Module              Need Have   
    ------------------- ---- -------
    Module::Build       0.36 0.39_01


------------------------------
ENVIRONMENT AND OTHER CONTEXT
------------------------------

Environment variables:

    AUTOMATED_TESTING = 1
    LANG = en_US.UTF-8
    LANGUAGE = en
    LC_COLLATE = C
    LC_MONETARY = C
    LC_NUMERIC = C
    LC_TIME = C
    PATH = /usr/local/sbin:/usr/local/bin:/usr/sbin:/usr/bin:/sbin:/bin
    PERL5LIB = 
    PERL5OPT = 
    PERL5_CPANPLUS_IS_RUNNING = 21660
    PERL5_CPAN_IS_RUNNING = 21660
    PERL5_CPAN_IS_RUNNING_IN_RECURSION = 5622,21660
    PERL_CR_SMOKER_CURRENT = WWW-EchoNest-v0.0.2
    PERL_EXTUTILS_AUTOINSTALL = --defaultdeps
    PERL_MM_USE_DEFAULT = 1
    SHELL = /bin/bash
    TERM = xterm

Perl special variables (and OS-specific diagnostics, for MSWin32):

    $^X = /home/trushel/perl/perl5142m/bin/perl
    $UID/$EUID = 138375 / 138375
    $GID = 5762 4 20 21 24 25 26 30 44 46 104 105 119 122 431 5762
    $EGID = 5762 4 20 21 24 25 26 30 44 46 104 105 119 122 431 5762

Perl module toolchain versions installed:

    Module              Have    
    ------------------- --------
    CPAN                1.9800  
    CPAN::Meta          2.112150
    Cwd                 3.33    
    ExtUtils::CBuilder  0.280202
    ExtUtils::Command   1.17    
    ExtUtils::Install   1.54    
    ExtUtils::MakeMaker 6.59    
    ExtUtils::Manifest  1.60    
    ExtUtils::ParseXS   3.04    
    File::Spec          3.33    
    JSON                2.53    
    JSON::PP            2.27200 
    Module::Build       0.39_01 
    Module::Signature   n/a     
    Parse::CPAN::Meta   1.4401  
    Test::Harness       3.23    
    Test::More          0.98    
    YAML                0.73    
    YAML::Syck          1.17    
    version             0.94    


--

Summary of my perl5 (revision 5 version 14 subversion 2) configuration:
   
  Platform:
    osname=linux, osvers=2.6.32-33-generic, archname=x86_64-linux-multi
    uname='linux trushel-glaptop 2.6.32-33-generic #72-ubuntu smp fri jul 29 21:07:13 utc 2011 x86_64 gnulinux '
    config_args=''
    hint=recommended, useposix=true, d_sigaction=define
    useithreads=undef, usemultiplicity=define
    useperlio=define, d_sfio=undef, uselargefiles=define, usesocks=undef
    use64bitint=define, use64bitall=define, uselongdouble=undef
    usemymalloc=n, bincompat5005=undef
  Compiler:
    cc='cc', ccflags ='-fno-strict-aliasing -pipe -fstack-protector -I/usr/local/include -D_LARGEFILE_SOURCE -D_FILE_OFFSET_BITS=64',
    optimize='-O2',
    cppflags='-fno-strict-aliasing -pipe -fstack-protector -I/usr/local/include'
    ccversion='', gccversion='4.4.3', gccosandvers=''
    intsize=4, longsize=8, ptrsize=8, doublesize=8, byteorder=12345678
    d_longlong=define, longlongsize=8, d_longdbl=define, longdblsize=16
    ivtype='long', ivsize=8, nvtype='double', nvsize=8, Off_t='off_t', lseeksize=8
    alignbytes=8, prototype=define
  Linker and Libraries:
    ld='cc', ldflags =' -fstack-protector -L/usr/local/lib'
    libpth=/usr/local/lib /lib/../lib /usr/lib/../lib /lib /usr/lib /usr/lib/x86_64-linux-gnu /lib64 /usr/lib64
    libs=-lnsl -ldb -ldl -lm -lcrypt -lutil -lc
    perllibs=-lnsl -ldl -lm -lcrypt -lutil -lc
    libc=/lib/libc-2.11.1.so, so=so, useshrplib=false, libperl=libperl.a
    gnulibc_version='2.11.1'
  Dynamic Linking:
    dlsrc=dl_dlopen.xs, dlext=so, d_dlsymun=undef, ccdlflags='-Wl,-E'
    cccdlflags='-fPIC', lddlflags='-shared -O2 -L/usr/local/lib -fstack-protector'


Characteristics of this binary (from libperl): 
  Compile-time options: MULTIPLICITY PERL_DONT_CREATE_GVSV
                        PERL_IMPLICIT_CONTEXT PERL_MALLOC_WRAP
                        PERL_PRESERVE_IVUV USE_64_BIT_ALL USE_64_BIT_INT
                        USE_LARGE_FILES USE_PERLIO USE_PERL_ATOF
  Built under linux
  Compiled at Oct  1 2011 14:29:05
  %ENV:
    PERL5LIB=""
    PERL5OPT=""
    PERL5_CPANPLUS_IS_RUNNING="21660"
    PERL5_CPAN_IS_RUNNING="21660"
    PERL5_CPAN_IS_RUNNING_IN_RECURSION="5622,21660"
    PERL_CR_SMOKER_CURRENT="WWW-EchoNest-v0.0.2"
    PERL_EXTUTILS_AUTOINSTALL="--defaultdeps"
    PERL_MM_USE_DEFAULT="1"
  @INC:
    /home/trushel/perl/perl5142m/lib/site_perl/5.14.2/x86_64-linux-multi
    /home/trushel/perl/perl5142m/lib/site_perl/5.14.2
    /home/trushel/perl/perl5142m/lib/5.14.2/x86_64-linux-multi
    /home/trushel/perl/perl5142m/lib/5.14.2
    .