BioX-SeqUtils-Promoter v0.1.1 Perl 5 v5.12.2 i686-linux

Status
Fail
From
Daniel Bosold (DEVOGON)
Dist
BioX-SeqUtils-Promoter v0.1.1
Platform
Perl 5 v5.12.2 i686-linux
Date
2010-10-07 12:25:42
ID
00a3f752-d20e-11df-a6a3-57d12e3c0eaa
This distribution has been tested as part of the CPAN Testers
project, supporting the Perl programming language.  See
http://wiki.cpantesters.org/ for more information or email
questions to cpan-testers-discuss@perl.org


--
Dear Charles Stephen Embry,

This is a computer-generated report for BioX-SeqUtils-Promoter-0.1.1
on perl 5.12.2, created by CPAN-Reporter-1.1803.

Thank you for uploading your work to CPAN.  However, there was a problem
testing your distribution.

If you think this report is invalid, please consult the CPAN Testers Wiki
for suggestions on how to avoid getting FAIL reports for missing library
or binary dependencies, unsupported operating systems, and so on:

http://wiki.cpantesters.org/wiki/CPANAuthorNotes

Sections of this report:

    * Tester comments
    * Program output
    * Prerequisites
    * Environment and other context

------------------------------
TESTER COMMENTS
------------------------------

Additional comments from tester:

this report is from an automated smoke testing program
and was not reviewed by a human for accuracy

------------------------------
PROGRAM OUTPUT
------------------------------

Output from './Build test':


#   Failed test 'use BioX::SeqUtils::Promoter;'
#   at t/00.load.t line 4.
#     Tried to use 'BioX::SeqUtils::Promoter'.
#     Error:  Can't locate Class/Std.pm in @INC (@INC contains: /home/cpt0/.cpan/build/BioX-SeqUtils-Promoter-1RKSFN/blib/lib /home/cpt0/.cpan/build/BioX-SeqUtils-Promoter-1RKSFN/blib/arch /home/cpt0/testing/perl-5.12.2/lib/site_perl/5.12.2/i686-linux /home/cpt0/testing/perl-5.12.2/lib/site_perl/5.12.2 /home/cpt0/testing/perl-5.12.2/lib/5.12.2/i686-linux /home/cpt0/testing/perl-5.12.2/lib/5.12.2 .) at /home/cpt0/.cpan/build/BioX-SeqUtils-Promoter-1RKSFN/blib/lib/BioX/SeqUtils/Promoter.pm line 10.
# BEGIN failed--compilation aborted at /home/cpt0/.cpan/build/BioX-SeqUtils-Promoter-1RKSFN/blib/lib/BioX/SeqUtils/Promoter.pm line 10.
# Compilation failed in require at (eval 4) line 2.
# BEGIN failed--compilation aborted at (eval 4) line 2.
Use of uninitialized value $BioX::SeqUtils::Promoter::VERSION in concatenation (.) or string at t/00.load.t line 7.
# Testing BioX::SeqUtils::Promoter 
# Looks like you failed 1 test of 1.
t/00.load.t ....... 
Dubious, test returned 1 (wstat 256, 0x100)
Failed 1/1 subtests 

#   Failed test 'use BioX::SeqUtils::Promoter::Base;'
#   at t/10.length.t line 4.
#     Tried to use 'BioX::SeqUtils::Promoter::Base'.
#     Error:  Can't locate Class/Std.pm in @INC (@INC contains: /home/cpt0/.cpan/build/BioX-SeqUtils-Promoter-1RKSFN/blib/lib /home/cpt0/.cpan/build/BioX-SeqUtils-Promoter-1RKSFN/blib/arch /home/cpt0/testing/perl-5.12.2/lib/site_perl/5.12.2/i686-linux /home/cpt0/testing/perl-5.12.2/lib/site_perl/5.12.2 /home/cpt0/testing/perl-5.12.2/lib/5.12.2/i686-linux /home/cpt0/testing/perl-5.12.2/lib/5.12.2 .) at /home/cpt0/.cpan/build/BioX-SeqUtils-Promoter-1RKSFN/blib/lib/BioX/SeqUtils/Promoter/Base.pm line 7.
# BEGIN failed--compilation aborted at /home/cpt0/.cpan/build/BioX-SeqUtils-Promoter-1RKSFN/blib/lib/BioX/SeqUtils/Promoter/Base.pm line 7.
# Compilation failed in require at (eval 4) line 2.
# BEGIN failed--compilation aborted at (eval 4) line 2.
Can't locate object method "new" via package "BioX::SeqUtils::Promoter::Base" at t/10.length.t line 11.
# Looks like you planned 2 tests but ran 1.
# Looks like you failed 1 test of 1 run.
# Looks like your test exited with 255 just after 1.
t/10.length.t ..... 
Dubious, test returned 255 (wstat 65280, 0xff00)
Failed 2/2 subtests 

#   Failed test 'use BioX::SeqUtils::Promoter;'
#   at t/10.load.t line 4.
#     Tried to use 'BioX::SeqUtils::Promoter'.
#     Error:  Can't locate Class/Std.pm in @INC (@INC contains: /home/cpt0/.cpan/build/BioX-SeqUtils-Promoter-1RKSFN/blib/lib /home/cpt0/.cpan/build/BioX-SeqUtils-Promoter-1RKSFN/blib/arch /home/cpt0/testing/perl-5.12.2/lib/site_perl/5.12.2/i686-linux /home/cpt0/testing/perl-5.12.2/lib/site_perl/5.12.2 /home/cpt0/testing/perl-5.12.2/lib/5.12.2/i686-linux /home/cpt0/testing/perl-5.12.2/lib/5.12.2 .) at /home/cpt0/.cpan/build/BioX-SeqUtils-Promoter-1RKSFN/blib/lib/BioX/SeqUtils/Promoter.pm line 10.
# BEGIN failed--compilation aborted at /home/cpt0/.cpan/build/BioX-SeqUtils-Promoter-1RKSFN/blib/lib/BioX/SeqUtils/Promoter.pm line 10.
# Compilation failed in require at (eval 4) line 2.
# BEGIN failed--compilation aborted at (eval 4) line 2.

#   Failed test 'use BioX::SeqUtils::Promoter::Alignment;'
#   at t/10.load.t line 10.
#     Tried to use 'BioX::SeqUtils::Promoter::Alignment'.
#     Error:  Can't locate Class/Std.pm in @INC (@INC contains: /home/cpt0/.cpan/build/BioX-SeqUtils-Promoter-1RKSFN/blib/lib /home/cpt0/.cpan/build/BioX-SeqUtils-Promoter-1RKSFN/blib/arch /home/cpt0/testing/perl-5.12.2/lib/site_perl/5.12.2/i686-linux /home/cpt0/testing/perl-5.12.2/lib/site_perl/5.12.2 /home/cpt0/testing/perl-5.12.2/lib/5.12.2/i686-linux /home/cpt0/testing/perl-5.12.2/lib/5.12.2 .) at /home/cpt0/.cpan/build/BioX-SeqUtils-Promoter-1RKSFN/blib/lib/BioX/SeqUtils/Promoter/Base.pm line 7.
# BEGIN failed--compilation aborted at /home/cpt0/.cpan/build/BioX-SeqUtils-Promoter-1RKSFN/blib/lib/BioX/SeqUtils/Promoter/Base.pm line 7.
# Compilation failed in require at (eval 7) line 2.
# 	...propagated at /home/cpt0/testing/perl-5.12.2/lib/5.12.2/base.pm line 94.
# BEGIN failed--compilation aborted at /home/cpt0/.cpan/build/BioX-SeqUtils-Promoter-1RKSFN/blib/lib/BioX/SeqUtils/Promoter/Alignment.pm line 7.
# Compilation failed in require at (eval 5) line 2.
# BEGIN failed--compilation aborted at (eval 5) line 2.

#   Failed test 'use BioX::SeqUtils::Promoter::Annotations;'
#   at t/10.load.t line 16.
#     Tried to use 'BioX::SeqUtils::Promoter::Annotations'.
#     Error:  Attempt to reload BioX/SeqUtils/Promoter/Base.pm aborted.
# Compilation failed in require at (eval 9) line 2.
# 	...propagated at /home/cpt0/testing/perl-5.12.2/lib/5.12.2/base.pm line 94.
# BEGIN failed--compilation aborted at /home/cpt0/.cpan/build/BioX-SeqUtils-Promoter-1RKSFN/blib/lib/BioX/SeqUtils/Promoter/Annotations.pm line 7.
# Compilation failed in require at (eval 8) line 2.
# BEGIN failed--compilation aborted at (eval 8) line 2.

#   Failed test 'use BioX::SeqUtils::Promoter::Annotations::Base;'
#   at t/10.load.t line 22.
#     Tried to use 'BioX::SeqUtils::Promoter::Annotations::Base'.
#     Error:  Attempt to reload BioX/SeqUtils/Promoter/Base.pm aborted.
# Compilation failed in require at (eval 11) line 2.
# 	...propagated at /home/cpt0/testing/perl-5.12.2/lib/5.12.2/base.pm line 94.
# BEGIN failed--compilation aborted at /home/cpt0/.cpan/build/BioX-SeqUtils-Promoter-1RKSFN/blib/lib/BioX/SeqUtils/Promoter/Annotations/Base.pm line 7.
# Compilation failed in require at (eval 10) line 2.
# BEGIN failed--compilation aborted at (eval 10) line 2.

#   Failed test 'use BioX::SeqUtils::Promoter::Annotations::CG;'
#   at t/10.load.t line 28.
#     Tried to use 'BioX::SeqUtils::Promoter::Annotations::CG'.
#     Error:  Can't locate Class/Std.pm in @INC (@INC contains: /home/cpt0/.cpan/build/BioX-SeqUtils-Promoter-1RKSFN/blib/lib /home/cpt0/.cpan/build/BioX-SeqUtils-Promoter-1RKSFN/blib/arch /home/cpt0/testing/perl-5.12.2/lib/site_perl/5.12.2/i686-linux /home/cpt0/testing/perl-5.12.2/lib/site_perl/5.12.2 /home/cpt0/testing/perl-5.12.2/lib/5.12.2/i686-linux /home/cpt0/testing/perl-5.12.2/lib/5.12.2 .) at /home/cpt0/.cpan/build/BioX-SeqUtils-Promoter-1RKSFN/blib/lib/BioX/SeqUtils/Promoter/Annotations/CG.pm line 8.
# BEGIN failed--compilation aborted at /home/cpt0/.cpan/build/BioX-SeqUtils-Promoter-1RKSFN/blib/lib/BioX/SeqUtils/Promoter/Annotations/CG.pm line 8.
# Compilation failed in require at (eval 12) line 2.
# BEGIN failed--compilation aborted at (eval 12) line 2.

#   Failed test 'use BioX::SeqUtils::Promoter::Annotations::Consensus;'
#   at t/10.load.t line 34.
#     Tried to use 'BioX::SeqUtils::Promoter::Annotations::Consensus'.
#     Error:  Can't locate Class/Std.pm in @INC (@INC contains: /home/cpt0/.cpan/build/BioX-SeqUtils-Promoter-1RKSFN/blib/lib /home/cpt0/.cpan/build/BioX-SeqUtils-Promoter-1RKSFN/blib/arch /home/cpt0/testing/perl-5.12.2/lib/site_perl/5.12.2/i686-linux /home/cpt0/testing/perl-5.12.2/lib/site_perl/5.12.2 /home/cpt0/testing/perl-5.12.2/lib/5.12.2/i686-linux /home/cpt0/testing/perl-5.12.2/lib/5.12.2 .) at /home/cpt0/.cpan/build/BioX-SeqUtils-Promoter-1RKSFN/blib/lib/BioX/SeqUtils/Promoter/Annotations/Consensus.pm line 8.
# BEGIN failed--compilation aborted at /home/cpt0/.cpan/build/BioX-SeqUtils-Promoter-1RKSFN/blib/lib/BioX/SeqUtils/Promoter/Annotations/Consensus.pm line 8.
# Compilation failed in require at (eval 13) line 2.
# BEGIN failed--compilation aborted at (eval 13) line 2.

#   Failed test 'use BioX::SeqUtils::Promoter::Base;'
#   at t/10.load.t line 40.
#     Tried to use 'BioX::SeqUtils::Promoter::Base'.
#     Error:  Attempt to reload BioX/SeqUtils/Promoter/Base.pm aborted.
# Compilation failed in require at (eval 14) line 2.
# BEGIN failed--compilation aborted at (eval 14) line 2.

#   Failed test 'use BioX::SeqUtils::Promoter::SaveTypes;'
#   at t/10.load.t line 46.
#     Tried to use 'BioX::SeqUtils::Promoter::SaveTypes'.
#     Error:  Can't locate Class/Std.pm in @INC (@INC contains: /home/cpt0/.cpan/build/BioX-SeqUtils-Promoter-1RKSFN/blib/lib /home/cpt0/.cpan/build/BioX-SeqUtils-Promoter-1RKSFN/blib/arch /home/cpt0/testing/perl-5.12.2/lib/site_perl/5.12.2/i686-linux /home/cpt0/testing/perl-5.12.2/lib/site_perl/5.12.2 /home/cpt0/testing/perl-5.12.2/lib/5.12.2/i686-linux /home/cpt0/testing/perl-5.12.2/lib/5.12.2 .) at /home/cpt0/.cpan/build/BioX-SeqUtils-Promoter-1RKSFN/blib/lib/BioX/SeqUtils/Promoter/SaveTypes.pm line 8.
# BEGIN failed--compilation aborted at /home/cpt0/.cpan/build/BioX-SeqUtils-Promoter-1RKSFN/blib/lib/BioX/SeqUtils/Promoter/SaveTypes.pm line 8.
# Compilation failed in require at (eval 15) line 2.
# BEGIN failed--compilation aborted at (eval 15) line 2.

#   Failed test 'use BioX::SeqUtils::Promoter::SaveTypes::Base;'
#   at t/10.load.t line 52.
#     Tried to use 'BioX::SeqUtils::Promoter::SaveTypes::Base'.
#     Error:  Can't locate Class/Std.pm in @INC (@INC contains: /home/cpt0/.cpan/build/BioX-SeqUtils-Promoter-1RKSFN/blib/lib /home/cpt0/.cpan/build/BioX-SeqUtils-Promoter-1RKSFN/blib/arch /home/cpt0/testing/perl-5.12.2/lib/site_perl/5.12.2/i686-linux /home/cpt0/testing/perl-5.12.2/lib/site_perl/5.12.2 /home/cpt0/testing/perl-5.12.2/lib/5.12.2/i686-linux /home/cpt0/testing/perl-5.12.2/lib/5.12.2 .) at /home/cpt0/.cpan/build/BioX-SeqUtils-Promoter-1RKSFN/blib/lib/BioX/SeqUtils/Promoter/SaveTypes/Base.pm line 8.
# BEGIN failed--compilation aborted at /home/cpt0/.cpan/build/BioX-SeqUtils-Promoter-1RKSFN/blib/lib/BioX/SeqUtils/Promoter/SaveTypes/Base.pm line 8.
# Compilation failed in require at (eval 16) line 2.
# BEGIN failed--compilation aborted at (eval 16) line 2.

#   Failed test 'use BioX::SeqUtils::Promoter::SaveTypes::RImage;'
#   at t/10.load.t line 58.
#     Tried to use 'BioX::SeqUtils::Promoter::SaveTypes::RImage'.
#     Error:  Can't locate Class/Std.pm in @INC (@INC contains: /home/cpt0/.cpan/build/BioX-SeqUtils-Promoter-1RKSFN/blib/lib /home/cpt0/.cpan/build/BioX-SeqUtils-Promoter-1RKSFN/blib/arch /home/cpt0/testing/perl-5.12.2/lib/site_perl/5.12.2/i686-linux /home/cpt0/testing/perl-5.12.2/lib/site_perl/5.12.2 /home/cpt0/testing/perl-5.12.2/lib/5.12.2/i686-linux /home/cpt0/testing/perl-5.12.2/lib/5.12.2 .) at /home/cpt0/.cpan/build/BioX-SeqUtils-Promoter-1RKSFN/blib/lib/BioX/SeqUtils/Promoter/SaveTypes/RImage.pm line 8.
# BEGIN failed--compilation aborted at /home/cpt0/.cpan/build/BioX-SeqUtils-Promoter-1RKSFN/blib/lib/BioX/SeqUtils/Promoter/SaveTypes/RImage.pm line 8.
# Compilation failed in require at (eval 17) line 2.
# BEGIN failed--compilation aborted at (eval 17) line 2.

#   Failed test 'use BioX::SeqUtils::Promoter::SaveTypes::Text;'
#   at t/10.load.t line 64.
#     Tried to use 'BioX::SeqUtils::Promoter::SaveTypes::Text'.
#     Error:  Can't locate Class/Std.pm in @INC (@INC contains: /home/cpt0/.cpan/build/BioX-SeqUtils-Promoter-1RKSFN/blib/lib /home/cpt0/.cpan/build/BioX-SeqUtils-Promoter-1RKSFN/blib/arch /home/cpt0/testing/perl-5.12.2/lib/site_perl/5.12.2/i686-linux /home/cpt0/testing/perl-5.12.2/lib/site_perl/5.12.2 /home/cpt0/testing/perl-5.12.2/lib/5.12.2/i686-linux /home/cpt0/testing/perl-5.12.2/lib/5.12.2 .) at /home/cpt0/.cpan/build/BioX-SeqUtils-Promoter-1RKSFN/blib/lib/BioX/SeqUtils/Promoter/SaveTypes/Text.pm line 8.
# BEGIN failed--compilation aborted at /home/cpt0/.cpan/build/BioX-SeqUtils-Promoter-1RKSFN/blib/lib/BioX/SeqUtils/Promoter/SaveTypes/Text.pm line 8.
# Compilation failed in require at (eval 18) line 2.
# BEGIN failed--compilation aborted at (eval 18) line 2.

#   Failed test 'use BioX::SeqUtils::Promoter::Sequence;'
#   at t/10.load.t line 71.
#     Tried to use 'BioX::SeqUtils::Promoter::Sequence'.
#     Error:  Can't locate Class/Std.pm in @INC (@INC contains: /home/cpt0/.cpan/build/BioX-SeqUtils-Promoter-1RKSFN/blib/lib /home/cpt0/.cpan/build/BioX-SeqUtils-Promoter-1RKSFN/blib/arch /home/cpt0/testing/perl-5.12.2/lib/site_perl/5.12.2/i686-linux /home/cpt0/testing/perl-5.12.2/lib/site_perl/5.12.2 /home/cpt0/testing/perl-5.12.2/lib/5.12.2/i686-linux /home/cpt0/testing/perl-5.12.2/lib/5.12.2 .) at /home/cpt0/.cpan/build/BioX-SeqUtils-Promoter-1RKSFN/blib/lib/BioX/SeqUtils/Promoter/Sequence.pm line 8.
# BEGIN failed--compilation aborted at /home/cpt0/.cpan/build/BioX-SeqUtils-Promoter-1RKSFN/blib/lib/BioX/SeqUtils/Promoter/Sequence.pm line 8.
# Compilation failed in require at (eval 19) line 2.
# BEGIN failed--compilation aborted at (eval 19) line 2.

#   Failed test 'use BioX::SeqUtils::Promoter::Sequences;'
#   at t/10.load.t line 77.
#     Tried to use 'BioX::SeqUtils::Promoter::Sequences'.
#     Error:  Can't locate Class/Std.pm in @INC (@INC contains: /home/cpt0/.cpan/build/BioX-SeqUtils-Promoter-1RKSFN/blib/lib /home/cpt0/.cpan/build/BioX-SeqUtils-Promoter-1RKSFN/blib/arch /home/cpt0/testing/perl-5.12.2/lib/site_perl/5.12.2/i686-linux /home/cpt0/testing/perl-5.12.2/lib/site_perl/5.12.2 /home/cpt0/testing/perl-5.12.2/lib/5.12.2/i686-linux /home/cpt0/testing/perl-5.12.2/lib/5.12.2 .) at /home/cpt0/.cpan/build/BioX-SeqUtils-Promoter-1RKSFN/blib/lib/BioX/SeqUtils/Promoter/Sequences.pm line 8.
# BEGIN failed--compilation aborted at /home/cpt0/.cpan/build/BioX-SeqUtils-Promoter-1RKSFN/blib/lib/BioX/SeqUtils/Promoter/Sequences.pm line 8.
# Compilation failed in require at (eval 20) line 2.
# BEGIN failed--compilation aborted at (eval 20) line 2.
Use of uninitialized value $BioX::SeqUtils::Promoter::VERSION in concatenation (.) or string at t/10.load.t line 7.
# Testing BioX::SeqUtils::Promoter 
Use of uninitialized value $BioX::SeqUtils::Promoter::Alignment::VERSION in concatenation (.) or string at t/10.load.t line 13.
# Testing BioX::SeqUtils::Promoter::Alignment 
Use of uninitialized value $BioX::SeqUtils::Promoter::Annotations::VERSION in concatenation (.) or string at t/10.load.t line 19.
# Testing BioX::SeqUtils::Promoter::Annotations 
# Testing BioX::SeqUtils::Promoter::Annotations::Base -1, set by base.pm
Use of uninitialized value $BioX::SeqUtils::Promoter::Annotations::CG::VERSION in concatenation (.) or string at t/10.load.t line 31.
# Testing BioX::SeqUtils::Promoter::Annotations::CG 
Use of uninitialized value $BioX::SeqUtils::Promoter::Annotations::Consensus::VERSION in concatenation (.) or string at t/10.load.t line 37.
# Testing BioX::SeqUtils::Promoter::Annotations::Consensus 
# Testing BioX::SeqUtils::Promoter::Base -1, set by base.pm
Use of uninitialized value $BioX::SeqUtils::Promoter::SaveTypes::VERSION in concatenation (.) or string at t/10.load.t line 49.
# Testing BioX::SeqUtils::Promoter::SaveTypes 
# Testing BioX::SeqUtils::Promoter::SaveTypes::Base -1, set by base.pm
Use of uninitialized value $BioX::SeqUtils::Promoter::SaveTypes::RImage::VERSION in concatenation (.) or string at t/10.load.t line 61.
# Testing BioX::SeqUtils::Promoter::SaveTypes::RImage 
Use of uninitialized value $BioX::SeqUtils::Promoter::SaveTypes::Text::VERSION in concatenation (.) or string at t/10.load.t line 67.
# Testing BioX::SeqUtils::Promoter::SaveTypes::Text 
Use of uninitialized value $BioX::SeqUtils::Promoter::Sequence::VERSION in concatenation (.) or string at t/10.load.t line 74.
# Testing BioX::SeqUtils::Promoter::Sequence 
Use of uninitialized value $BioX::SeqUtils::Promoter::Sequences::VERSION in concatenation (.) or string at t/10.load.t line 80.
# Testing BioX::SeqUtils::Promoter::Sequences 
# Looks like you failed 13 tests of 13.
t/10.load.t ....... 
Dubious, test returned 13 (wstat 3328, 0xd00)
Failed 13/13 subtests 

#   Failed test 'use BioX::SeqUtils::Promoter;'
#   at t/10.sequence.t line 4.
#     Tried to use 'BioX::SeqUtils::Promoter'.
#     Error:  Can't locate Class/Std.pm in @INC (@INC contains: /home/cpt0/.cpan/build/BioX-SeqUtils-Promoter-1RKSFN/blib/lib /home/cpt0/.cpan/build/BioX-SeqUtils-Promoter-1RKSFN/blib/arch /home/cpt0/testing/perl-5.12.2/lib/site_perl/5.12.2/i686-linux /home/cpt0/testing/perl-5.12.2/lib/site_perl/5.12.2 /home/cpt0/testing/perl-5.12.2/lib/5.12.2/i686-linux /home/cpt0/testing/perl-5.12.2/lib/5.12.2 .) at /home/cpt0/.cpan/build/BioX-SeqUtils-Promoter-1RKSFN/blib/lib/BioX/SeqUtils/Promoter.pm line 10.
# BEGIN failed--compilation aborted at /home/cpt0/.cpan/build/BioX-SeqUtils-Promoter-1RKSFN/blib/lib/BioX/SeqUtils/Promoter.pm line 10.
# Compilation failed in require at (eval 4) line 2.
# BEGIN failed--compilation aborted at (eval 4) line 2.
Attempt to reload BioX/SeqUtils/Promoter.pm aborted.
Compilation failed in require at t/10.sequence.t line 7.
BEGIN failed--compilation aborted at t/10.sequence.t line 7.
# Looks like you planned 3 tests but ran 1.
# Looks like you failed 1 test of 1 run.
# Looks like your test exited with 255 just after 1.
t/10.sequence.t ... 
Dubious, test returned 255 (wstat 65280, 0xff00)
Failed 3/3 subtests 
Can't locate Class/Std.pm in @INC (@INC contains: /home/cpt0/.cpan/build/BioX-SeqUtils-Promoter-1RKSFN/blib/lib /home/cpt0/.cpan/build/BioX-SeqUtils-Promoter-1RKSFN/blib/arch /home/cpt0/testing/perl-5.12.2/lib/site_perl/5.12.2/i686-linux /home/cpt0/testing/perl-5.12.2/lib/site_perl/5.12.2 /home/cpt0/testing/perl-5.12.2/lib/5.12.2/i686-linux /home/cpt0/testing/perl-5.12.2/lib/5.12.2 .) at /home/cpt0/.cpan/build/BioX-SeqUtils-Promoter-1RKSFN/blib/lib/BioX/SeqUtils/Promoter/Base.pm line 7.
BEGIN failed--compilation aborted at /home/cpt0/.cpan/build/BioX-SeqUtils-Promoter-1RKSFN/blib/lib/BioX/SeqUtils/Promoter/Base.pm line 7.
Compilation failed in require at (eval 5) line 2.
	...propagated at /home/cpt0/testing/perl-5.12.2/lib/5.12.2/base.pm line 94.
BEGIN failed--compilation aborted at /home/cpt0/.cpan/build/BioX-SeqUtils-Promoter-1RKSFN/blib/lib/BioX/SeqUtils/Promoter/Sequences.pm line 7.
Compilation failed in require at t/10.sequences.t line 3.
BEGIN failed--compilation aborted at t/10.sequences.t line 3.
# Looks like your test exited with 2 before it could output anything.
t/10.sequences.t .. 
Dubious, test returned 2 (wstat 512, 0x200)
Failed 2/2 subtests 

#   Failed test 'use BioX::SeqUtils::Promoter;'
#   at t/11.new.t line 4.
#     Tried to use 'BioX::SeqUtils::Promoter'.
#     Error:  Can't locate Class/Std.pm in @INC (@INC contains: /home/cpt0/.cpan/build/BioX-SeqUtils-Promoter-1RKSFN/blib/lib /home/cpt0/.cpan/build/BioX-SeqUtils-Promoter-1RKSFN/blib/arch /home/cpt0/testing/perl-5.12.2/lib/site_perl/5.12.2/i686-linux /home/cpt0/testing/perl-5.12.2/lib/site_perl/5.12.2 /home/cpt0/testing/perl-5.12.2/lib/5.12.2/i686-linux /home/cpt0/testing/perl-5.12.2/lib/5.12.2 .) at /home/cpt0/.cpan/build/BioX-SeqUtils-Promoter-1RKSFN/blib/lib/BioX/SeqUtils/Promoter.pm line 10.
# BEGIN failed--compilation aborted at /home/cpt0/.cpan/build/BioX-SeqUtils-Promoter-1RKSFN/blib/lib/BioX/SeqUtils/Promoter.pm line 10.
# Compilation failed in require at (eval 4) line 2.
# BEGIN failed--compilation aborted at (eval 4) line 2.
Attempt to reload BioX/SeqUtils/Promoter.pm aborted.
Compilation failed in require at t/11.new.t line 7.
BEGIN failed--compilation aborted at t/11.new.t line 7.
# Looks like you planned 2 tests but ran 1.
# Looks like you failed 1 test of 1 run.
# Looks like your test exited with 255 just after 1.
t/11.new.t ........ 
Dubious, test returned 255 (wstat 65280, 0xff00)
Failed 2/2 subtests 

Test Summary Report
-------------------
t/00.load.t     (Wstat: 256 Tests: 1 Failed: 1)
  Failed test:  1
  Non-zero exit status: 1
t/10.length.t   (Wstat: 65280 Tests: 1 Failed: 1)
  Failed test:  1
  Non-zero exit status: 255
  Parse errors: Bad plan.  You planned 2 tests but ran 1.
t/10.load.t     (Wstat: 3328 Tests: 13 Failed: 13)
  Failed tests:  1-13
  Non-zero exit status: 13
t/10.sequence.t (Wstat: 65280 Tests: 1 Failed: 1)
  Failed test:  1
  Non-zero exit status: 255
  Parse errors: Bad plan.  You planned 3 tests but ran 1.
t/10.sequences.t (Wstat: 512 Tests: 0 Failed: 0)
  Non-zero exit status: 2
  Parse errors: Bad plan.  You planned 2 tests but ran 0.
t/11.new.t      (Wstat: 65280 Tests: 1 Failed: 1)
  Failed test:  1
  Non-zero exit status: 255
  Parse errors: Bad plan.  You planned 2 tests but ran 1.
Files=6, Tests=17,  1 wallclock secs ( 0.02 usr  0.01 sys +  0.11 cusr  0.02 csys =  0.16 CPU)
Result: FAIL
Failed 6/6 test programs. 17/17 subtests failed.

------------------------------
PREREQUISITES
------------------------------

Prerequisite modules loaded:

requires:

    Module     Need Have
    ---------- ---- ----
    Test::More 0    0.94
    version    0    0.82


------------------------------
ENVIRONMENT AND OTHER CONTEXT
------------------------------

Environment variables:

    AUTOMATED_TESTING = 1
    LANG = en_US.utf8
    PATH = /usr/local/bin:/usr/bin:/bin:/usr/local/games:/usr/games
    PERL5LIB = 
    PERL5OPT = 
    PERL5_CPANPLUS_IS_RUNNING = 29272
    PERL5_CPAN_IS_RUNNING = 29272
    PERL5_CPAN_IS_RUNNING_IN_RECURSION = 9068,29272
    PERL_CR_SMOKER_CURRENT = BioX-SeqUtils-Promoter-0.1.1
    PERL_EXTUTILS_AUTOINSTALL = --defaultdeps
    PERL_MM_USE_DEFAULT = 1
    SHELL = /bin/bash
    TERM = screen

Perl special variables (and OS-specific diagnostics, for MSWin32):

    $^X = /home/cpt0/testing/perl-5.12.2/bin/perl
    $UID/$EUID = 1001 / 1001
    $GID = 1001 20 24 25 27 29 30 44 46 100 103 111 113 114 1001
    $EGID = 1001 20 24 25 27 29 30 44 46 100 103 111 113 114 1001

Perl module toolchain versions installed:

    Module              Have   
    ------------------- -------
    CPAN                1.94_56
    Cwd                 3.31   
    ExtUtils::CBuilder  0.27   
    ExtUtils::Command   1.16   
    ExtUtils::Install   1.55   
    ExtUtils::MakeMaker 6.56   
    ExtUtils::Manifest  1.57   
    ExtUtils::ParseXS   2.21   
    File::Spec          3.31_01
    Module::Build       0.3603 
    Module::Signature   n/a    
    Test::Harness       3.17   
    Test::More          0.94   
    YAML                0.72   
    YAML::Syck          n/a    
    version             0.82   


--

Summary of my perl5 (revision 5 version 12 subversion 2) configuration:
   
  Platform:
    osname=linux, osvers=2.6.35-4.slh.9-aptosid-686, archname=i686-linux
    uname='linux firenze 2.6.35-4.slh.9-aptosid-686 #1 smp preempt mon sep 13 16:40:35 utc 2010 i686 gnulinux '
    config_args='-Dprefix=/home/cpt0/testing/perl-5.12.2'
    hint=recommended, useposix=true, d_sigaction=define
    useithreads=undef, usemultiplicity=undef
    useperlio=define, d_sfio=undef, uselargefiles=define, usesocks=undef
    use64bitint=undef, use64bitall=undef, uselongdouble=undef
    usemymalloc=n, bincompat5005=undef
  Compiler:
    cc='cc', ccflags ='-fno-strict-aliasing -pipe -fstack-protector -I/usr/local/include -D_LARGEFILE_SOURCE -D_FILE_OFFSET_BITS=64',
    optimize='-O2',
    cppflags='-fno-strict-aliasing -pipe -fstack-protector -I/usr/local/include'
    ccversion='', gccversion='4.4.5', gccosandvers=''
    intsize=4, longsize=4, ptrsize=4, doublesize=8, byteorder=1234
    d_longlong=define, longlongsize=8, d_longdbl=define, longdblsize=12
    ivtype='long', ivsize=4, nvtype='double', nvsize=8, Off_t='off_t', lseeksize=8
    alignbytes=4, prototype=define
  Linker and Libraries:
    ld='cc', ldflags =' -fstack-protector -L/usr/local/lib'
    libpth=/usr/local/lib /lib /usr/lib
    libs=-lnsl -lgdbm -ldl -lm -lcrypt -lutil -lc -lgdbm_compat
    perllibs=-lnsl -ldl -lm -lcrypt -lutil -lc
    libc=/lib/libc-2.11.2.so, so=so, useshrplib=false, libperl=libperl.a
    gnulibc_version='2.11.2'
  Dynamic Linking:
    dlsrc=dl_dlopen.xs, dlext=so, d_dlsymun=undef, ccdlflags='-Wl,-E'
    cccdlflags='-fPIC', lddlflags='-shared -O2 -L/usr/local/lib -fstack-protector'


Characteristics of this binary (from libperl): 
  Compile-time options: PERL_DONT_CREATE_GVSV PERL_MALLOC_WRAP
                        USE_LARGE_FILES USE_PERLIO USE_PERL_ATOF
  Built under linux
  Compiled at Oct  5 2010 21:13:04
  %ENV:
    PERL5LIB=""
    PERL5OPT=""
    PERL5_CPANPLUS_IS_RUNNING="29272"
    PERL5_CPAN_IS_RUNNING="29272"
    PERL5_CPAN_IS_RUNNING_IN_RECURSION="9068,29272"
    PERL_CR_SMOKER_CURRENT="BioX-SeqUtils-Promoter-0.1.1"
    PERL_EXTUTILS_AUTOINSTALL="--defaultdeps"
    PERL_MM_USE_DEFAULT="1"
  @INC:
    /home/cpt0/testing/perl-5.12.2/lib/site_perl/5.12.2/i686-linux
    /home/cpt0/testing/perl-5.12.2/lib/site_perl/5.12.2
    /home/cpt0/testing/perl-5.12.2/lib/5.12.2/i686-linux
    /home/cpt0/testing/perl-5.12.2/lib/5.12.2
    .