HTML-Widget v1.11 Perl 5 v5.17.6 x86_64-linux-ld

Status
Fail
From
Andreas J. König (ANDK)
Dist
HTML-Widget v1.11
Platform
Perl 5 v5.17.6 x86_64-linux-ld
Date
2013-05-13 08:06:23
ID
00b72a70-bba4-11e2-a75e-c21c10d45c6b
This distribution has been tested as part of the CPAN Testers
project, supporting the Perl programming language.  See
http://wiki.cpantesters.org/ for more information or email
questions to cpan-testers-discuss@perl.org


--
Dear Carl Franks,

This is a computer-generated report for HTML-Widget-1.11
on perl 5.17.6, created by CPAN-Reporter-1.2009.

Thank you for uploading your work to CPAN.  However, there was a problem
testing your distribution.

If you think this report is invalid, please consult the CPAN Testers Wiki
for suggestions on how to avoid getting FAIL reports for missing library
or binary dependencies, unsupported operating systems, and so on:

http://wiki.cpantesters.org/wiki/CPANAuthorNotes

Sections of this report:

    * Tester comments
    * Program output
    * Prerequisites
    * Environment and other context

------------------------------
TESTER COMMENTS
------------------------------

Additional comments from tester:

this report is from an automated smoke testing program
and was not reviewed by a human for accuracy

------------------------------
PROGRAM OUTPUT
------------------------------

Output from '/usr/bin/make test':

PERL_DL_NONLAZY=1 /home/sand/src/perl/repoperls/installed-perls/perl/v5.17.6/127e/bin/perl "-MExtUtils::Command::MM" "-e" "test_harness(0, 'inc', 'blib/lib', 'blib/arch')" t/01use.t t/02pod.t t/03podcoverage.t t/04basic.t t/05strict.t t/06bugs_ascii_space.t t/06bugs_callbackone_missing_param.t t/06bugs_constraint_range_zero_max.t t/06bugs_constraint_range_zero_min.t t/06bugs_in_value_empty.t t/06bugs_name_regex_chars.t t/06bugs_result_elements_warnings.t t/06bugs_result_params_multiple.t t/06bugs_select_empty_options.t t/06bugs_select_zero_key_constraint.t t/06bugs_value_empty_string.t t/06bugs_value_no_default.t t/06bugs_value_zero.t t/06bugs_widget_get_elements.t t/06bugs_widget_name_zero.t t/06bugs_xml_escape.t t/06bugs_zero_value_xml.t t/06bugs_zero_xml.t t/07custom_render.t t/08constraint_all.t t/08empty_errors.t t/08filter_all.t t/09nested_embed.t t/10explicit_ids.t t/10no_name.t t/attributes.t t/constraint_all.t t/constraint_allornone.t t/constraint_any.t t/constraint_ascii.t t/constraint_bool.t t/constraint_callback.t t/constraint_callbackonce.t t/constraint_custom_namespace.t t/constraint_date.t t/constraint_datetime.t t/constraint_dependon.t t/constraint_email.t t/constraint_equal.t t/constraint_http.t t/constraint_in.t t/constraint_integer.t t/constraint_length.t t/constraint_number.t t/constraint_printable.t t/constraint_range.t t/constraint_regex.t t/constraint_singlevalue.t t/constraint_string.t t/constraint_time.t t/element_block.t t/element_button.t t/element_button_tag.t t/element_checkbox.t t/element_custom_namespace.t t/element_hidden.t t/element_password.t t/element_radio.t t/element_radiogroup.t t/element_radiogroup_constrain_values.t t/element_reset.t t/element_select.t t/element_select_constrain_options.t t/element_span.t t/element_submit.t t/element_textarea.t t/element_textfield.t t/element_upload.t t/filter_callback.t t/filter_htmlescape.t t/filter_htmlstrip.t t/filter_lowercase.t t/filter_trimedges.t t/filter_uppercase.t t/filter_whitespace.t t/get_constraint.t t/get_constraints.t t/get_element.t t/get_elements.t t/get_errors.t t/get_filter.t t/get_filters.t t/result_add_error.t t/retain_default.t t/submitted.t
t/01use.t ................................ ok
t/02pod.t ................................ skipped: set TEST_POD to enable this test
t/03podcoverage.t ........................ skipped: set TEST_POD to enable this test

#   Failed test 'JavScript XML output is ok'
#   at t/04basic.t line 85.
#          got: '<script type="text/javascript">
# <!--
# 
# //-->
# </script>'
#     expected: '<script type="text/javascript">
# <!--
# 
# //-->
# </script>
# '
# Looks like you failed 1 test of 36.
t/04basic.t .............................. 
Dubious, test returned 1 (wstat 256, 0x100)
Failed 1/36 subtests 
t/05strict.t ............................. ok
t/06bugs_ascii_space.t ................... ok
t/06bugs_callbackone_missing_param.t ..... ok
t/06bugs_constraint_range_zero_max.t ..... ok
t/06bugs_constraint_range_zero_min.t ..... ok
t/06bugs_in_value_empty.t ................ ok
t/06bugs_name_regex_chars.t .............. ok
t/06bugs_result_elements_warnings.t ...... ok
t/06bugs_result_params_multiple.t ........ ok
t/06bugs_select_empty_options.t .......... ok
t/06bugs_select_zero_key_constraint.t .... ok
t/06bugs_value_empty_string.t ............ ok
t/06bugs_value_no_default.t .............. ok
t/06bugs_value_zero.t .................... ok
t/06bugs_widget_get_elements.t ........... ok
t/06bugs_widget_name_zero.t .............. ok

#   Failed test ''
#   at t/06bugs_xml_escape.t line 26.
#                   '<form id="widget" method="post"><fieldset class="widget_fieldset"><input class="textfield" id="widget_foo" name="foo" type="text" value="é" /><input class="hidden" id="widget_bar" name="bar" type="hidden" value="&quot; foo &gt;" /></fieldset></form>
# '
#     doesn't match '(?^:value="&#34; foo &#62;")'
# Looks like you failed 1 test of 2.
t/06bugs_xml_escape.t .................... 
Dubious, test returned 1 (wstat 256, 0x100)
Failed 1/2 subtests 
t/06bugs_zero_value_xml.t ................ ok
t/06bugs_zero_xml.t ...................... ok

#   Failed test 'JavScript XML output is ok'
#   at t/07custom_render.t line 122.
#          got: '<script type="text/javascript">
# <!--
# 
# //-->
# </script>'
#     expected: '<script type="text/javascript">
# <!--
# 
# //-->
# </script>
# '
# Looks like you failed 1 test of 46.
t/07custom_render.t ...................... 
Dubious, test returned 1 (wstat 256, 0x100)
Failed 1/46 subtests 
t/08constraint_all.t ..................... ok
t/08empty_errors.t ....................... ok
t/08filter_all.t ......................... ok
t/09nested_embed.t ....................... ok
t/10explicit_ids.t ....................... ok
t/10no_name.t ............................ ok
t/attributes.t ........................... ok
t/constraint_all.t ....................... ok
t/constraint_allornone.t ................. ok
t/constraint_any.t ....................... ok
t/constraint_ascii.t ..................... ok
t/constraint_bool.t ...................... ok
t/constraint_callback.t .................. ok
t/constraint_callbackonce.t .............. ok
t/constraint_custom_namespace.t .......... ok
t/constraint_date.t ...................... ok
t/constraint_datetime.t .................. ok
t/constraint_dependon.t .................. ok
t/constraint_email.t ..................... ok
t/constraint_equal.t ..................... ok
t/constraint_http.t ...................... ok
t/constraint_in.t ........................ ok
t/constraint_integer.t ................... ok
t/constraint_length.t .................... ok
t/constraint_number.t .................... ok
t/constraint_printable.t ................. ok
t/constraint_range.t ..................... ok
t/constraint_regex.t ..................... ok
t/constraint_singlevalue.t ............... ok
t/constraint_string.t .................... ok
t/constraint_time.t ...................... ok
t/element_block.t ........................ ok
t/element_button.t ....................... ok
t/element_button_tag.t ................... ok
t/element_checkbox.t ..................... ok
t/element_custom_namespace.t ............. ok
t/element_hidden.t ....................... ok
t/element_password.t ..................... ok
t/element_radio.t ........................ ok
t/element_radiogroup.t ................... ok
t/element_radiogroup_constrain_values.t .. ok
t/element_reset.t ........................ ok
t/element_select.t ....................... ok
t/element_select_constrain_options.t ..... ok
t/element_span.t ......................... ok
t/element_submit.t ....................... ok
t/element_textarea.t ..................... ok
t/element_textfield.t .................... ok
t/element_upload.t ....................... ok
t/filter_callback.t ...................... ok
t/filter_htmlescape.t .................... ok
t/filter_htmlstrip.t ..................... ok
t/filter_lowercase.t ..................... ok
t/filter_trimedges.t ..................... ok
t/filter_uppercase.t ..................... ok
t/filter_whitespace.t .................... ok
t/get_constraint.t ....................... ok
t/get_constraints.t ...................... ok
t/get_element.t .......................... ok
t/get_elements.t ......................... ok

#   Failed test 'Errors correct with no params'
#   at t/get_errors.t line 30.
#     Structures begin differing at:
#          $got->[0] = 'Baz error'
#     $expected->[0] = 'bad foo'

#   Failed test 'Errors correct with no params'
#   at t/get_errors.t line 88.
#     Structures begin differing at:
#          $got->[0] = 'Baz error'
#     $expected->[0] = 'bad foo'
# Looks like you failed 2 tests of 6.
t/get_errors.t ........................... 
Dubious, test returned 2 (wstat 512, 0x200)
Failed 2/6 subtests 
t/get_filter.t ........................... ok
t/get_filters.t .......................... ok
t/result_add_error.t ..................... ok
t/retain_default.t ....................... ok
t/submitted.t ............................ ok

Test Summary Report
-------------------
t/04basic.t                            (Wstat: 256 Tests: 36 Failed: 1)
  Failed test:  26
  Non-zero exit status: 1
t/06bugs_xml_escape.t                  (Wstat: 256 Tests: 2 Failed: 1)
  Failed test:  2
  Non-zero exit status: 1
t/07custom_render.t                    (Wstat: 256 Tests: 46 Failed: 1)
  Failed test:  37
  Non-zero exit status: 1
t/get_errors.t                         (Wstat: 512 Tests: 6 Failed: 2)
  Failed tests:  1, 5
  Non-zero exit status: 2
Files=90, Tests=625, 42 wallclock secs ( 0.24 usr  0.08 sys + 15.74 cusr  2.33 csys = 18.39 CPU)
Result: FAIL
Failed 4/90 test programs. 5/625 subtests failed.
make: *** [test_dynamic] Error 255

------------------------------
PREREQUISITES
------------------------------

Prerequisite modules loaded:

requires:

    Module                         Need Have   
    ------------------------------ ---- -------
    Class::Accessor::Chained::Fast 0    0      
    Class::Accessor::Fast          0    0.34   
    Class::Data::Accessor          0    0.04004
    Date::Calc                     0    6.3    
    Email::Valid                   0    0.190  
    HTML::Element                  3.22 5.902  
    HTML::Scrubber                 0    0.09   
    Module::Pluggable::Fast        0    0.19   
    Scalar::Util                   0    1.27   
    Storable                       0    2.39   
    Test::NoWarnings               0    1.04   

build_requires:

    Module                         Need Have   
    ------------------------------ ---- -------
    ExtUtils::MakeMaker            0    6.67_01


------------------------------
ENVIRONMENT AND OTHER CONTEXT
------------------------------

Environment variables:

    AUTOMATED_TESTING = 1
    LANG = en_US.UTF-8
    LANGUAGE = en_US:en
    PATH = /usr/lib/ccache:/home/sand/bin:/usr/local/bin:/usr/bin:/bin:/usr/bin/X11:/usr/games:/usr/local/perl/bin:/usr/X11/bin:/sbin:/usr/sbin
    PERL5LIB = 
    PERL5OPT = 
    PERL5_CPANPLUS_IS_RUNNING = 1171
    PERL5_CPAN_IS_RUNNING = 1171
    PERL_MM_USE_DEFAULT = 1
    SHELL = /usr/bin/zsh
    TERM = screen

Perl special variables (and OS-specific diagnostics, for MSWin32):

    $^X = /home/sand/src/perl/repoperls/installed-perls/perl/v5.17.6/127e/bin/perl
    $UID/$EUID = 1005 / 1005
    $GID = 1005 1005
    $EGID = 1005 1005

Perl module toolchain versions installed:

    Module              Have    
    ------------------- --------
    CPAN                2.00    
    CPAN::Meta          2.130880
    Cwd                 3.40    
    ExtUtils::CBuilder  0.280209
    ExtUtils::Command   1.17    
    ExtUtils::Install   1.58    
    ExtUtils::MakeMaker 6.67_01 
    ExtUtils::Manifest  1.62    
    ExtUtils::ParseXS   3.18_03 
    File::Spec          3.40    
    JSON                2.57    
    JSON::PP            2.27201 
    Module::Build       0.4005  
    Module::Signature   0.70    
    Parse::CPAN::Meta   1.4404  
    Test::Harness       3.28    
    Test::More          0.98    
    YAML                0.84    
    YAML::Syck          1.25    
    version             0.9902  


--

Summary of my perl5 (revision 5 version 17 subversion 6) configuration:
  Commit id: 15c17f169ef0db20cf821f6005d06ec88d93d250
  Platform:
    osname=linux, osvers=3.2.0-4-amd64, archname=x86_64-linux-ld
    uname='linux k83 3.2.0-4-amd64 #1 smp debian 3.2.35-2 x86_64 gnulinux '
    config_args='-Dprefix=/home/src/perl/repoperls/installed-perls/perl/v5.17.6/127e -Dmyhostname=k83 -Dinstallusrbinperl=n -Uversiononly -Dusedevel -des -Ui_db -Uuseithreads -Duselongdouble -DDEBUGGING=-g'
    hint=recommended, useposix=true, d_sigaction=define
    useithreads=undef, usemultiplicity=undef
    useperlio=define, d_sfio=undef, uselargefiles=define, usesocks=undef
    use64bitint=define, use64bitall=define, uselongdouble=define
    usemymalloc=n, bincompat5005=undef
  Compiler:
    cc='cc', ccflags ='-fno-strict-aliasing -pipe -fstack-protector -I/usr/local/include -D_LARGEFILE_SOURCE -D_FILE_OFFSET_BITS=64',
    optimize='-O2 -g',
    cppflags='-fno-strict-aliasing -pipe -fstack-protector -I/usr/local/include'
    ccversion='', gccversion='4.7.2', gccosandvers=''
    intsize=4, longsize=8, ptrsize=8, doublesize=8, byteorder=12345678
    d_longlong=define, longlongsize=8, d_longdbl=define, longdblsize=16
    ivtype='long', ivsize=8, nvtype='long double', nvsize=16, Off_t='off_t', lseeksize=8
    alignbytes=16, prototype=define
  Linker and Libraries:
    ld='cc', ldflags =' -fstack-protector -L/usr/local/lib'
    libpth=/usr/local/lib /lib/x86_64-linux-gnu /lib/../lib /usr/lib/x86_64-linux-gnu /usr/lib/../lib /lib /usr/lib
    libs=-lnsl -ldb -ldl -lm -lcrypt -lutil -lc
    perllibs=-lnsl -ldl -lm -lcrypt -lutil -lc
    libc=, so=so, useshrplib=false, libperl=libperl.a
    gnulibc_version='2.13'
  Dynamic Linking:
    dlsrc=dl_dlopen.xs, dlext=so, d_dlsymun=undef, ccdlflags='-Wl,-E'
    cccdlflags='-fPIC', lddlflags='-shared -O2 -g -L/usr/local/lib -fstack-protector'


Characteristics of this binary (from libperl): 
  Compile-time options: HAS_TIMES PERLIO_LAYERS PERL_DONT_CREATE_GVSV
                        PERL_MALLOC_WRAP PERL_PRESERVE_IVUV PERL_USE_DEVEL
                        USE_64_BIT_ALL USE_64_BIT_INT USE_LARGE_FILES
                        USE_LOCALE USE_LOCALE_COLLATE USE_LOCALE_CTYPE
                        USE_LOCALE_NUMERIC USE_LONG_DOUBLE USE_PERLIO
                        USE_PERL_ATOF
  Built under linux
  Compiled at Dec 30 2012 13:08:02
  %ENV:
    PERL5LIB=""
    PERL5OPT=""
    PERL5_CPANPLUS_IS_RUNNING="1171"
    PERL5_CPAN_IS_RUNNING="1171"
    PERL_MM_USE_DEFAULT="1"
  @INC:
    /home/src/perl/repoperls/installed-perls/perl/v5.17.6/127e/lib/site_perl/5.17.6/x86_64-linux-ld
    /home/src/perl/repoperls/installed-perls/perl/v5.17.6/127e/lib/site_perl/5.17.6
    /home/src/perl/repoperls/installed-perls/perl/v5.17.6/127e/lib/5.17.6/x86_64-linux-ld
    /home/src/perl/repoperls/installed-perls/perl/v5.17.6/127e/lib/5.17.6
    .