Traceroute-Similar v0.14 Perl 5 v5.12.1 x86_64-linux-thread-multi-ld

Status
Fail
From
brian greenfield
Dist
Traceroute-Similar v0.14
Platform
Perl 5 v5.12.1 x86_64-linux-thread-multi-ld
Date
2010-10-08 22:11:30
ID
00c33664-d329-11df-b994-484106264d1f
This distribution has been tested as part of the CPAN Testers
project, supporting the Perl programming language.  See
http://wiki.cpantesters.org/ for more information or email
questions to cpan-testers-discuss@perl.org


--
Dear Sven Nierlein,

This is a computer-generated report for Traceroute-Similar-0.14
on perl 5.12.1, created by CPAN-Reporter-1.1803.

Thank you for uploading your work to CPAN.  However, there was a problem
testing your distribution.

If you think this report is invalid, please consult the CPAN Testers Wiki
for suggestions on how to avoid getting FAIL reports for missing library
or binary dependencies, unsupported operating systems, and so on:

http://wiki.cpantesters.org/wiki/CPANAuthorNotes

Sections of this report:

    * Tester comments
    * Program output
    * Prerequisites
    * Environment and other context

------------------------------
TESTER COMMENTS
------------------------------

Additional comments from tester:

this report is from an automated smoke testing program
and was not reviewed by a human for accuracy

------------------------------
PROGRAM OUTPUT
------------------------------

Output from '/usr/bin/make test':

PERL_DL_NONLAZY=1 /home/test/perl/bin/perl5.12.1 "-MExtUtils::Command::MM" "-e" "test_harness(0, 'blib/lib', 'blib/arch')" t/*.t

#   Failed test 'Example 1'
#   at t/01-Basic.t line 20.
#          got: '127.0.0.1'
#     expected: undef
# Looks like you failed 1 test of 3.
t/01-Basic.t ............................ 
Dubious, test returned 1 (wstat 256, 0x100)
Failed 1/3 subtests 
t/02-Internals.t ........................ ok
t/20-Backend-Net-Traceroute.t ........... skipped: Net::Traceroute not installed or not working: Can't locate Net/Traceroute.pm in @INC (@INC contains: /home/test/.cpan/build/Traceroute-Similar-0.14-StuQZq/blib/lib /home/test/.cpan/build/Traceroute-Similar-0.14-StuQZq/blib/arch /home/test/perl/lib/site_perl/5.12.1/x86_64-linux-thread-multi-ld /home/test/perl/lib/site_perl/5.12.1 /home/test/perl/lib/5.12.1/x86_64-linux-thread-multi-ld /home/test/perl/lib/5.12.1 .) at t/20-Backend-Net-Traceroute.t line 9.
t/21-Backend-Net-Traceroute-PurePerl.t .. skipped: Net::Traceroute::PurePerl not installed
t/22-Backend-Traceroute.t ............... ok
t/98-Pod-Coverage.t ..................... skipped: Author test.  Set $ENV{TEST_AUTHOR} to a true value to run.
t/99-Perl-Critic.t ...................... skipped: Author test.  Set $ENV{TEST_AUTHOR} to a true value to run.

Test Summary Report
-------------------
t/01-Basic.t                          (Wstat: 256 Tests: 3 Failed: 1)
  Failed test:  3
  Non-zero exit status: 1
Files=7, Tests=11,  0 wallclock secs ( 0.03 usr  0.01 sys +  0.16 cusr  0.05 csys =  0.25 CPU)
Result: FAIL
Failed 1/7 test programs. 1/11 subtests failed.
make: *** [test_dynamic] Error 255

------------------------------
PREREQUISITES
------------------------------

Prerequisite modules loaded:

configure_requires:

    Module              Need Have
    ------------------- ---- ----
    ExtUtils::MakeMaker 0    6.56


------------------------------
ENVIRONMENT AND OTHER CONTEXT
------------------------------

Environment variables:

    AUTOMATED_TESTING = 1
    LANG = C
    LC_ALL = C
    PATH = /home/test/perl/bin:~/bin:/usr/bin:/bin
    PERL5LIB = 
    PERL5OPT = 
    PERL5_CPANPLUS_IS_RUNNING = 17751
    PERL5_CPAN_IS_RUNNING = 17751
    PERL5_CPAN_IS_RUNNING_IN_RECURSION = 2369,17751
    PERL_CR_SMOKER_CURRENT = Traceroute-Similar-0.14
    PERL_EXTUTILS_AUTOINSTALL = --defaultdeps
    PERL_MM_USE_DEFAULT = 1
    SHELL = /bin/bash
    TERM = linux

Perl special variables (and OS-specific diagnostics, for MSWin32):

    $^X = /home/test/perl/bin/perl5.12.1
    $UID/$EUID = 1001 / 1001
    $GID = 1001 1001
    $EGID = 1001 1001

Perl module toolchain versions installed:

    Module              Have   
    ------------------- -------
    CPAN                1.94_56
    Cwd                 3.31   
    ExtUtils::CBuilder  0.27   
    ExtUtils::Command   1.16   
    ExtUtils::Install   1.55   
    ExtUtils::MakeMaker 6.56   
    ExtUtils::Manifest  1.57   
    ExtUtils::ParseXS   2.21   
    File::Spec          3.31   
    Module::Build       0.3603 
    Module::Signature   n/a    
    Test::Harness       3.17   
    Test::More          0.94   
    YAML                n/a    
    YAML::Syck          1.15   
    version             0.82   


--

Summary of my perl5 (revision 5 version 12 subversion 1) configuration:
   
  Platform:
    osname=linux, osvers=2.6.26-2-amd64, archname=x86_64-linux-thread-multi-ld
    uname='linux zippy 2.6.26-2-amd64 #1 smp tue jan 12 22:12:20 utc 2010 x86_64 gnulinux '
    config_args='-des -Dusedevel -des -Duselongdouble -Duse64bitall -Dusethreads -Dprefix=~/perl'
    hint=recommended, useposix=true, d_sigaction=define
    useithreads=define, usemultiplicity=define
    useperlio=define, d_sfio=undef, uselargefiles=define, usesocks=undef
    use64bitint=define, use64bitall=define, uselongdouble=define
    usemymalloc=n, bincompat5005=undef
  Compiler:
    cc='cc', ccflags ='-D_REENTRANT -D_GNU_SOURCE -fno-strict-aliasing -pipe -fstack-protector -I/usr/local/include -D_LARGEFILE_SOURCE -D_FILE_OFFSET_BITS=64',
    optimize='-O2',
    cppflags='-D_REENTRANT -D_GNU_SOURCE -fno-strict-aliasing -pipe -fstack-protector -I/usr/local/include'
    ccversion='', gccversion='4.4.4', gccosandvers=''
    intsize=4, longsize=8, ptrsize=8, doublesize=8, byteorder=12345678
    d_longlong=define, longlongsize=8, d_longdbl=define, longdblsize=16
    ivtype='long', ivsize=8, nvtype='long double', nvsize=16, Off_t='off_t', lseeksize=8
    alignbytes=16, prototype=define
  Linker and Libraries:
    ld='cc', ldflags =' -fstack-protector -L/usr/local/lib'
    libpth=/usr/local/lib /lib /usr/lib /lib64 /usr/lib64
    libs=-lnsl -ldb -ldl -lm -lcrypt -lutil -lpthread -lc
    perllibs=-lnsl -ldl -lm -lcrypt -lutil -lpthread -lc
    libc=/lib/libc-2.11.2.so, so=so, useshrplib=false, libperl=libperl.a
    gnulibc_version='2.11.2'
  Dynamic Linking:
    dlsrc=dl_dlopen.xs, dlext=so, d_dlsymun=undef, ccdlflags='-Wl,-E'
    cccdlflags='-fPIC', lddlflags='-shared -O2 -L/usr/local/lib -fstack-protector'


Characteristics of this binary (from libperl): 
  Compile-time options: MULTIPLICITY PERL_DONT_CREATE_GVSV
                        PERL_IMPLICIT_CONTEXT PERL_MALLOC_WRAP PERL_USE_DEVEL
                        USE_64_BIT_ALL USE_64_BIT_INT USE_ITHREADS
                        USE_LARGE_FILES USE_LONG_DOUBLE USE_PERLIO
                        USE_PERL_ATOF USE_REENTRANT_API
  Built under linux
  Compiled at Aug 23 2010 11:08:01
  %ENV:
    PERL5LIB=""
    PERL5OPT=""
    PERL5_CPANPLUS_IS_RUNNING="17751"
    PERL5_CPAN_IS_RUNNING="17751"
    PERL5_CPAN_IS_RUNNING_IN_RECURSION="2369,17751"
    PERL_CR_SMOKER_CURRENT="Traceroute-Similar-0.14"
    PERL_EXTUTILS_AUTOINSTALL="--defaultdeps"
    PERL_MM_USE_DEFAULT="1"
  @INC:
    /home/test/perl/lib/site_perl/5.12.1/x86_64-linux-thread-multi-ld
    /home/test/perl/lib/site_perl/5.12.1
    /home/test/perl/lib/5.12.1/x86_64-linux-thread-multi-ld
    /home/test/perl/lib/5.12.1
    .