Test-HTML-Content v0.08 Perl 5 v5.14.2 x86_64-linux

Status
Fail
From
Slaven Rezić (SREZIC)
Dist
Test-HTML-Content v0.08
Platform
Perl 5 v5.14.2 x86_64-linux
Date
2012-04-12 01:29:53
ID
00e54d1c-843f-11e1-bd71-f70bf4744e2a
This distribution has been tested as part of the CPAN Testers
project, supporting the Perl programming language.  See
http://wiki.cpantesters.org/ for more information or email
questions to cpan-testers-discuss@perl.org


--
Dear Max Maischein,

This is a computer-generated report for Test-HTML-Content-0.08
on perl 5.14.2, created by CPAN-Reporter-1.2005.

Thank you for uploading your work to CPAN.  However, there was a problem
testing your distribution.

If you think this report is invalid, please consult the CPAN Testers Wiki
for suggestions on how to avoid getting FAIL reports for missing library
or binary dependencies, unsupported operating systems, and so on:

http://wiki.cpantesters.org/wiki/CPANAuthorNotes

Sections of this report:

    * Tester comments
    * Program output
    * Prerequisites
    * Environment and other context

------------------------------
TESTER COMMENTS
------------------------------

Additional comments from tester:

none provided

------------------------------
PROGRAM OUTPUT
------------------------------

Output from '/usr/bin/make test':

PERL_DL_NONLAZY=1 /bbbike/ctps/5159linux/install/perl-v5.14.2/bin/perl "-MExtUtils::Command::MM" "-e" "test_harness(0, 'blib/lib', 'blib/arch')" t/*.t
t/00-prerequisites.t ............................ ok
t/01-fallback-libxml.t .......................... ok
t/01-fallback-pureperl.t ........................ ok

#   Failed test 'Missing prerequisites don't let the tests fail'
#   at t/01-fallback-xpath.t line 20.
#          got: 'No such method textContent in XML::XPath::Node::ElementImpl at /bbbike/cpan/build/Test-HTML-Content-0.08-2Z9N1C/blib/lib/Test/HTML/Content.pm line 278.
# '
#     expected: ''
Use of uninitialized value $result in string eq at t/01-fallback-xpath.t line 21.
Use of uninitialized value $result in numeric eq (==) at t/01-fallback-xpath.t line 21.

#   Failed test 'Skipped or passed when XML::LibXML is missing'
#   at t/01-fallback-xpath.t line 21.
Use of uninitialized value $result in concatenation (.) or string at t/01-fallback-xpath.t line 21.
# Expected 'skip' or '1', but got ''
# Looks like you failed 2 tests of 4.
t/01-fallback-xpath.t ........................... 
Dubious, test returned 2 (wstat 512, 0x200)
Failed 2/4 subtests 
t/01-internal-api.t ............................. ok
t/01-xpath-query-builder.t ...................... ok
t/02-tags.t ..................................... ok
t/03-links.t .................................... ok
t/04-comments.t ................................. ok
t/05-doctype.t .................................. ok
t/06-text.t ..................................... ok

#   Failed test 'Finding a link where one should be returns all other links'
#   at t/07-errors.link.t line 67.
# STDERR is:
# #   Failed test 'Link failure (two links shouldn't exist do)'
# #   at t/07-errors.link.t line 65.
# # Expected to find no <a> tag(s) matching
# #   href = (?^:.)
# # Got
# #   <a href='http://www.foo.com'>
# #   <a href='index.html'>
# 
# not:
# /#\s+Failed\ test.*?\n?.*?at\ t\/07\-errors\.link\.t line 65.*\n?/
# 
# # Expected to find no <a> tag(s) matching
# 
# #   href = (?-xism:.)
# 
# # Got
# 
# #   <a href='http://www.foo.com'>
# 
# #   <a href='index.html'>
# 
# as expected

#   Failed test 'Diagnosing too few links works'
#   at t/07-errors.link.t line 85.
# STDERR is:
# #   Failed test 'Link failure (too few links)'
# #   at t/07-errors.link.t line 84.
# # Expected to find exactly 3 <a> tag(s) matching
# #   href = (?^:.)
# # Got
# #   <a href='http://www.foo.com'>
# #   <a href='index.html'>
# 
# not:
# /#\s+Failed\ test.*?\n?.*?at\ t\/07\-errors\.link\.t line 84.*\n?/
# 
# # Expected to find exactly 3 <a> tag(s) matching
# 
# #   href = (?-xism:.)
# 
# # Got
# 
# #   <a href='http://www.foo.com'>
# 
# #   <a href='index.html'>
# 
# as expected

#   Failed test 'Diagnosing too many links works'
#   at t/07-errors.link.t line 107.
# STDERR is:
# #   Failed test 'Link failure (too many links)'
# #   at t/07-errors.link.t line 106.
# # Expected to find exactly 3 <a> tag(s) matching
# #   href = (?^:.)
# # Got
# #   <a href='http://www.bar.com'>
# #   <a href='http://www.dot.com'>
# #   <a href='http://www.foo.com'>
# #   <a href='index.html'>
# 
# not:
# /#\s+Failed\ test.*?\n?.*?at\ t\/07\-errors\.link\.t line 106.*\n?/
# 
# # Expected to find exactly 3 <a> tag(s) matching
# 
# #   href = (?-xism:.)
# 
# # Got
# 
# #   <a href='http://www.bar.com'>
# 
# #   <a href='http://www.dot.com'>
# 
# #   <a href='http://www.foo.com'>
# 
# #   <a href='index.html'>
# 
# as expected

#   Failed test 'Finding a link where one should be returns all other links'
#   at t/07-errors.link.t line 67.
# STDERR is:
# #   Failed test 'Link failure (two links shouldn't exist do)'
# #   at t/07-errors.link.t line 65.
# # Expected to find no <a> tag(s) matching
# #   href = (?^:.)
# # Got
# #   <a href='http://www.foo.com'>
# #   <a href='index.html'>
# 
# not:
# /#\s+Failed\ test.*?\n?.*?at\ t\/07\-errors\.link\.t line 65.*\n?/
# 
# # Expected to find no <a> tag(s) matching
# 
# #   href = (?-xism:.)
# 
# # Got
# 
# #   <a href='http://www.foo.com'>
# 
# #   <a href='index.html'>
# 
# as expected

#   Failed test 'Diagnosing too few links works'
#   at t/07-errors.link.t line 85.
# STDERR is:
# #   Failed test 'Link failure (too few links)'
# #   at t/07-errors.link.t line 84.
# # Expected to find exactly 3 <a> tag(s) matching
# #   href = (?^:.)
# # Got
# #   <a href='http://www.foo.com'>
# #   <a href='index.html'>
# 
# not:
# /#\s+Failed\ test.*?\n?.*?at\ t\/07\-errors\.link\.t line 84.*\n?/
# 
# # Expected to find exactly 3 <a> tag(s) matching
# 
# #   href = (?-xism:.)
# 
# # Got
# 
# #   <a href='http://www.foo.com'>
# 
# #   <a href='index.html'>
# 
# as expected

#   Failed test 'Diagnosing too many links works'
#   at t/07-errors.link.t line 107.
# STDERR is:
# #   Failed test 'Link failure (too many links)'
# #   at t/07-errors.link.t line 106.
# # Expected to find exactly 3 <a> tag(s) matching
# #   href = (?^:.)
# # Got
# #   <a href='http://www.bar.com'>
# #   <a href='http://www.dot.com'>
# #   <a href='http://www.foo.com'>
# #   <a href='index.html'>
# 
# not:
# /#\s+Failed\ test.*?\n?.*?at\ t\/07\-errors\.link\.t line 106.*\n?/
# 
# # Expected to find exactly 3 <a> tag(s) matching
# 
# #   href = (?-xism:.)
# 
# # Got
# 
# #   <a href='http://www.bar.com'>
# 
# #   <a href='http://www.dot.com'>
# 
# #   <a href='http://www.foo.com'>
# 
# #   <a href='index.html'>
# 
# as expected
t/07-errors.link.t .............................. 
Failed 6/11 subtests 

#   Failed test 'Finding a comment where none should be returns all comments'
#   at t/08-errors.comment.t line 55.
# STDERR is:
# #   Failed test 'Comment failure (two comments that shouldn't exist do)'
# #   at t/08-errors.comment.t line 53.
# # Saw '<!-- hidden massage -->'
# # Saw '<!-- hidden massage -->'
# # Expected no comment like '(?^:hidden m.ssage)'
# 
# not:
# /#\s+Failed\ test.*?\n?.*?at\ t\/08\-errors\.comment\.t line 53.*\n?/
# 
# # Saw '<!-- hidden massage -->'
# 
# # Saw '<!-- hidden massage -->'
# 
# # Expected no comment like '(?-xism:hidden m.ssage)'
# 
# as expected

#   Failed test 'Diagnosing too few comments works'
#   at t/08-errors.comment.t line 68.
# STDERR is:
# #   Failed test 'Comment failure (too few comments)'
# #   at t/08-errors.comment.t line 66.
# # Saw '<!-- hidden massage -->'
# # Saw '<!-- hidden massage -->'
# # Expected exactly 3 comments like '(?^:hidden m.ssage)'
# 
# not:
# /#\s+Failed\ test.*?\n?.*?at\ t\/08\-errors\.comment\.t line 66.*\n?/
# 
# # Saw '<!-- hidden massage -->'
# 
# # Saw '<!-- hidden massage -->'
# 
# # Expected exactly 3 comments like '(?-xism:hidden m.ssage)'
# 
# as expected

#   Failed test 'Diagnosing too many comments works'
#   at t/08-errors.comment.t line 81.
# STDERR is:
# #   Failed test 'Comment failure (too few comments)'
# #   at t/08-errors.comment.t line 79.
# # Saw '<!-- hidden massage -->'
# # Saw '<!-- hidden massage -->'
# # Expected exactly 1 comments like '(?^:hidden m.ssage)'
# 
# not:
# /#\s+Failed\ test.*?\n?.*?at\ t\/08\-errors\.comment\.t line 79.*\n?/
# 
# # Saw '<!-- hidden massage -->'
# 
# # Saw '<!-- hidden massage -->'
# 
# # Expected exactly 1 comments like '(?-xism:hidden m.ssage)'
# 
# as expected

#   Failed test 'Finding a comment where none should be returns all comments'
#   at t/08-errors.comment.t line 55.
# STDERR is:
# #   Failed test 'Comment failure (two comments that shouldn't exist do)'
# #   at t/08-errors.comment.t line 53.
# # Saw '<!-- hidden massage -->'
# # Saw '<!-- hidden massage -->'
# # Expected no comment like '(?^:hidden m.ssage)'
# 
# not:
# /#\s+Failed\ test.*?\n?.*?at\ t\/08\-errors\.comment\.t line 53.*\n?/
# 
# # Saw '<!-- hidden massage -->'
# 
# # Saw '<!-- hidden massage -->'
# 
# # Expected no comment like '(?-xism:hidden m.ssage)'
# 
# as expected

#   Failed test 'Diagnosing too few comments works'
#   at t/08-errors.comment.t line 68.
# STDERR is:
# #   Failed test 'Comment failure (too few comments)'
# #   at t/08-errors.comment.t line 66.
# # Saw '<!-- hidden massage -->'
# # Saw '<!-- hidden massage -->'
# # Expected exactly 3 comments like '(?^:hidden m.ssage)'
# 
# not:
# /#\s+Failed\ test.*?\n?.*?at\ t\/08\-errors\.comment\.t line 66.*\n?/
# 
# # Saw '<!-- hidden massage -->'
# 
# # Saw '<!-- hidden massage -->'
# 
# # Expected exactly 3 comments like '(?-xism:hidden m.ssage)'
# 
# as expected

#   Failed test 'Diagnosing too many comments works'
#   at t/08-errors.comment.t line 81.
# STDERR is:
# #   Failed test 'Comment failure (too few comments)'
# #   at t/08-errors.comment.t line 79.
# # Saw '<!-- hidden massage -->'
# # Saw '<!-- hidden massage -->'
# # Expected exactly 1 comments like '(?^:hidden m.ssage)'
# 
# not:
# /#\s+Failed\ test.*?\n?.*?at\ t\/08\-errors\.comment\.t line 79.*\n?/
# 
# # Saw '<!-- hidden massage -->'
# 
# # Saw '<!-- hidden massage -->'
# 
# # Expected exactly 1 comments like '(?-xism:hidden m.ssage)'
# 
# as expected
t/08-errors.comment.t ........................... 
Failed 6/11 subtests 
t/09-errors.declaration.t ....................... ok

#   Failed test 'Finding no xpath results where some should be outputs the fallback'
#   at t/09-errors.xpath.t line 42.
# STDERR is:
# #   Failed test 'no XPath results found'
# #   at t/09-errors.xpath.t line 41.
# # Got
# #   <p foo="bar" />
# #   <p foo="foo">1</p>
# #   <p foo="baz">2</p>
# 
# not:
# /#\s+Failed\ test.*?\n?.*?at\ t\/09\-errors\.xpath\.t line 41.*\n?/
# 
# # Got
# 
# #   <p foo="bar"/>
# 
# #   <p foo="foo">1</p>
# 
# #   <p foo="baz">2</p>
# 
# as expected

#   Failed test 'Finding xpath results where none should be outputs the fallback'
#   at t/09-errors.xpath.t line 57.
# STDERR is:
# #   Failed test 'no XPath results found'
# #   at t/09-errors.xpath.t line 56.
# # Got
# #   <p foo="bar" />
# #   <p foo="foo">1</p>
# #   <p foo="baz">2</p>
# 
# not:
# /#\s+Failed\ test.*?\n?.*?at\ t\/09\-errors\.xpath\.t line 56.*\n?/
# 
# # Got
# 
# #   <p foo="bar"/>
# 
# #   <p foo="foo">1</p>
# 
# #   <p foo="baz">2</p>
# 
# as expected

#   Failed test 'Finding xpath results (implicit fallback)'
#   at t/09-errors.xpath.t line 66.
# STDERR is:
# #   Failed test 'no XPath results found'
# #   at t/09-errors.xpath.t line 65.
# # Got
# #   <p foo="bar" />
# #   <p foo="foo">1</p>
# #   <p foo="baz">2</p>
# 
# not:
# /#\s+Failed\ test.*?\n?.*?at\ t\/09\-errors\.xpath\.t line 65.*\n?/
# 
# # Got
# 
# #   <p foo="bar"/>
# 
# #   <p foo="foo">1</p>
# 
# #   <p foo="baz">2</p>
# 
# as expected

#   Failed test 'Too few hits get reported'
#   at t/09-errors.xpath.t line 75.
# STDERR is:
# #   Failed test 'no XPath results found'
# #   at t/09-errors.xpath.t line 74.
# # Got
# #   <p foo="bar" />
# #   <p foo="foo">1</p>
# #   <p foo="baz">2</p>
# 
# not:
# /#\s+Failed\ test.*?\n?.*?at\ t\/09\-errors\.xpath\.t line 74.*\n?/
# 
# # Got
# 
# #   <p foo="bar"/>
# 
# #   <p foo="foo">1</p>
# 
# #   <p foo="baz">2</p>
# 
# as expected

#   Failed test 'Too many hits get reported'
#   at t/09-errors.xpath.t line 84.
# STDERR is:
# #   Failed test 'no XPath results found'
# #   at t/09-errors.xpath.t line 83.
# # Got
# #   <p foo="bar" />
# #   <p foo="foo">1</p>
# #   <p foo="baz">2</p>
# 
# not:
# /#\s+Failed\ test.*?\n?.*?at\ t\/09\-errors\.xpath\.t line 83.*\n?/
# 
# # Got
# 
# #   <p foo="bar"/>
# 
# #   <p foo="foo">1</p>
# 
# #   <p foo="baz">2</p>
# 
# as expected
t/09-errors.xpath.t ............................. 
Failed 5/7 subtests 
t/10-errors.text.t .............................. ok
t/12-title-fallback.t ........................... ok
No such method textContent in XML::XPath::Node::ElementImpl at /bbbike/cpan/build/Test-HTML-Content-0.08-2Z9N1C/blib/lib/Test/HTML/Content.pm line 278.
# Looks like you planned 7 tests but ran 1.
# Looks like your test exited with 2 just after 1.
t/12-title.t .................................... 
Dubious, test returned 2 (wstat 512, 0x200)
Failed 6/7 subtests 

no element found at line 1, column 69, byte 69:
<!-- hidden massage --><!-- hidden massage --><!-- hidden massage -->
====================================================================^
 at /home/eserte/var/ctps/5159linux/install/perl-v5.14.2/lib/site_perl/5.14.2/x86_64-linux/XML/Parser.pm line 187.
t/13-xpath-gracefull-errors.t ................... ok
t/99-manifest.t ................................. ok
t/99-Pod.t ...................................... ok
t/99-todo.t ..................................... ok
t/99-unix-text.t ................................ ok
t/embedded-Test-HTML-Content-NoXPath.t .......... ok
t/embedded-Test-HTML-Content-XPathExtensions.t .. ok
t/embedded-Test-HTML-Content.t .................. ok

Test Summary Report
-------------------
t/01-fallback-xpath.t                         (Wstat: 512 Tests: 4 Failed: 2)
  Failed tests:  3-4
  Non-zero exit status: 2
t/07-errors.link.t                            (Wstat: 0 Tests: 11 Failed: 6)
  Failed tests:  4-6, 9-11
t/08-errors.comment.t                         (Wstat: 0 Tests: 11 Failed: 6)
  Failed tests:  4-6, 9-11
t/09-errors.xpath.t                           (Wstat: 0 Tests: 7 Failed: 5)
  Failed tests:  2, 4-7
t/12-title.t                                  (Wstat: 512 Tests: 1 Failed: 0)
  Non-zero exit status: 2
  Parse errors: Bad plan.  You planned 7 tests but ran 1.
Files=26, Tests=442,  2 wallclock secs ( 0.07 usr  0.07 sys +  0.92 cusr  0.23 csys =  1.29 CPU)
Result: FAIL
Failed 5/26 test programs. 19/442 subtests failed.
make: *** [test_dynamic] Error 255

------------------------------
PREREQUISITES
------------------------------

Prerequisite modules loaded:

requires:

    Module              Need Have
    ------------------- ---- ----
    HTML::TokeParser    0    3.69
    Test::Builder       0    0.98
    Test::More          0    0.98

build_requires:

    Module              Need Have
    ------------------- ---- ----
    ExtUtils::MakeMaker 0    6.62


------------------------------
ENVIRONMENT AND OTHER CONTEXT
------------------------------

Environment variables:

    DBIC_NO_WARN_BAD_PERL = 1
    LANG = C
    PATH = /usr/local/bin:/usr/bin:/bin:/usr/local/sbin:/usr/sbin:/sbin:/home/eserte/bin/linux-gnu:/home/eserte/bin/sh:/home/eserte/bin:/usr/X11R6/bin:/usr/X11/bin:/usr/games:/home/eserte/devel:/home/eserte/work/cpan-testers-parallelsmoker/utils
    PERL5LIB = /home/eserte/.cpan/build/SNMP-LogParser-1.10178-O2ymef/blib/arch:/home/eserte/.cpan/build/SNMP-LogParser-1.10178-O2ymef/blib/lib
    PERL5OPT = 
    PERL5_CPANPLUS_IS_RUNNING = 5864
    PERL5_CPAN_IS_RUNNING = 5864
    PERL5_CPAN_IS_RUNNING_IN_RECURSION = 6547,5864
    PERLDOC = -MPod::Perldoc::ToTextOverstrike
    PERL_BATCH = yes
    PERL_CPAN_REPORTER_DIR = /home/eserte/var/ctps/5159linux/config/perl-v5.14.2/cpanreporter
    PERL_EXTUTILS_AUTOINSTALL = --defaultdeps
    PERL_HTML_DISPLAY_CLASS = HTML::Display::Mozilla
    PERL_PARALLEL_SMOKER = yes
    PERL_TEST_UNPATCHED = 1
    SHELL = /bin/zsh
    TERM = screen
    TMPDIR = /var/tmp/cpansmoker-1001

Perl special variables (and OS-specific diagnostics, for MSWin32):

    $^X = /bbbike/ctps/5159linux/install/perl-v5.14.2/bin/perl
    $UID/$EUID = 1001 / 1001
    $GID = 1001 4 1001
    $EGID = 1001 4 1001

Perl module toolchain versions installed:

    Module              Have    
    ------------------- --------
    CPAN                1.9800  
    CPAN::Meta          2.120921
    Cwd                 3.36    
    ExtUtils::CBuilder  0.280205
    ExtUtils::Command   1.17    
    ExtUtils::Install   1.56    
    ExtUtils::MakeMaker 6.62    
    ExtUtils::Manifest  1.60    
    ExtUtils::ParseXS   3.15    
    File::Spec          3.33    
    JSON                2.53    
    JSON::PP            2.27200 
    Module::Build       0.40    
    Module::Signature   0.68    
    Parse::CPAN::Meta   1.4404  
    Test::Harness       3.23    
    Test::More          0.98    
    YAML                0.80    
    YAML::Syck          1.20    
    version             0.97    


--

Summary of my perl5 (revision 5 version 14 subversion 2) configuration:
  Commit id: dc281e6088d189558b79a5121119b7196c8b3db0
  Platform:
    osname=linux, osvers=2.6.32-5-xen-amd64, archname=x86_64-linux
    uname='linux eserte 2.6.32-5-xen-amd64 #1 smp mon jan 16 20:48:30 utc 2012 x86_64 gnulinux '
    config_args='-ds -e -Uversiononly -Dinstallusrbinperl=n -Dusedevel -Dprefix=/home/eserte/var/ctps/5159linux/install/perl-v5.14.2'
    hint=recommended, useposix=true, d_sigaction=define
    useithreads=undef, usemultiplicity=undef
    useperlio=define, d_sfio=undef, uselargefiles=define, usesocks=undef
    use64bitint=define, use64bitall=define, uselongdouble=undef
    usemymalloc=n, bincompat5005=undef
  Compiler:
    cc='cc', ccflags ='-fno-strict-aliasing -pipe -fstack-protector -I/usr/local/include -D_LARGEFILE_SOURCE -D_FILE_OFFSET_BITS=64',
    optimize='-O2',
    cppflags='-fno-strict-aliasing -pipe -fstack-protector -I/usr/local/include'
    ccversion='', gccversion='4.4.5', gccosandvers=''
    intsize=4, longsize=8, ptrsize=8, doublesize=8, byteorder=12345678
    d_longlong=define, longlongsize=8, d_longdbl=define, longdblsize=16
    ivtype='long', ivsize=8, nvtype='double', nvsize=8, Off_t='off_t', lseeksize=8
    alignbytes=8, prototype=define
  Linker and Libraries:
    ld='cc', ldflags =' -fstack-protector -L/usr/local/lib'
    libpth=/usr/local/lib /lib/../lib /usr/lib/../lib /lib /usr/lib /lib64 /usr/lib64
    libs=-lnsl -ldl -lm -lcrypt -lutil -lc
    perllibs=-lnsl -ldl -lm -lcrypt -lutil -lc
    libc=/lib/libc-2.11.3.so, so=so, useshrplib=false, libperl=libperl.a
    gnulibc_version='2.11.3'
  Dynamic Linking:
    dlsrc=dl_dlopen.xs, dlext=so, d_dlsymun=undef, ccdlflags='-Wl,-E'
    cccdlflags='-fPIC', lddlflags='-shared -O2 -L/usr/local/lib -fstack-protector'


Characteristics of this binary (from libperl): 
  Compile-time options: PERL_DONT_CREATE_GVSV PERL_MALLOC_WRAP
                        PERL_PRESERVE_IVUV PERL_USE_DEVEL USE_64_BIT_ALL
                        USE_64_BIT_INT USE_LARGE_FILES USE_PERLIO
                        USE_PERL_ATOF
  Built under linux
  Compiled at Apr  8 2012 23:03:36
  %ENV:
    PERL5LIB="/home/eserte/.cpan/build/SNMP-LogParser-1.10178-O2ymef/blib/arch:/home/eserte/.cpan/build/SNMP-LogParser-1.10178-O2ymef/blib/lib"
    PERL5OPT=""
    PERL5_CPANPLUS_IS_RUNNING="5864"
    PERL5_CPAN_IS_RUNNING="5864"
    PERL5_CPAN_IS_RUNNING_IN_RECURSION="6547,5864"
    PERLDOC="-MPod::Perldoc::ToTextOverstrike"
    PERL_BATCH="yes"
    PERL_CPAN_REPORTER_DIR="/home/eserte/var/ctps/5159linux/config/perl-v5.14.2/cpanreporter"
    PERL_EXTUTILS_AUTOINSTALL="--defaultdeps"
    PERL_HTML_DISPLAY_CLASS="HTML::Display::Mozilla"
    PERL_PARALLEL_SMOKER="yes"
    PERL_TEST_UNPATCHED="1"
  @INC:
    /home/eserte/.cpan/build/SNMP-LogParser-1.10178-O2ymef/blib/arch
    /home/eserte/.cpan/build/SNMP-LogParser-1.10178-O2ymef/blib/lib
    /home/eserte/var/ctps/5159linux/install/perl-v5.14.2/lib/site_perl/5.14.2/x86_64-linux
    /home/eserte/var/ctps/5159linux/install/perl-v5.14.2/lib/site_perl/5.14.2
    /home/eserte/var/ctps/5159linux/install/perl-v5.14.2/lib/5.14.2/x86_64-linux
    /home/eserte/var/ctps/5159linux/install/perl-v5.14.2/lib/5.14.2
    .