Test-CGI-Multipart vv0.0.3 Perl 5 v5.26.0 RC1 x86_64-linux-thread-multi

Status
Fail
From
Slaven Rezić (SREZIC)
Dist
Test-CGI-Multipart vv0.0.3
Platform
Perl 5 v5.26.0 RC1 x86_64-linux-thread-multi
Date
2017-05-19 07:23:06
ID
00ee5ff0-3c64-11e7-9b74-e580731f9e6c
This distribution has been tested as part of the CPAN Testers
project, supporting the Perl programming language.  See
http://wiki.cpantesters.org/ for more information or email
questions to cpan-testers-discuss@perl.org


--
Dear Nicholas Bamber,

This is a computer-generated report for Test-CGI-Multipart-v0.0.3
on perl 5.26.0, created by CPAN-Reporter-1.2018.

Thank you for uploading your work to CPAN.  However, there was a problem
testing your distribution.

If you think this report is invalid, please consult the CPAN Testers Wiki
for suggestions on how to avoid getting FAIL reports for missing library
or binary dependencies, unsupported operating systems, and so on:

http://wiki.cpantesters.org/wiki/CPANAuthorNotes

Sections of this report:

    * Tester comments
    * Program output
    * Prerequisites
    * Environment and other context

------------------------------
TESTER COMMENTS
------------------------------

Additional comments from tester:

none provided

------------------------------
PROGRAM OUTPUT
------------------------------

Output from './Build test':

# Testing Test::CGI::Multipart 0.0.3
t/00.load.t ............ ok
# Testing with CGI
# Testing with CGI::Simple
t/01.basic.t ........... ok
# Testing with CGI
# Testing with CGI::Simple
t/01.data_structure.t .. ok
CGI::param called in list context from t/02.param.t line 52, this can lead to vulnerabilities. See the warning in "Fetching the value or values of a single named parameter" at /opt/perl-5.26.0-RC1t/lib/site_perl/5.26.0/CGI.pm line 412.
# Testing with CGI
# Testing with CGI::Simple
t/02.param.t ........... ok
CGI::param called in list context from t/03.upload.t line 75, this can lead to vulnerabilities. See the warning in "Fetching the value or values of a single named parameter" at /opt/perl-5.26.0-RC1t/lib/site_perl/5.26.0/CGI.pm line 412.
# Testing with CGI
# Testing with CGI::Simple
t/03.upload.t .......... ok

#   Failed test 'files'
#   at t/04.multiple.t line 90.
#     Structures begin differing at:
#          $got->[0]{file} = 'nah_nah.blah'
#     $expected->[0]{file} = 'doo_doo.blah'
CGI::param called in list context from t/04.multiple.t line 86, this can lead to vulnerabilities. See the warning in "Fetching the value or values of a single named parameter" at /opt/perl-5.26.0-RC1t/lib/site_perl/5.26.0/CGI.pm line 412.
# Testing with CGI

#   Failed test 'files'
#   at t/04.multiple.t line 90.
#     Structures begin differing at:
#          $got->[0]{file} = 'nah_nah.blah'
#     $expected->[0]{file} = 'doo_doo.blah'
# Looks like you failed 2 tests of 27.
t/04.multiple.t ........ 
Dubious, test returned 2 (wstat 512, 0x200)
Failed 2/27 subtests 
	(less 5 skipped subtests: 20 okay)
CGI::param called in list context from t/04.separate.t line 80, this can lead to vulnerabilities. See the warning in "Fetching the value or values of a single named parameter" at /opt/perl-5.26.0-RC1t/lib/site_perl/5.26.0/CGI.pm line 412.
# Testing with CGI
# Testing with CGI::Simple
t/04.separate.t ........ ok

#   Failed test 'files'
#   at t/05.callbacks.t line 83.
#     Structures begin differing at:
#          $got->[0]{value} = 'Nah, Nah, Nah,....'
#     $expected->[0]{value} = 'Blah, Blah, Blah,....'
CGI::param called in list context from t/05.callbacks.t line 79, this can lead to vulnerabilities. See the warning in "Fetching the value or values of a single named parameter" at /opt/perl-5.26.0-RC1t/lib/site_perl/5.26.0/CGI.pm line 412.
# Testing with CGI
# Looks like you failed 1 test of 31.
t/05.callbacks.t ....... 
Dubious, test returned 1 (wstat 256, 0x100)
Failed 1/31 subtests 
	(less 6 skipped subtests: 24 okay)
CGI::param called in list context from t/10.text.t line 139, this can lead to vulnerabilities. See the warning in "Fetching the value or values of a single named parameter" at /opt/perl-5.26.0-RC1t/lib/site_perl/5.26.0/CGI.pm line 412.
# Testing with CGI
# Testing with CGI::Simple
t/10.text.t ............ ok
CGI::param called in list context from t/11.reset.t line 44, this can lead to vulnerabilities. See the warning in "Fetching the value or values of a single named parameter" at /opt/perl-5.26.0-RC1t/lib/site_perl/5.26.0/CGI.pm line 412.
# Testing with CGI
# Testing with CGI::Simple
# Testing with CGI
# Testing with CGI::Simple
t/11.reset.t ........... ok
CGI::param called in list context from t/20.image.t line 84, this can lead to vulnerabilities. See the warning in "Fetching the value or values of a single named parameter" at /opt/perl-5.26.0-RC1t/lib/site_perl/5.26.0/CGI.pm line 412.
# Testing with CGI
# Testing with CGI::Simple
t/20.image.t ........... ok
t/changes.t ............ skipped: Author test.  Set $ENV{TEST_AUTHOR} to a true value to run.
t/manifest.t ........... skipped: Author test.  Set $ENV{TEST_AUTHOR} to a true value to run.
t/perlcritic.t ......... skipped: Author test.  Set $ENV{TEST_AUTHOR} to a true value to run.
t/pod-coverage.t ....... ok
t/pod.t ................ ok
t/podspell.t ........... skipped: Author test.  Set $ENV{TEST_AUTHOR} to a true value to run.
t/prereq.t ............. skipped: Author test.  Set $ENV{TEST_PREREQ} to a true value to run.

Test Summary Report
-------------------
t/04.multiple.t      (Wstat: 512 Tests: 27 Failed: 2)
  Failed tests:  15, 20
  Non-zero exit status: 2
t/05.callbacks.t     (Wstat: 256 Tests: 31 Failed: 1)
  Failed test:  16
  Non-zero exit status: 1
Files=18, Tests=241,  4 wallclock secs ( 0.11 usr  0.03 sys +  3.92 cusr  0.33 csys =  4.39 CPU)
Result: FAIL
Failed 2/18 test programs. 3/241 subtests failed.

------------------------------
PREREQUISITES
------------------------------

Prerequisite modules loaded:

requires:

    Module             Need   Have    
    ------------------ ------ --------
    autodie            0      2.29    
    CGI                3.41   4.36    
    MIME::Entity       0      5.509   
    Params::Validate   0      1.28    
    perl               v5.6.1 5.026000
    Readonly           0      2.05    
    UNIVERSAL::require 0      0.18    
    version            0      0.9917  

build_requires:

    Module             Need   Have    
    ------------------ ------ --------
    Perl6::Slurp       0      0.051005
    Test::Exception    0      0.43    
    Test::More         0      1.302085

configure_requires:

    Module             Need   Have    
    ------------------ ------ --------
    Module::Build      0.36   0.4222  

opt_requires:

    Module             Need   Have    
    ------------------ ------ --------
    GD                 0      2.66    
    Text::Lorem        0      0.3     


------------------------------
ENVIRONMENT AND OTHER CONTEXT
------------------------------

Environment variables:

    LANG = en_US.UTF-8
    PATH = /usr/local/bin:/usr/bin:/bin:/usr/local/sbin:/usr/sbin:/sbin:/home/cpansand/bin/linux-gnu:/home/cpansand/bin/sh:/home/cpansand/bin:/usr/games:/home/cpansand/devel:/home/eserte/src/srezic-misc/scripts
    PERL5LIB = /home/cpansand/.cpan/build/2017051903/Text-Lorem-0.3-1/blib/arch:/home/cpansand/.cpan/build/2017051903/Text-Lorem-0.3-1/blib/lib:/home/cpansand/.cpan/build/2017051903/Perl6-Slurp-0.051005-1/blib/arch:/home/cpansand/.cpan/build/2017051903/Perl6-Slurp-0.051005-1/blib/lib:/home/cpansand/.cpan/build/2017051903/Convert-BinHex-1.125-1/blib/arch:/home/cpansand/.cpan/build/2017051903/Convert-BinHex-1.125-1/blib/lib:/home/cpansand/.cpan/build/2017051903/MIME-tools-5.509-1/blib/arch:/home/cpansand/.cpan/build/2017051903/MIME-tools-5.509-1/blib/lib
    PERL5OPT = 
    PERL5_CPANPLUS_IS_RUNNING = 12190
    PERL5_CPAN_IS_RUNNING = 12190
    PERL5_CPAN_IS_RUNNING_IN_RECURSION = 12153,12190
    PERLDOC = -MPod::Perldoc::ToTextOverstrike
    PERL_BATCH = yes
    PERL_CANARY_STABILITY_NOPROMPT = 1
    PERL_CPAN_REPORTER_CONFIG = /var/tmp/cpansmoker-1002/2017051903/cpanreporter_001_config.ini
    PERL_EXTUTILS_AUTOINSTALL = --defaultdeps
    PERL_USE_UNSAFE_INC = 1
    SHELL = /bin/zsh
    TERM = screen.xterm-256color
    TMPDIR = /var/tmp/cpansmoker-1002/2017051903

Perl special variables (and OS-specific diagnostics, for MSWin32):

    $^X = /opt/perl-5.26.0-RC1t/bin/perl
    $UID/$EUID = 1002 / 1002
    $GID = 1002 1002
    $EGID = 1002 1002

Perl module toolchain versions installed:

    Module              Have    
    ------------------- --------
    CPAN                2.18    
    CPAN::Meta          2.150010
    Cwd                 3.67    
    ExtUtils::CBuilder  0.280225
    ExtUtils::Command   7.24    
    ExtUtils::Install   2.10    
    ExtUtils::MakeMaker 7.24    
    ExtUtils::Manifest  1.70    
    ExtUtils::ParseXS   3.34    
    File::Spec          3.67    
    JSON                2.93    
    JSON::PP            2.93    
    Module::Build       0.4222  
    Module::Signature   0.81    
    Parse::CPAN::Meta   2.150010
    Test::Harness       3.38    
    Test::More          1.302085
    YAML                1.23    
    YAML::Syck          1.30    
    version             0.9917  


--

Summary of my perl5 (revision 5 version 26 subversion 0) configuration:
   
  Platform:
    osname=linux
    osvers=4.4.0-77-generic
    archname=x86_64-linux-thread-multi
    uname='linux prod3 4.4.0-77-generic #98-ubuntu smp wed apr 26 08:34:02 utc 2017 x86_64 x86_64 x86_64 gnulinux '
    config_args='-ds -e -Dprefix=/opt/perl-5.26.0-RC1t -Dusethreads -Dcf_email=srezic@cpan.org'
    hint=recommended
    useposix=true
    d_sigaction=define
    useithreads=define
    usemultiplicity=define
    use64bitint=define
    use64bitall=define
    uselongdouble=undef
    usemymalloc=n
    default_inc_excludes_dot=define
    bincompat5005=undef
  Compiler:
    cc='cc'
    ccflags ='-D_REENTRANT -D_GNU_SOURCE -fwrapv -fno-strict-aliasing -pipe -fstack-protector-strong -I/usr/local/include -D_LARGEFILE_SOURCE -D_FILE_OFFSET_BITS=64'
    optimize='-O2'
    cppflags='-D_REENTRANT -D_GNU_SOURCE -fwrapv -fno-strict-aliasing -pipe -fstack-protector-strong -I/usr/local/include'
    ccversion=''
    gccversion='5.4.0 20160609'
    gccosandvers=''
    intsize=4
    longsize=8
    ptrsize=8
    doublesize=8
    byteorder=12345678
    doublekind=3
    d_longlong=define
    longlongsize=8
    d_longdbl=define
    longdblsize=16
    longdblkind=3
    ivtype='long'
    ivsize=8
    nvtype='double'
    nvsize=8
    Off_t='off_t'
    lseeksize=8
    alignbytes=8
    prototype=define
  Linker and Libraries:
    ld='cc'
    ldflags =' -fstack-protector-strong -L/usr/local/lib'
    libpth=/usr/local/lib /usr/lib/gcc/x86_64-linux-gnu/5/include-fixed /usr/include/x86_64-linux-gnu /usr/lib /lib/x86_64-linux-gnu /lib/../lib /usr/lib/x86_64-linux-gnu /usr/lib/../lib /lib
    libs=-lpthread -lnsl -lgdbm -ldb -ldl -lm -lcrypt -lutil -lc -lgdbm_compat
    perllibs=-lpthread -lnsl -ldl -lm -lcrypt -lutil -lc
    libc=libc-2.23.so
    so=so
    useshrplib=false
    libperl=libperl.a
    gnulibc_version='2.23'
  Dynamic Linking:
    dlsrc=dl_dlopen.xs
    dlext=so
    d_dlsymun=undef
    ccdlflags='-Wl,-E'
    cccdlflags='-fPIC'
    lddlflags='-shared -O2 -L/usr/local/lib -fstack-protector-strong'


Characteristics of this binary (from libperl): 
  Compile-time options:
    HAS_TIMES
    MULTIPLICITY
    PERLIO_LAYERS
    PERL_COPY_ON_WRITE
    PERL_DONT_CREATE_GVSV
    PERL_IMPLICIT_CONTEXT
    PERL_MALLOC_WRAP
    PERL_OP_PARENT
    PERL_PRESERVE_IVUV
    USE_64_BIT_ALL
    USE_64_BIT_INT
    USE_ITHREADS
    USE_LARGE_FILES
    USE_LOCALE
    USE_LOCALE_COLLATE
    USE_LOCALE_CTYPE
    USE_LOCALE_NUMERIC
    USE_LOCALE_TIME
    USE_PERLIO
    USE_PERL_ATOF
    USE_REENTRANT_API
  Locally applied patches:
    RC1
  Built under linux
  Compiled at May 17 2017 18:35:20
  %ENV:
    PERL5LIB="/home/cpansand/.cpan/build/2017051903/Text-Lorem-0.3-1/blib/arch:/home/cpansand/.cpan/build/2017051903/Text-Lorem-0.3-1/blib/lib:/home/cpansand/.cpan/build/2017051903/Perl6-Slurp-0.051005-1/blib/arch:/home/cpansand/.cpan/build/2017051903/Perl6-Slurp-0.051005-1/blib/lib:/home/cpansand/.cpan/build/2017051903/Convert-BinHex-1.125-1/blib/arch:/home/cpansand/.cpan/build/2017051903/Convert-BinHex-1.125-1/blib/lib:/home/cpansand/.cpan/build/2017051903/MIME-tools-5.509-1/blib/arch:/home/cpansand/.cpan/build/2017051903/MIME-tools-5.509-1/blib/lib"
    PERL5OPT=""
    PERL5_CPANPLUS_IS_RUNNING="12190"
    PERL5_CPAN_IS_RUNNING="12190"
    PERL5_CPAN_IS_RUNNING_IN_RECURSION="12153,12190"
    PERLDOC="-MPod::Perldoc::ToTextOverstrike"
    PERL_BATCH="yes"
    PERL_CANARY_STABILITY_NOPROMPT="1"
    PERL_CPAN_REPORTER_CONFIG="/var/tmp/cpansmoker-1002/2017051903/cpanreporter_001_config.ini"
    PERL_EXTUTILS_AUTOINSTALL="--defaultdeps"
    PERL_USE_UNSAFE_INC="1"
  @INC:
    /home/cpansand/.cpan/build/2017051903/Text-Lorem-0.3-1/blib/arch
    /home/cpansand/.cpan/build/2017051903/Text-Lorem-0.3-1/blib/lib
    /home/cpansand/.cpan/build/2017051903/Perl6-Slurp-0.051005-1/blib/arch
    /home/cpansand/.cpan/build/2017051903/Perl6-Slurp-0.051005-1/blib/lib
    /home/cpansand/.cpan/build/2017051903/Convert-BinHex-1.125-1/blib/arch
    /home/cpansand/.cpan/build/2017051903/Convert-BinHex-1.125-1/blib/lib
    /home/cpansand/.cpan/build/2017051903/MIME-tools-5.509-1/blib/arch
    /home/cpansand/.cpan/build/2017051903/MIME-tools-5.509-1/blib/lib
    /opt/perl-5.26.0-RC1t/lib/site_perl/5.26.0/x86_64-linux-thread-multi
    /opt/perl-5.26.0-RC1t/lib/site_perl/5.26.0
    /opt/perl-5.26.0-RC1t/lib/5.26.0/x86_64-linux-thread-multi
    /opt/perl-5.26.0-RC1t/lib/5.26.0
    .