Net-Amazon-S3-ACL v0.1.0 Perl 5 v5.24.0 x86_64-linux-ld
- Status
- Fail
- From
- Andreas J. König (ANDK)
- Dist
-
Net-Amazon-S3-ACL v0.1.0
- Platform
- Perl 5 v5.24.0 x86_64-linux-ld
- Date
- 2017-05-29 23:46:16
- ID
- 0160ac1e-44c9-11e7-91ef-d4a42e7d480a
This distribution has been tested as part of the CPAN Testers
project, supporting the Perl programming language. See
http://wiki.cpantesters.org/ for more information or email
questions to cpan-testers-discuss@perl.org
--
Dear Flavio Poletti,
This is a computer-generated report for Net-Amazon-S3-ACL-0.1.0
on perl 5.24.0, created by CPAN-Reporter-1.2018.
Thank you for uploading your work to CPAN. However, there was a problem
testing your distribution.
If you think this report is invalid, please consult the CPAN Testers Wiki
for suggestions on how to avoid getting FAIL reports for missing library
or binary dependencies, unsupported operating systems, and so on:
http://wiki.cpantesters.org/wiki/CPANAuthorNotes
Sections of this report:
* Tester comments
* Program output
* Prerequisites
* Environment and other context
------------------------------
TESTER COMMENTS
------------------------------
Additional comments from tester:
this report is from an automated smoke testing program
and was not reviewed by a human for accuracy
------------------------------
PROGRAM OUTPUT
------------------------------
Output from './Build test':
# Testing Net::Amazon::S3::ACL 0.1.0
t/00.load.t ........ ok
t/01.xml-helper.t .. ok
t/02.acl.t ......... ok
t/pod-coverage.t ... ok
# Failed test 'POD test for blib/lib/Net/Amazon/S3/ACL.pm'
# at /home/sand/src/perl/repoperls/installed-perls/host/k93msid/v5.24.0/2d7c/lib/site_perl/5.24.0/Test/Pod.pm line 187.
# blib/lib/Net/Amazon/S3/ACL.pm (488): Non-ASCII character seen before =encoding in 'è'. Assuming CP1252
# Failed test 'POD test for blib/lib/Net/Amazon/S3/ACL/XMLHelper.pm'
# at /home/sand/src/perl/repoperls/installed-perls/host/k93msid/v5.24.0/2d7c/lib/site_perl/5.24.0/Test/Pod.pm line 187.
# blib/lib/Net/Amazon/S3/ACL/XMLHelper.pm (100): Non-ASCII character seen before =encoding in 'è'. Assuming CP1252
# Failed test 'POD test for blib/lib/Net/Amazon/S3/ACL/Grant.pm'
# at /home/sand/src/perl/repoperls/installed-perls/host/k93msid/v5.24.0/2d7c/lib/site_perl/5.24.0/Test/Pod.pm line 187.
# blib/lib/Net/Amazon/S3/ACL/Grant.pm (589): Non-ASCII character seen before =encoding in 'è'. Assuming CP1252
# Failed test 'POD test for blib/lib/Net/Amazon/S3/ACL/Grant/URI.pm'
# at /home/sand/src/perl/repoperls/installed-perls/host/k93msid/v5.24.0/2d7c/lib/site_perl/5.24.0/Test/Pod.pm line 187.
# blib/lib/Net/Amazon/S3/ACL/Grant/URI.pm (190): Non-ASCII character seen before =encoding in 'è'. Assuming CP1252
# Failed test 'POD test for blib/lib/Net/Amazon/S3/ACL/Grant/ID.pm'
# at /home/sand/src/perl/repoperls/installed-perls/host/k93msid/v5.24.0/2d7c/lib/site_perl/5.24.0/Test/Pod.pm line 187.
# blib/lib/Net/Amazon/S3/ACL/Grant/ID.pm (137): Non-ASCII character seen before =encoding in 'è'. Assuming CP1252
# Failed test 'POD test for blib/lib/Net/Amazon/S3/ACL/Grant/Email.pm'
# at /home/sand/src/perl/repoperls/installed-perls/host/k93msid/v5.24.0/2d7c/lib/site_perl/5.24.0/Test/Pod.pm line 187.
# blib/lib/Net/Amazon/S3/ACL/Grant/Email.pm (132): Non-ASCII character seen before =encoding in 'è'. Assuming CP1252
# Looks like you failed 6 tests of 6.
t/pod.t ............
Dubious, test returned 6 (wstat 1536, 0x600)
Failed 6/6 subtests
Test Summary Report
-------------------
t/pod.t (Wstat: 1536 Tests: 6 Failed: 6)
Failed tests: 1-6
Non-zero exit status: 6
Files=5, Tests=143, 2 wallclock secs ( 0.04 usr 0.04 sys + 0.52 cusr 0.11 csys = 0.71 CPU)
Result: FAIL
Failed 1/5 test programs. 6/143 subtests failed.
------------------------------
PREREQUISITES
------------------------------
Prerequisite modules loaded:
requires:
Module Need Have
------------------------- ---- --------
Class::Accessor::Fast 0 0.34
Test::More 0 1.302085
version 0 0.9916
XML::LibXML 0 2.0129
XML::LibXML::XPathContext 0 2.0129
------------------------------
ENVIRONMENT AND OTHER CONTEXT
------------------------------
Environment variables:
AUTOMATED_TESTING = 1
LANG = en_US.UTF-8
PATH = /home/sand/bin:/usr/local/bin:/usr/bin:/bin:/usr/games:/usr/local/perl/bin:/usr/X11/bin:/sbin:/usr/sbin
PERL5LIB =
PERL5OPT =
PERL5_CPANPLUS_IS_RUNNING = 2521
PERL5_CPAN_IS_RUNNING = 2521
PERL_CANARY_STABILITY_NOPROMPT = 1
PERL_MM_USE_DEFAULT = 1
PERL_USE_UNSAFE_INC = 1
SHELL = /usr/bin/zsh
TERM = screen
Perl special variables (and OS-specific diagnostics, for MSWin32):
$^X = /home/sand/src/perl/repoperls/installed-perls/host/k93msid/v5.24.0/2d7c/bin/perl
$UID/$EUID = 1005 / 1005
$GID = 1005 1005
$EGID = 1005 1005
Perl module toolchain versions installed:
Module Have
------------------- --------
CPAN 2.18
CPAN::Meta 2.150010
Cwd 3.63
ExtUtils::CBuilder 0.280225
ExtUtils::Command 7.24
ExtUtils::Install 2.14
ExtUtils::MakeMaker 7.24
ExtUtils::Manifest 1.70
ExtUtils::ParseXS 3.31
File::Spec 3.63
JSON 2.94
JSON::PP 2.92
Module::Build 0.42_23
Module::Signature 0.81
Parse::CPAN::Meta 2.150010
Test::Harness 3.39
Test::More 1.302085
YAML 1.23
YAML::Syck 1.30
version 0.9916
--
Summary of my perl5 (revision 5 version 24 subversion 0) configuration:
Derived from: be2c0c650b028f54e427f2469a59942edfdff8a9
Platform:
osname=linux, osvers=4.9.0-2-amd64, archname=x86_64-linux-ld
uname='linux k93msid 4.9.0-2-amd64 #1 smp debian 4.9.18-1 (2017-03-30) x86_64 gnulinux '
config_args='-Dprefix=/home/sand/src/perl/repoperls/installed-perls/host/k93msid/v5.24.0/2d7c -Dmyhostname=k93msid -Dinstallusrbinperl=n -Uversiononly -Dusedevel -des -Ui_db -Dlibswanted=cl pthread socket inet nsl gdbm dbm malloc dl ld sun m crypt sec util c cposix posix ucb BSD gdbm_compat -Uuseithreads -Duselongdouble -DDEBUGGING=-g'
hint=recommended, useposix=true, d_sigaction=define
useithreads=undef, usemultiplicity=undef
use64bitint=define, use64bitall=define, uselongdouble=define
usemymalloc=n, bincompat5005=undef
Compiler:
cc='cc', ccflags ='-fwrapv -fno-strict-aliasing -pipe -fstack-protector-strong -I/usr/local/include -D_LARGEFILE_SOURCE -D_FILE_OFFSET_BITS=64',
optimize='-O2 -g',
cppflags='-fwrapv -fno-strict-aliasing -pipe -fstack-protector-strong -I/usr/local/include'
ccversion='', gccversion='6.3.0 20170406', gccosandvers=''
intsize=4, longsize=8, ptrsize=8, doublesize=8, byteorder=12345678, doublekind=3
d_longlong=define, longlongsize=8, d_longdbl=define, longdblsize=16, longdblkind=3
ivtype='long', ivsize=8, nvtype='long double', nvsize=16, Off_t='off_t', lseeksize=8
alignbytes=16, prototype=define
Linker and Libraries:
ld='cc', ldflags =' -fstack-protector-strong -L/usr/local/lib'
libpth=/usr/local/lib /usr/lib/gcc/x86_64-linux-gnu/6/include-fixed /usr/include/x86_64-linux-gnu /usr/lib /lib/x86_64-linux-gnu /lib/../lib /usr/lib/x86_64-linux-gnu /usr/lib/../lib /lib
libs=-lpthread -lnsl -ldl -lm -lcrypt -lutil -lc
perllibs=-lpthread -lnsl -ldl -lm -lcrypt -lutil -lc
libc=libc-2.24.so, so=so, useshrplib=false, libperl=libperl.a
gnulibc_version='2.24'
Dynamic Linking:
dlsrc=dl_dlopen.xs, dlext=so, d_dlsymun=undef, ccdlflags='-Wl,-E'
cccdlflags='-fPIC', lddlflags='-shared -O2 -g -L/usr/local/lib -fstack-protector-strong'
Characteristics of this binary (from libperl):
Compile-time options: HAS_TIMES PERLIO_LAYERS PERL_COPY_ON_WRITE
PERL_DONT_CREATE_GVSV
PERL_HASH_FUNC_ONE_AT_A_TIME_HARD PERL_MALLOC_WRAP
PERL_PRESERVE_IVUV PERL_USE_DEVEL USE_64_BIT_ALL
USE_64_BIT_INT USE_LARGE_FILES USE_LOCALE
USE_LOCALE_COLLATE USE_LOCALE_CTYPE
USE_LOCALE_NUMERIC USE_LOCALE_TIME USE_LONG_DOUBLE
USE_PERLIO USE_PERL_ATOF
Locally applied patches:
uncommitted-changes
Built under linux
Compiled at Apr 16 2017 23:06:35
%ENV:
PERL5LIB=""
PERL5OPT=""
PERL5_CPANPLUS_IS_RUNNING="2521"
PERL5_CPAN_IS_RUNNING="2521"
PERL_CANARY_STABILITY_NOPROMPT="1"
PERL_MM_USE_DEFAULT="1"
PERL_USE_UNSAFE_INC="1"
@INC:
/home/sand/src/perl/repoperls/installed-perls/host/k93msid/v5.24.0/2d7c/lib/site_perl/5.24.0/x86_64-linux-ld
/home/sand/src/perl/repoperls/installed-perls/host/k93msid/v5.24.0/2d7c/lib/site_perl/5.24.0
/home/sand/src/perl/repoperls/installed-perls/host/k93msid/v5.24.0/2d7c/lib/5.24.0/x86_64-linux-ld
/home/sand/src/perl/repoperls/installed-perls/host/k93msid/v5.24.0/2d7c/lib/5.24.0
.