Role-Log-Syslog-Fast v0.14 Perl 5 v5.12.3 MSWin32-x64-multi-thread

Status
Fail
From
Jeroen L.
Dist
Role-Log-Syslog-Fast v0.14
Platform
Perl 5 v5.12.3 MSWin32-x64-multi-thread
Date
2011-06-16 21:11:19
ID
01a01af1-6bf9-1014-a9b4-500c47d6983c
This distribution has been tested as part of the CPAN Testers
project, supporting the Perl programming language.  See
http://wiki.cpantesters.org/ for more information or email
questions to cpan-testers-discuss@perl.org


--

Dear TBR,

This is a computer-generated error report created automatically by
CPANPLUS, version 0.9105. Testers personal comments may appear
at the end of this report.


Thank you for uploading your work to CPAN.  However, it appears that
there were some problems testing your distribution.

TEST RESULTS:

Below is the error stack from stage 'make test':

[MSG] [Thu Jun 16 23:11:17 2011] Checking if your kit is complete...
Looks good
Writing Makefile for Role::Log::Syslog::Fast

[MSG] [Thu Jun 16 23:11:17 2011] DEFAULT 'filter_prereqs' HANDLER RETURNING 'sub return value'
[MSG] [Thu Jun 16 23:11:17 2011] Checking for previous PASS result for "Role-Log-Syslog-Fast-0.14"
[MSG] [Thu Jun 16 23:11:17 2011] cp lib/Role/Log/Syslog/Fast.pm blib\lib\Role\Log\Syslog\Fast.pm

[ERROR] [Thu Jun 16 23:11:18 2011] MAKE TEST failed: D:\strawberry\perl\bin\perl.exe "-MExtUtils::Command::MM" "-e" "test_harness(0, 'blib\lib', 'blib\arch')" t/*.t
Can't locate Log/Syslog/Fast.pm in @INC (@INC contains: lib D:\strawberry\cpanplus\5.12.3\build\Role-Log-Syslog-Fast-0.14\blib\lib D:\strawberry\cpanplus\5.12.3\build\Role-Log-Syslog-Fast-0.14\blib\arch D:\strawberry\cpanplus\5.12.3\build\Role-Log-Syslog-Fast-0.14\blib\lib D:\strawberry\cpanplus\5.12.3\build\Role-Log-Syslog-Fast-0.14\blib\arch D:/strawberry/perl/site/lib D:/strawberry/perl/vendor/lib D:/strawberry/perl/lib .) at lib/Role/Log/Syslog/Fast.pm line 6.
BEGIN failed--compilation aborted at lib/Role/Log/Syslog/Fast.pm line 6.
Compilation failed in require at -e line 1.

#   Failed test 'Role::Log::Syslog::Fast loaded ok'
#   at t/00-compile.t line 48.
#                   ''
#     doesn't match '(?s-xim:^\s*Role::Log::Syslog::Fast ok)'
# Looks like you failed 1 test of 1.
t/00-compile.t ................ 
Dubious, test returned 1 (wstat 256, 0x100)
Failed 1/1 subtests 
# 
# 
# perl: v5.12.3 (wanted any version) on MSWin32 from D:\strawberry\perl\bin\perl.exe
# 
# ExtUtils::MakeMaker                           => 6.56       (want 6.30)   
# 
# Thanks for using my code.  I hope it works for you.
# If not, please try and include this output in the bug report.
# That will help me reproduce the issue and solve you problem.
# 
t/000-report-versions-tiny.t .. ok

#   Failed test 'use Role::Log::Syslog::Fast;'
#   at t/00load.t line 5.
#     Tried to use 'Role::Log::Syslog::Fast'.
#     Error:  Can't locate Log/Syslog/Fast.pm in @INC (@INC contains: D:\strawberry\cpanplus\5.12.3\build\Role-Log-Syslog-Fast-0.14\blib\lib D:\strawberry\cpanplus\5.12.3\build\Role-Log-Syslog-Fast-0.14\blib\arch D:\strawberry\cpanplus\5.12.3\build\Role-Log-Syslog-Fast-0.14\blib\lib D:\strawberry\cpanplus\5.12.3\build\Role-Log-Syslog-Fast-0.14\blib\arch D:/strawberry/perl/site/lib D:/strawberry/perl/vendor/lib D:/strawberry/perl/lib .) at D:\strawberry\cpanplus\5.12.3\build\Role-Log-Syslog-Fast-0.14\blib\lib/Role/Log/Syslog/Fast.pm line 6.
# BEGIN failed--compilation aborted at D:\strawberry\cpanplus\5.12.3\build\Role-Log-Syslog-Fast-0.14\blib\lib/Role/Log/Syslog/Fast.pm line 6.
# Compilation failed in require at (eval 4) line 2.
# BEGIN failed--compilation aborted at (eval 4) line 2.
# Looks like you failed 1 test of 1.
t/00load.t .................... 
Dubious, test returned 1 (wstat 256, 0x100)
Failed 1/1 subtests 
Couldn't load class (Role::Log::Syslog::Fast) because: Can't locate Log/Syslog/Fast.pm in @INC (@INC contains: D:\strawberry\cpanplus\5.12.3\build\Role-Log-Syslog-Fast-0.14\blib\lib D:\strawberry\cpanplus\5.12.3\build\Role-Log-Syslog-Fast-0.14\blib\arch D:\strawberry\cpanplus\5.12.3\build\Role-Log-Syslog-Fast-0.14\blib\lib D:\strawberry\cpanplus\5.12.3\build\Role-Log-Syslog-Fast-0.14\blib\arch D:/strawberry/perl/site/lib D:/strawberry/perl/vendor/lib D:/strawberry/perl/lib .) at D:\strawberry\cpanplus\5.12.3\build\Role-Log-Syslog-Fast-0.14\blib\lib/Role/Log/Syslog/Fast.pm line 6.
BEGIN failed--compilation aborted at D:\strawberry\cpanplus\5.12.3\build\Role-Log-Syslog-Fast-0.14\blib\lib/Role/Log/Syslog/Fast.pm line 6.
Compilation failed in require at D:/strawberry/perl/site/lib/Class/MOP.pm line 117.
 at D:/strawberry/perl/site/lib/Class/MOP.pm line 123
	Class::MOP::__ANON__('Can\'t locate Log/Syslog/Fast.pm in @INC (@INC contains: D:\s...') called at D:/strawberry/perl/site/lib/Try/Tiny.pm line 100
	Try::Tiny::try('CODE(0x36e310)', 'Try::Tiny::Catch=REF(0x330dfe0)') called at D:/strawberry/perl/site/lib/Class/MOP.pm line 128
	Class::MOP::load_first_existing_class('Role::Log::Syslog::Fast') called at D:/strawberry/perl/site/lib/Class/MOP.pm line 140
	Class::MOP::load_class('Role::Log::Syslog::Fast', undef) called at D:/strawberry/perl/site/lib/Moose/Util.pm line 126
	Moose::Util::_apply_all_roles('Moose::Meta::Class=HASH(0x3168ba0)', undef, 'Role::Log::Syslog::Fast') called at D:/strawberry/perl/site/lib/Moose/Util.pm line 93
	Moose::Util::apply_all_roles('Moose::Meta::Class=HASH(0x3168ba0)', 'Role::Log::Syslog::Fast') called at D:/strawberry/perl/site/lib/Moose.pm line 65
	Moose::with('Moose::Meta::Class=HASH(0x3168ba0)', 'Role::Log::Syslog::Fast') called at D:/strawberry/perl/site/lib/Moose/Exporter.pm line 356
	Moose::with('Role::Log::Syslog::Fast') called at t/01basic.t line 10
# Looks like your test exited with 2 before it could output anything.
t/01basic.t ................... 
Dubious, test returned 2 (wstat 512, 0x200)
Failed 9/9 subtests 
t/author-critic.t ............. skipped: these tests are for testing by the author
t/release-distmeta.t .......... skipped: these tests are for release candidate testing
t/release-eol.t ............... skipped: these tests are for release candidate testing
t/release-has-version.t ....... skipped: these tests are for release candidate testing
t/release-kwalitee.t .......... skipped: these tests are for release candidate testing
t/release-pod-coverage.t ...... skipped: these tests are for release candidate testing
t/release-pod-syntax.t ........ skipped: these tests are for release candidate testing
t/release-unused-vars.t ....... skipped: these tests are for release candidate testing

Test Summary Report
-------------------
t/00-compile.t              (Wstat: 256 Tests: 1 Failed: 1)
  Failed test:  1
  Non-zero exit status: 1
t/00load.t                  (Wstat: 256 Tests: 1 Failed: 1)
  Failed test:  1
  Non-zero exit status: 1
t/01basic.t                 (Wstat: 512 Tests: 0 Failed: 0)
  Non-zero exit status: 2
  Parse errors: Bad plan.  You planned 9 tests but ran 0.
Files=12, Tests=3,  0 wallclock secs ( 0.01 usr +  0.03 sys =  0.05 CPU)
Result: FAIL
Failed 3/12 test programs. 2/3 subtests failed.
dmake.EXE:  Error code 255, while making 'test_dynamic'

[MSG] [Thu Jun 16 23:11:18 2011] DEFAULT 'proceed_on_test_failure' HANDLER RETURNING 'sub return value'


MISSING PREREQUISITES:

It was observed that the test suite seem to fail without these modules:

Log::Syslog::Fast

As such, adding the prerequisite module(s) to 'PREREQ_PM' in your
Makefile.PL should solve this problem.  For example:

WriteMakefile(
    AUTHOR      => 'TBR (cpanplus-info@lists.sf.net)',
    ... # other information
    PREREQ_PM   => {
	'Log::Syslog::Fast'	=> '0', # or a minimum working version
    }
);

Thanks! :-)


Perl module toolchain versions installed:
	Module Name                        Have
	CPANPLUS                         0.9105
	CPANPLUS::Dist::Build              0.56
	Cwd                                3.33
	ExtUtils::CBuilder             0.280202
	ExtUtils::Command                  1.17
	ExtUtils::Install                  1.55
	ExtUtils::MakeMaker                6.56
	ExtUtils::Manifest                 1.58
	ExtUtils::ParseXS                2.2206
	File::Spec                         3.33
	Module::Build                    0.3800
	Test::Harness                      3.23
	Test::More                         0.98
	version                            0.91

******************************** NOTE ********************************
The comments above are created mechanically, possibly without manual
checking by the sender.  As there are many people performing automatic
tests on each upload to CPAN, it is likely that you will receive
identical messages about the same problem.

If you believe that the message is mistaken, please reply to the first
one with correction and/or additional informations, and do not take
it personally.  We appreciate your patience. :)
**********************************************************************

Additional comments:


This report was machine-generated by CPANPLUS::Dist::YACSmoke 0.62.

------------------------------
ENVIRONMENT AND OTHER CONTEXT
------------------------------

Environment variables:

    AUTOMATED_TESTING = 1
    COMSPEC = C:\Windows\system32\cmd.exe
    NUMBER_OF_PROCESSORS = 8
    PATH = C:\Program Files (x86)\AMD APP\bin\x86_64;C:\Program Files (x86)\AMD APP\bin\x86;C:\Windows\system32;C:\Windows;C:\Windows\System32\Wbem;C:\Windows\System32\WindowsPowerShell\v1.0\;C:\Program Files (x86)\ATI Technologies\ATI.ACE\Core-Static;C:\Program Files (x86)\QuickTime\QTSystem\;D:\strawberry\c\bin;D:\strawberry\perl\site\bin;D:\strawberry\perl\bin;C:\Program Files (x86)\Git\cmd;D:\ruby\Ruby192\bin
    PERL5LIB = ;D:\strawberry\cpanplus\5.12.3\build\Role-Log-Syslog-Fast-0.14\blib\lib;D:\strawberry\cpanplus\5.12.3\build\Role-Log-Syslog-Fast-0.14\blib\arch
    PERL5_CPANPLUS_IS_RUNNING = 3456
    PERL5_CPANPLUS_IS_VERSION = 0.9105
    PERL_EXTUTILS_AUTOINSTALL = --defaultdeps
    PERL_JSON_BACKEND = JSON::XS
    PERL_MM_USE_DEFAULT = 1
    PERL_YAML_BACKEND = YAML
    PROCESSOR_IDENTIFIER = Intel64 Family 6 Model 42 Stepping 7, GenuineIntel
    TERM = dumb

Perl special variables (and OS-specific diagnostics, for MSWin32):

    Perl: $^X = D:\strawberry\perl\bin\perl.exe
    UID:  $<  = 0
    EUID: $>  = 0
    GID:  $(  = 0
    EGID: $)  = 0
    Win32::GetOSName = Win7
    Win32::GetOSVersion = Service Pack 1, 6, 1, 7601, 2, 1, 0, 768, 1
    Win32::IsAdminUser = 0


-------------------------------


--

Summary of my perl5 (revision 5 version 12 subversion 3) configuration:
   
  Platform:
    osname=MSWin32, osvers=6.1, archname=MSWin32-x64-multi-thread
    uname='Win32 strawberryperl 5.12.3.0 #1 Sun May 15 09:43:50 2011 x64'
    config_args='undef'
    hint=recommended, useposix=true, d_sigaction=undef
    useithreads=define, usemultiplicity=define
    useperlio=define, d_sfio=undef, uselargefiles=define, usesocks=undef
    use64bitint=define, use64bitall=undef, uselongdouble=undef
    usemymalloc=n, bincompat5005=undef
  Compiler:
    cc='gcc', ccflags =' -s -O2 -DWIN32 -DHAVE_DES_FCRYPT -DWIN64 -DCONSERVATIVE  -DUSE_SITECUSTOMIZE -DPERL_IMPLICIT_CONTEXT -DPERL_IMPLICIT_SYS -fno-strict-aliasing -mms-bitfields -DPERL_MSVCRT_READFIX',
    optimize='-s -O2',
    cppflags='-DWIN32'
    ccversion='', gccversion='4.4.3', gccosandvers=''
    intsize=4, longsize=4, ptrsize=8, doublesize=8, byteorder=12345678
    d_longlong=define, longlongsize=8, d_longdbl=define, longdblsize=12
    ivtype='long long', ivsize=8, nvtype='double', nvsize=8, Off_t='long long', lseeksize=8
    alignbytes=8, prototype=define
  Linker and Libraries:
    ld='g++', ldflags ='-s -L"D:\strawberry\perl\lib\CORE" -L"D:\strawberry\c\lib"'
    libpth=D:\strawberry\c\lib D:\strawberry\c\x86_64-w64-mingw32\lib
    libs=-lmoldname -lkernel32 -luser32 -lgdi32 -lwinspool -lcomdlg32 -ladvapi32 -lshell32 -lole32 -loleaut32 -lnetapi32 -luuid -lws2_32 -lmpr -lwinmm -lversion -lodbc32 -lodbccp32 -lcomctl32
    perllibs=-lmoldname -lkernel32 -luser32 -lgdi32 -lwinspool -lcomdlg32 -ladvapi32 -lshell32 -lole32 -loleaut32 -lnetapi32 -luuid -lws2_32 -lmpr -lwinmm -lversion -lodbc32 -lodbccp32 -lcomctl32
    libc=, so=dll, useshrplib=true, libperl=libperl512.a
    gnulibc_version=''
  Dynamic Linking:
    dlsrc=dl_win32.xs, dlext=dll, d_dlsymun=undef, ccdlflags=' '
    cccdlflags=' ', lddlflags='-mdll -s -L"D:\strawberry\perl\lib\CORE" -L"D:\strawberry\c\lib"'


Characteristics of this binary (from libperl): 
  Compile-time options: MULTIPLICITY PERL_DONT_CREATE_GVSV
                        PERL_IMPLICIT_CONTEXT PERL_IMPLICIT_SYS
                        PERL_MALLOC_WRAP PL_OP_SLAB_ALLOC USE_64_BIT_INT
                        USE_ITHREADS USE_LARGE_FILES USE_PERLIO USE_PERL_ATOF
                        USE_SITECUSTOMIZE
  Built under MSWin32
  Compiled at May 15 2011 09:52:35
  %ENV:
    PERL5LIB=";D:\strawberry\cpanplus\5.12.3\build\Role-Log-Syslog-Fast-0.14\blib\lib;D:\strawberry\cpanplus\5.12.3\build\Role-Log-Syslog-Fast-0.14\blib\arch"
    PERL5_CPANPLUS_IS_RUNNING="3456"
    PERL5_CPANPLUS_IS_VERSION="0.9105"
    PERL_EXTUTILS_AUTOINSTALL="--defaultdeps"
    PERL_JSON_BACKEND="JSON::XS"
    PERL_MM_USE_DEFAULT="1"
    PERL_YAML_BACKEND="YAML"
  @INC:
    D:\strawberry\cpanplus\5.12.3\build\Role-Log-Syslog-Fast-0.14\blib\lib
    D:\strawberry\cpanplus\5.12.3\build\Role-Log-Syslog-Fast-0.14\blib\arch
    D:/strawberry/perl/site/lib
    D:/strawberry/perl/vendor/lib
    D:/strawberry/perl/lib
    .