Webinject v1.96_2 Perl 5 v5.8.9 x86_64-linux-thread-multi
- Status
- Fail
- From
- David Cantrell (DCANTRELL)
- Dist
-
Webinject v1.96_2
- Platform
- Perl 5 v5.8.9 x86_64-linux-thread-multi
- Date
- 2019-10-11 14:11:23
- ID
- 01ce2962-ec31-11e9-a1f7-936f052d0de1
This distribution has been tested as part of the CPAN Testers
project, supporting the Perl programming language. See
http://wiki.cpantesters.org/ for more information or email
questions to cpan-testers-discuss@perl.org
--
Dear Sven Nierlein,
This is a computer-generated report for Webinject-1.96_2
on perl 5.8.9, created by CPAN-Reporter-1.2018.
Thank you for uploading your work to CPAN. However, there was a problem
testing your distribution.
If you think this report is invalid, please consult the CPAN Testers Wiki
for suggestions on how to avoid getting FAIL reports for missing library
or binary dependencies, unsupported operating systems, and so on:
http://wiki.cpantesters.org/wiki/CPANAuthorNotes
Sections of this report:
* Tester comments
* Program output
* Prerequisites
* Environment and other context
------------------------------
TESTER COMMENTS
------------------------------
Additional comments from tester:
this report is from an automated smoke testing program
and was not reviewed by a human for accuracy
------------------------------
PROGRAM OUTPUT
------------------------------
Output from '/usr/bin/make test':
PERL_DL_NONLAZY=1 "/home/david/cpantesting/perl-5.8.9/bin/perl" "-MExtUtils::Command::MM" "-MTest::Harness" "-e" "undef *Test::Harness::Switches; test_harness(0, 'inc', 'blib/lib', 'blib/arch')" t/01-Webinject.t t/02-Test_Cases.t t/03-Report_Type_Nagios.t t/04-Timeouts.t t/05-Basic_Auth.t t/06-Proxy.t t/20-Full_Test_Case.t t/30-Nagios_Perf_Data.t t/97-Pod.t t/98-Pod-Coverage.t t/99-Perl-Critic.t
Variable "$tempfile" is not imported at /home/david/cpantesting/perl-5.8.9/.cpan/build/Webinject-1.96_2-0/blib/lib/Webinject.pm line 235.
(Did you mean &tempfile instead?)
Variable "$tempfile" is not imported at /home/david/cpantesting/perl-5.8.9/.cpan/build/Webinject-1.96_2-0/blib/lib/Webinject.pm line 235.
(Did you mean &tempfile instead?)
Variable "$tempfile" is not imported at /home/david/cpantesting/perl-5.8.9/.cpan/build/Webinject-1.96_2-0/blib/lib/Webinject.pm line 254.
(Did you mean &tempfile instead?)
Variable "$tempfile" is not imported at /home/david/cpantesting/perl-5.8.9/.cpan/build/Webinject-1.96_2-0/blib/lib/Webinject.pm line 254.
(Did you mean &tempfile instead?)
# Failed test 'use Webinject;'
# at t/01-Webinject.t line 9.
# Tried to use 'Webinject'.
# Error: Global symbol "$resultfile" requires explicit package name at /home/david/cpantesting/perl-5.8.9/.cpan/build/Webinject-1.96_2-0/blib/lib/Webinject.pm line 235.
# Global symbol "$tempfile" requires explicit package name at /home/david/cpantesting/perl-5.8.9/.cpan/build/Webinject-1.96_2-0/blib/lib/Webinject.pm line 235.
# Global symbol "$xmltestcases" requires explicit package name at /home/david/cpantesting/perl-5.8.9/.cpan/build/Webinject-1.96_2-0/blib/lib/Webinject.pm line 235.
# Global symbol "$xmltestcases" requires explicit package name at /home/david/cpantesting/perl-5.8.9/.cpan/build/Webinject-1.96_2-0/blib/lib/Webinject.pm line 235.
# Global symbol "$tempfile" requires explicit package name at /home/david/cpantesting/perl-5.8.9/.cpan/build/Webinject-1.96_2-0/blib/lib/Webinject.pm line 235.
# Global symbol "$error" requires explicit package name at /home/david/cpantesting/perl-5.8.9/.cpan/build/Webinject-1.96_2-0/blib/lib/Webinject.pm line 235.
# Global symbol "$error" requires explicit package name at /home/david/cpantesting/perl-5.8.9/.cpan/build/Webinject-1.96_2-0/blib/lib/Webinject.pm line 235.
# Global symbol "$error" requires explicit package name at /home/david/cpantesting/perl-5.8.9/.cpan/build/Webinject-1.96_2-0/blib/lib/Webinject.pm line 254.
# Global symbol "$xmltestcases" requires explicit package name at /home/david/cpantesting/perl-5.8.9/.cpan/build/Webinject-1.96_2-0/blib/lib/Webinject.pm line 254.
# Global symbol "$xmltestcases" requires explicit package name at /home/david/cpantesting/perl-5.8.9/.cpan/build/Webinject-1.96_2-0/blib/lib/Webinject.pm line 254.
# Global symbol "$tmpcase" requires explicit package name at /home/david/cpantesting/perl-5.8.9/.cpan/build/Webinject-1.96_2-0/blib/lib/Webinject.pm line 254.
# Global symbol "$xmltestcases" requires explicit package name at /home/david/cpantesting/perl-5.8.9/.cpan/build/Webinject-1.96_2-0/blib/lib/Webinject.pm line 254.
# Global symbol "$xmltestcases" requires explicit package name at /home/david/cpantesting/perl-5.8.9/.cpan/build/Webinject-1.96_2-0/blib/lib/Webinject.pm line 254.
# Global symbol "$tmpcase" requires explicit package name at /home/david/cpantesting/perl-5.8.9/.cpan/build/Webinject-1.96_2-0/blib/lib/Webinject.pm line 254.
# Global symbol "$tmpcase" requires explicit package name at /home/david/cpantesting/perl-5.8.9/.cpan/build/Webinject-1.96_2-0/blib/lib/Webinject.pm line 254.
# Global symbol "$tempfile" requires explicit package name at /home/david/cpantesting/perl-5.8.9/.cpan/build/Webinject-1.96_2-0/blib/lib/Webinject.pm line 254.
# Global symbol "$tempfile" requires explicit package name at /home/david/cpantesting/perl-5.8.9/.cpan/build/Webinject-1.96_2-0/blib/lib/Webinject.pm line 254.
# Global symbol "$repeat" requires explicit package name at /home/david/cpantesting/perl-5.8.9/.cpan/build/Webinject-1.96_2-0/blib/lib/Webinject.pm line 254.
# Global symbol "$xmltestcases" requires explicit package name at /home/david/cpantesting/perl-5.8.9/.cpan/build/Webinject-1.96_2-0/blib/lib/Webinject.pm line 254.
# Global symbol "$xmltestcases" requires explicit package name at /home/david/cpantesting/perl-5.8.9/.cpan/build/Webinject-1.96_2-0/blib/lib/Webinject.pm line 254.
# Global symbol "$repeat" requires explicit package name at /home/david/cpantesting/perl-5.8.9/.cpan/build/Webinject-1.96_2-0/blib/lib/Webinject.pm line 254.
# Global symbol "$xmltestcases" requires explicit package name at /home/david/cpantesting/perl-5.8.9/.cpan/build/Webinject-1.96_2-0/blib/lib/Webinject.pm line 254.
# Global symbol "$useragent" requires explicit package name at /home/david/cpantesting/perl-5.8.9/.cpan/build/Webinject-1.96_2-0/blib/lib/Webinject.pm line 254.
# Global symbol "$xmltestcases" requires explicit package name at /home/david/cpantesting/perl-5.8.9/.cpan/build/Webinject-1.96_2-0/blib/lib/Webinject.pm line 254.
# Global symbol "$run_nr" requires explicit package name at /home/david/cpantesting/perl-5.8.9/.cpan/build/Webinject-1.96_2-0/blib/lib/Webinject.pm line 254.
# Global symbol "$repeat" requires explicit package name at /home/david/cpantesting/perl-5.8.9/.cpan/build/Webinject-1.96_2-0/blib/lib/Webinject.pm line 254.
# Global symbol "$testnum" requires explicit package name at /home/david/cpantesting/perl-5.8.9/.cpan/build/Webinject-1.96_2-0/blib/lib/Webinject.pm line 254.
# Global symbol "$xmltestcases" requires explicit package name at /home/david/cpantesting/perl-5.8.9/.cpan/build/Webinject-1.96_2-0/blib/lib/Webinject.pm line 254.
# Global symbol "$testnum" requires explicit package name at /home/david/cpantesting/perl-5.8.9/.cpan/build/Webinject-1.96_2-0/blib/lib/Webinject.pm line 254.
# Global symbol "$case" requires explicit package name at /home/david/cpantesting/perl-5.8.9/.cpan/build/Webinject-1.96_2-0/blib/lib/Webinject.pm line 254.
# Global symbol "$testnum" requires explicit package name at /home/david/cpantesting/perl-5.8.9/.cpan/build/Webinject-1.96_2-0/blib/lib/Webinject.pm line 254.
# Global symbol "$currentcasefilebasedir" requires explicit package name at /home/david/cpantesting/perl-5.8.9/.cpan/build/Webinject-1.96_2-0/blib/lib/Webinject.pm line 254.
# Global symbol "$key" requires explicit package name at /home/david/cpantesting/perl-5.8.9/.cpan/build/Webinject-1.96_2-0/blib/lib/Webinject.pm line 254.
# Global symbol "$xmltestcases" requires explicit package name at /home/david/cpantesting/perl-5.8.9/.cpan/build/Webinject-1.96_2-0/blib/lib/Webinject.pm line 254.
# Global symbol "$testnum" requires explicit package name at /home/david/cpantesting/perl-5.8.9/.cpan/build/Webinject-1.96_2-0/blib/lib/Webinject.pm line 254.
# Global symbol "$case" requires explicit package name at /home/david/cpantesting/perl-5.8.9/.cpan/build/Webinject-1.96_2-0/blib/lib/Webinject.pm line 254.
# Global symbol "$key" requires explicit package name at /home/david/cpantesting/perl-5.8.9/.cpan/build/Webinject-1.96_2-0/blib/lib/Webinject.pm line 254.
# Global symbol "$xmltestcases" requires explicit package name at /home/david/cpantesting/perl-5.8.9/.cpan/build/Webinject-1.96_2-0/blib/lib/Webinject.pm line 254.
# Global symbol "$testnum" requires explicit package name at /home/david/cpantesting/perl-5.8.9/.cpan/build/Webinject-1.96_2-0/blib/lib/Webinject.pm line 254.
# Global symbol "$key" requires explicit package name at /home/david/cpantesting/perl-5.8.9/.cpan/build/Webinject-1.96_2-0/blib/lib/Webinject.pm line 254.
# Global symbol "$label" requires explicit package name at /home/david/cpantesting/perl-5.8.9/.cpan/build/Webinject-1.96_2-0/blib/lib/Webinject.pm line 254.
# Global symbol "$case" requires explicit package name at /home/david/cpantesting/perl-5.8.9/.cpan/build/Webinject-1.96_2-0/blib/lib/Webinject.pm line 254.
# Global symbol "$label" requires explicit package name at /home/david/cpantesting/perl-5.8.9/.cpan/build/Webinject-1.96_2-0/blib/lib/Webinject.pm line 254.
# Global symbol "$case" requires explicit package name at /home/david/cpantesting/perl-5.8.9/.cpan/build/Webinject-1.96_2-0/blib/lib/Webinject.pm line 254.
# Global symbol "$label" requires explicit package name at /home/david/cpantesting/perl-5.8.9/.cpan/build/Webinject-1.96_2-0/blib/lib/Webinject.pm line 254.
# Global symbol "$testnum" requires explicit package name at /home/david/cpantesting/perl-5.8.9/.cpan/build/Webinject-1.96_2-0/blib/lib/Webinject.pm line 254.
# Global symbol "$case" requires explicit package name at /home/david/cpantesting/perl-5.8.9/.cpan/build/Webinject-1.96_2-0/blib/lib/Webinject.pm line 254.
# Global symbol "$case" requires explicit package name at /home/david/cpantesting/perl-5.8.9/.cpan/build/Webinject-1.96_2-0/blib/lib/Webinject.pm line 254.
# Global symbol "$useragent" requires explicit package name at /home/david/cpantesting/perl-5.8.9/.cpan/build/Webinject-1.96_2-0/blib/lib/Webinject.pm line 254.
# Global symbol "$resultfile" requires explicit package name at /home/david/cpantesting/perl-5.8.9/.cpan/build/Webinject-1.96_2-0/blib/lib/Webinject.pm line 254.
# Global symbol "$case" requires explicit package name at /home/david/cpantesting/perl-5.8.9/.cpan/build/Webinject-1.96_2-0/blib/lib/Webinject.pm line 254.
# Global symbol "$rc" requires explicit package name at /home/david/cpantesting/perl-5.8.9/.cpan/build/Webinject-1.96_2-0/blib/lib/Webinject.pm line 254.
# Global symbol "$rc" requires explicit package name at /home/david/cpantesting/perl-5.8.9/.cpan/build/Webinject-1.96_2-0/blib/lib/Webinject.pm line 254.
# Global symbol "$resultfile" requires explicit package name at /home/david/cpantesting/perl-5.8.9/.cpan/build/Webinject-1.96_2-0/blib/lib/Webinject.pm line 254.
# Global symbol "$endruntimer" requires explicit package name at /home/david/cpantesting/perl-5.8.9/.cpan/build/Webinject-1.96_2-0/blib/lib/Webinject.pm line 254.
# Global symbol "$endruntimer" requires explicit package name at /home/david/cpantesting/perl-5.8.9/.cpan/build/Webinject-1.96_2-0/blib/lib/Webinject.pm line 254.
# Global symbol "$case" requires explicit package name at /home/david/cpantesting/perl-5.8.9/.cpan/build/Webinject-1.96_2-0/blib/lib/Webinject.pm line 254.
# Global symbol "$useragent" requires explicit package name at /home/david/cpantesting/perl-5.8.9/.cpan/build/Webinject-1.96_2-0/blib/lib/Webinject.pm line 254.
# Global symbol "$case" requires explicit package name at /home/david/cpantesting/perl-5.8.9/.cpan/build/Webinject-1.96_2-0/blib/lib/Webinject.pm line 254.
# Global symbol "$case" requires explicit package name at /home/david/cpantesting/perl-5.8.9/.cpan/build/Webinject-1.96_2-0/blib/lib/Webinject.pm line 254.
# Global symbol "$case" requires explicit package name at /home/david/cpantesting/perl-5.8.9/.cpan/build/Webinject-1.96_2-0/blib/lib/Webinject.pm line 254.
# Global symbol "$case" requires explicit package name at /home/david/cpantesting/perl-5.8.9/.cpan/build/Webinject-1.96_2-0/blib/lib/Webinject.pm line 254.
# Global symbol "$case" requires explicit package name at /home/david/cpantesting/perl-5.8.9/.cpan/build/Webinject-1.96_2-0/blib/lib/Webinject.pm line 254.
# Global symbol "$case" requires explicit package name at /home/david/cpantesting/perl-5.8.9/.cpan/build/Webinject-1.96_2-0/blib/lib/Webinject.pm line 254.
# Global symbol "$case" requires explicit package name at /home/david/cpantesting/perl-5.8.9/.cpan/build/Webinject-1.96_2-0/blib/lib/Webinject.pm line 254.
# Global symbol "$case" requires explicit package name at /home/david/cpantesting/perl-5.8.9/.cpan/build/Webinject-1.96_2-0/blib/lib/Webinject.pm line 254.
# Global symbol "$useragent" requires explicit package name at /home/david/cpantesting/perl-5.8.9/.cpan/build/Webinject-1.96_2-0/blib/lib/Webinject.pm line 254.
# Global symbol "$case" requires explicit package name at /home/david/cpantesting/perl-5.8.9/.cpan/build/Webinject-1.96_2-0/blib/lib/Webinject.pm line 254.
# Global symbol "$useragent" requires explicit package name at /home/david/cpantesting/perl-5.8.9/.cpan/build/Webinject-1.96_2-0/blib/lib/Webinject.pm line 254.
# Global symbol "$curgraphtype" requires explicit package name at /home/david/cpantesting/perl-5.8.9/.cpan/build/Webinject-1.96_2-0/blib/lib/Webinject.pm line 254.
# Global symbol "$timestamp" requires explicit package name at /home/david/cpantesting/perl-5.8.9/.cpan/build/Webinject-1.96_2-0/blib/lib/Webinject.pm line 254.
# Global symbol "$key" requires explicit package name at /home/david/cpantesting/perl-5.8.9/.cpan/build/Webinject-1.96_2-0/blib/lib/Webinject.pm line 254.
# Global symbol "$case" requires explicit package name at /home/david/cpantesting/perl-5.8.9/.cpan/build/Webinject-1.96_2-0/blib/lib/Webinject.pm line 254.
# Global symbol "$case" requires explicit package name at /home/david/cpantesting/perl-5.8.9/.cpan/build/Webinject-1.96_2-0/blib/lib/Webinject.pm line 254.
# Global symbol "$key" requires explicit package name at /home/david/cpantesting/perl-5.8.9/.cpan/build/Webinject-1.96_2-0/blib/lib/Webinject.pm line 254.
# Global symbol "$case" requires explicit package name at /home/david/cpantesting/perl-5.8.9/.cpan/build/Webinject-1.96_2-0/blib/lib/Webinject.pm line 254.
# Global symbol "$key" requires explicit package name at /home/david/cpantesting/perl-5.8.9/.cpan/build/Webinject-1.96_2-0/blib/lib/Webinject.pm line 254.
# Global symbol "$timestamp" requires explicit package name at /home/david/cpantesting/perl-5.8.9/.cpan/build/Webinject-1.96_2-0/blib/lib/Webinject.pm line 254.
# Global symbol "$key" requires explicit package name at /home/david/cpantesting/perl-5.8.9/.cpan/build/Webinject-1.96_2-0/blib/lib/Webinject.pm line 254.
# Global symbol "$case" requires explicit package name at /home/david/cpantesting/perl-5.8.9/.cpan/build/Webinject-1.96_2-0/blib/lib/Webinject.pm line 254.
# Global symbol "$key" requires explicit package name at /home/david/cpantesting/perl-5.8.9/.cpan/build/Webinject-1.96_2-0/blib/lib/Webinject.pm line 254.
# Global symbol "$case" requires explicit package name at /home/david/cpantesting/perl-5.8.9/.cpan/build/Webinject-1.96_2-0/blib/lib/Webinject.pm line 254.
# Global symbol "$key" requires explicit package name at /home/david/cpantesting/perl-5.8.9/.cpan/build/Webinject-1.96_2-0/blib/lib/Webinject.pm line 254.
# Global symbol "$uri" requires explicit package name at /home/david/cpantesting/perl-5.8.9/.cpan/build/Webinject-1.96_2-0/blib/lib/Webinject.pm line 254.
# Global symbol "$case" requires explicit package name at /home/david/cpantesting/perl-5.8.9/.cpan/build/Webinject-1.96_2-0/blib/lib/Webinject.pm line 254.
# Global symbol "$host" requires explicit package name at /home/david/cpantesting/perl-5.8.9/.cpan/build/Webinject-1.96_2-0/blib/lib/Webinject.pm line 254.
# Global symbol "$uri" requires explicit package name at /home/david/cpantesting/perl-5.8.9/.cpan/build/Webinject-1.96_2-0/blib/lib/Webinject.pm line 254.
# Global symbol "$useragent" requires explicit package name at /home/david/cpantesting/perl-5.8.9/.cpan/build/Webinject-1.96_2-0/blib/lib/Webinject.pm line 254.
# Global symbol "$uri" requires explicit package name at /home/david/cpantesting/perl-5.8.9/.cpan/build/Webinject-1.96_2-0/blib/lib/Webinject.pm line 254.
# Global symbol "$case" requires explicit package name at /home/david/cpantesting/perl-5.8.9/.cpan/build/Webinject-1.96_2-0/blib/lib/Webinject.pm line 254.
# Global symbol "$host" requires explicit package name at /home/david/cpantesting/perl-5.8.9/.cpan/build/Webinject-1.96_2-0/blib/lib/Webinject.pm line 254.
# Global symbol "$case" requires explicit package name at /home/david/cpantesting/perl-5.8.9/.cpan/build/Webinject-1.96_2-0/blib/lib/Webinject.pm line 254.
# Global symbol "$case" requires explicit package name at /home/david/cpantesting/perl-5.8.9/.cpan/build/Webinject-1.96_2-0/blib/lib/Webinject.pm line 254.
# Global symbol "$case" requires explicit package name at /home/david/cpantesting/perl-5.8.9/.cpan/build/Webinject-1.96_2-0/blib/lib/Webinject.pm line 254.
# Global symbol "$case" requires explicit package name at /home/david/cpantesting/perl-5.8.9/.cpan/build/Webinject-1.96_2-0/blib/lib/Webinject.pm line 254.
# Global symbol "$case" requires explicit package name at /home/david/cpantesting/perl-5.8.9/.cpan/build/Webinject-1.96_2-0/blib/lib/Webinject.pm line 254.
# Global symbol "$case" requires explicit package name at /home/david/cpantesting/perl-5.8.9/.cpan/build/Webinject-1.96_2-0/blib/lib/Webinject.pm line 254.
# Global symbol "$case" requires explicit package name at /home/david/cpantesting/perl-5.8.9/.cpan/build/Webinject-1.96_2-0/blib/lib/Webinject.pm line 254.
# Global symbol "$method" requires explicit package name at /home/david/cpantesting/perl-5.8.9/.cpan/build/Webinject-1.96_2-0/blib/lib/Webinject.pm line 254.
# Global symbol "$case" requires explicit package name at /home/david/cpantesting/perl-5.8.9/.cpan/build/Webinject-1.96_2-0/blib/lib/Webinject.pm line 254.
# Global symbol "$method" requires explicit package name at /home/david/cpantesting/perl-5.8.9/.cpan/build/Webinject-1.96_2-0/blib/lib/Webinject.pm line 254.
# Global symbol "$case" requires explicit package name at /home/david/cpantesting/perl-5.8.9/.cpan/build/Webinject-1.96_2-0/blib/lib/Webinject.pm line 254.
# Global symbol "$method" requires explicit package name at /home/david/cpantesting/perl-5.8.9/.cpan/build/Webinject-1.96_2-0/blib/lib/Webinject.pm line 254.
# Global symbol "$case" requires explicit package name at /home/david/cpantesting/perl-5.8.9/.cpan/build/Webinject-1.96_2-0/blib/lib/Webinject.pm line 254.
# Global symbol "$method" requires explicit package name at /home/david/cpantesting/perl-5.8.9/.cpan/build/Webinject-1.96_2-0/blib/lib/Webinject.pm line 254.
# Global symbol "$case" requires explicit package name at /home/david/cpantesting/perl-5.8.9/.cpan/build/Webinject-1.96_2-0/blib/lib/Webinject.pm line 254.
# Global symbol "$case" requires explicit package name at /home/david/cpantesting/perl-5.8.9/.cpan/build/Webinject-1.96_2-0/blib/lib/Webinject.pm line 254.
# Global symbol "$case" requires explicit package name at /home/david/cpantesting/perl-5.8.9/.cpan/build/Webinject-1.96_2-0/blib/lib/Webinject.pm line 254.
# Global symbol "$latency" requires explicit package name at /home/david/cpantesting/perl-5.8.9/.cpan/build/Webinject-1.96_2-0/blib/lib/Webinject.pm line 254.
# Global symbol "$request" requires explicit package name at /home/david/cpantesting/perl-5.8.9/.cpan/build/Webinject-1.96_2-0/blib/lib/Webinject.pm line 254.
# Global symbol "$response" requires explicit package name at /home/david/cpantesting/perl-5.8.9/.cpan/build/Webinject-1.96_2-0/blib/lib/Webinject.pm line 254.
# Global symbol "$case" requires explicit package name at /home/david/cpantesting/perl-5.8.9/.cpan/build/Webinject-1.96_2-0/blib/lib/Webinject.pm line 254.
# Global symbol "$case" requires explicit package name at /home/david/cpantesting/perl-5.8.9/.cpan/build/Webinject-1.96_2-0/blib/lib/Webinject.pm line 254.
# Global symbol "$latency" requires explicit package name at /home/david/cpantesting/perl-5.8.9/.cpan/build/Webinject-1.96_2-0/blib/lib/Webinject.pm line 254.
# Global symbol "$request" requires explicit package name at /home/david/cpantesting/perl-5.8.9/.cpan/build/Webinject-1.96_2-0/blib/lib/Webinject.pm line 254.
# Global symbol "$response" requires explicit package name at /home/david/cpantesting/perl-5.8.9/.cpan/build/Webinject-1.96_2-0/blib/lib/Webinject.pm line 254.
# Global symbol "$useragent" requires explicit package name at /home/david/cpantesting/perl-5.8.9/.cpan/build/Webinject-1.96_2-0/blib/lib/Webinject.pm line 254.
# Global symbol "$case" requires explicit package name at /home/david/cpantesting/perl-5.8.9/.cpan/build/Webinject-1.96_2-0/blib/lib/Webinject.pm line 254.
# Global symbol "$case" requires explicit package name at /home/david/cpantesting/perl-5.8.9/.cpan/build/Webinject-1.96_2-0/blib/lib/Webinject.pm line 254.
# Global symbol "$latency" requires explicit package name at /home/david/cpantesting/perl-5.8.9/.cpan/build/Webinject-1.96_2-0/blib/lib/Webinject.pm line 254.
# Global symbol "$request" requires explicit package name at /home/david/cpantesting/perl-5.8.9/.cpan/build/Webinject-1.96_2-0/blib/lib/Webinject.pm line 254.
# Global symbol "$response" requires explicit package name at /home/david/cpantesting/perl-5.8.9/.cpan/build/Webinject-1.96_2-0/blib/lib/Webinject.pm line 254.
# Global symbol "$useragent" requires explicit package name at /home/david/cpantesting/perl-5.8.9/.cpan/build/Webinject-1.96_2-0/blib/lib/Webinject.pm line 254.
# Global symbol "$case" requires explicit package name at /home/david/cpantesting/perl-5.8.9/.cpan/build/Webinject-1.96_2-0/blib/lib/Webinject.pm line 254.
# Global symbol "$case" requires explicit package name at /home/david/cpantesting/perl-5.8.9/.cpan/build/Webinject-1.96_2-0/blib/lib/Webinject.pm line 254.
# Global symbol "$case" requires explicit package name at /home/david/cpantesting/perl-5.8.9/.cpan/build/Webinject-1.96_2-0/blib/lib/Webinject.pm line 254.
# Global symbol "$latency" requires explicit package name at /home/david/cpantesting/perl-5.8.9/.cpan/build/Webinject-1.96_2-0/blib/lib/Webinject.pm line 254.
# Global symbol "$request" requires explicit package name at /home/david/cpantesting/perl-5.8.9/.cpan/build/Webinject-1.96_2-0/blib/lib/Webinject.pm line 254.
# Global symbol "$response" requires explicit package name at /home/david/cpantesting/perl-5.8.9/.cpan/build/Webinject-1.96_2-0/blib/lib/Webinject.pm line 254.
# Global symbol "$useragent" requires explicit package name at /home/david/cpantesting/perl-5.8.9/.cpan/build/Webinject-1.96_2-0/blib/lib/Webinject.pm line 254.
# Global symbol "$case" requires explicit package name at /home/david/cpantesting/perl-5.8.9/.cpan/build/Webinject-1.96_2-0/blib/lib/Webinject.pm line 254.
# Global symbol "$latency" requires explicit package name at /home/david/cpantesting/perl-5.8.9/.cpan/build/Webinject-1.96_2-0/blib/lib/Webinject.pm line 254.
# Global symbol "$request" requires explicit package name at /home/david/cpantesting/perl-5.8.9/.cpan/build/Webinject-1.96_2-0/blib/lib/Webinject.pm line 254.
# Global symbol "$response" requires explicit package name at /home/david/cpantesting/perl-5.8.9/.cpan/build/Webinject-1.96_2-0/blib/lib/Webinject.pm line 254.
# Global symbol "$useragent" requires explicit package name at /home/david/cpantesting/perl-5.8.9/.cpan/build/Webinject-1.96_2-0/blib/lib/Webinject.pm line 254.
# Global symbol "$case" requires explicit package name at /home/david/cpantesting/perl-5.8.9/.cpan/build/Webinject-1.96_2-0/blib/lib/Webinject.pm line 254.
# Global symbol "$case" requires explicit package name at /home/david/cpantesting/perl-5.8.9/.cpan/build/Webinject-1.96_2-0/blib/lib/Webinject.pm line 254.
# Global symbol "$case" requires explicit package name at /home/david/cpantesting/perl-5.8.9/.cpan/build/Webinject-1.96_2-0/blib/lib/Webinject.pm line 254.
# Global symbol "$latency" requires explicit package name at /home/david/cpantesting/perl-5.8.9/.cpan/build/Webinject-1.96_2-0/blib/lib/Webinject.pm line 254.
# Global symbol "$case" requires explicit package name at /home/david/cpantesting/perl-5.8.9/.cpan/build/Webinject-1.96_2-0/blib/lib/Webinject.pm line 254.
# Global symbol "$request" requires explicit package name at /home/david/cpantesting/perl-5.8.9/.cpan/build/Webinject-1.96_2-0/blib/lib/Webinject.pm line 254.
# Global symbol "$case" requires explicit package name at /home/david/cpantesting/perl-5.8.9/.cpan/build/Webinject-1.96_2-0/blib/lib/Webinject.pm line 254.
# Global symbol "$response" requires explicit package name at /home/david/cpantesting/perl-5.8.9/.cpan/build/Webinject-1.96_2-0/blib/lib/Webinject.pm line 254.
# Global symbol "$response" requires explicit package name at /home/david/cpantesting/perl-5.8.9/.cpan/build/Webinject-1.96_2-0/blib/lib/Webinject.pm line 254.
# Global symbol "$case" requires explicit package name at /home/david/cpantesting/perl-5.8.9/.cpan/build/Webinject-1.96_2-0/blib/lib/Webinject.pm line 254.
# Global symbol "$case" requires explicit package name at /home/david/cpantesting/perl-5.8.9/.cpan/build/Webinject-1.96_2-0/blib/lib/Webinject.pm line 254.
# Global symbol "$case" requires explicit package name at /home/david/cpantesting/perl-5.8.9/.cpan/build/Webinject-1.96_2-0/blib/lib/Webinject.pm line 254.
# Global symbol "$case" requires explicit package name at /home/david/cpantesting/perl-5.8.9/.cpan/build/Webinject-1.96_2-0/blib/lib/Webinject.pm line 254.
# Global symbol "$case" requires explicit package name at /home/david/cpantesting/perl-5.8.9/.cpan/build/Webinject-1.96_2-0/blib/lib/Webinject.pm line 254.
# Global symbol "$case" requires explicit package name at /home/david/cpantesting/perl-5.8.9/.cpan/build/Webinject-1.96_2-0/blib/lib/Webinject.pm line 254.
# Global symbol "$case" requires explicit package name at /home/david/cpantesting/perl-5.8.9/.cpan/build/Webinject-1.96_2-0/blib/lib/Webinject.pm line 254.
# Global symbol "$case" requires explicit package name at /home/david/cpantesting/perl-5.8.9/.cpan/build/Webinject-1.96_2-0/blib/lib/Webinject.pm line 254.
# Global symbol "$case" requires explicit package name at /home/david/cpantesting/perl-5.8.9/.cpan/build/Webinject-1.96_2-0/blib/lib/Webinject.pm line 254.
# Global symbol "$case" requires explicit package name at /home/david/cpantesting/perl-5.8.9/.cpan/build/Webinject-1.96_2-0/blib/lib/Webinject.pm line 254.
# Global symbol "$case" requires explicit package name at /home/david/cpantesting/perl-5.8.9/.cpan/build/Webinject-1.96_2-0/blib/lib/Webinject.pm line 254.
# Global symbol "$case" requires explicit package name at /home/david/cpantesting/perl-5.8.9/.cpan/build/Webinject-1.96_2-0/blib/lib/Webinject.pm line 254.
# Global symbol "$case" requires explicit package name at /home/david/cpantesting/perl-5.8.9/.cpan/build/Webinject-1.96_2-0/blib/lib/Webinject.pm line 254.
# Global symbol "$request" requires explicit package name at /home/david/cpantesting/perl-5.8.9/.cpan/build/Webinject-1.96_2-0/blib/lib/Webinject.pm line 254.
# Global symbol "$response" requires explicit package name at /home/david/cpantesting/perl-5.8.9/.cpan/build/Webinject-1.96_2-0/blib/lib/Webinject.pm line 254.
# Global symbol "$case" requires explicit package name at /home/david/cpantesting/perl-5.8.9/.cpan/build/Webinject-1.96_2-0/blib/lib/Webinject.pm line 254.
# Global symbol "$latency" requires explicit package name at /home/david/cpantesting/perl-5.8.9/.cpan/build/Webinject-1.96_2-0/blib/lib/Webinject.pm line 254.
# Global symbol "$response" requires explicit package name at /home/david/cpantesting/perl-5.8.9/.cpan/build/Webinject-1.96_2-0/blib/lib/Webinject.pm line 254.
# Global symbol "$case" requires explicit package name at /home/david/cpantesting/perl-5.8.9/.cpan/build/Webinject-1.96_2-0/blib/lib/Webinject.pm line 254.
# Global symbol "$key" requires explicit package name at /home/david/cpantesting/perl-5.8.9/.cpan/build/Webinject-1.96_2-0/blib/lib/Webinject.pm line 254.
# Global symbol "$case" requires explicit package name at /home/david/cpantesting/perl-5.8.9/.cpan/build/Webinject-1.96_2-0/blib/lib/Webinject.pm line 254.
# Global symbol "$key" requires explicit package name at /home/david/cpantesting/perl-5.8.9/.cpan/build/Webinject-1.96_2-0/blib/lib/Webinject.pm line 254.
# Global symbol "$case" requires explicit package name at /home/david/cpantesting/perl-5.8.9/.cpan/build/Webinject-1.96_2-0/blib/lib/Webinject.pm line 254.
# Global symbol "$key" requires explicit package name at /home/david/cpantesting/perl-5.8.9/.cpan/build/Webinject-1.96_2-0/blib/lib/Webinject.pm line 254.
# Global symbol "$case" requires explicit package name at /home/david/cpantesting/perl-5.8.9/.cpan/build/Webinject-1.96_2-0/blib/lib/Webinject.pm line 254.
# Global symbol "$key" requires explicit package name at /home/david/cpantesting/perl-5.8.9/.cpan/build/Webinject-1.96_2-0/blib/lib/Webinject.pm line 254.
# Global symbol "$case" requires explicit package name at /home/david/cpantesting/perl-5.8.9/.cpan/build/Webinject-1.96_2-0/blib/lib/Webinject.pm line 254.
# Global symbol "$case" requires explicit package name at /home/david/cpantesting/perl-5.8.9/.cpan/build/Webinject-1.96_2-0/blib/lib/Webinject.pm line 254.
# Global symbol "$case" requires explicit package name at /home/david/cpantesting/perl-5.8.9/.cpan/build/Webinject-1.96_2-0/blib/lib/Webinject.pm line 254.
# Global symbol "$prefix" requires explicit package name at /home/david/cpantesting/perl-5.8.9/.cpan/build/Webinject-1.96_2-0/blib/lib/Webinject.pm line 254.
# Global symbol "$case" requires explicit package name at /home/david/cpantesting/perl-5.8.9/.cpan/build/Webinject-1.96_2-0/blib/lib/Webinject.pm line 254.
# Global symbol "$case" requires explicit package name at /home/david/cpantesting/perl-5.8.9/.cpan/build/Webinject-1.96_2-0/blib/lib/Webinject.pm line 254.
# Global symbol "$prefix" requires explicit package name at /home/david/cpantesting/perl-5.8.9/.cpan/build/Webinject-1.96_2-0/blib/lib/Webinject.pm line 254.
# Global symbol "$case" requires explicit package name at /home/david/cpantesting/perl-5.8.9/.cpan/build/Webinject-1.96_2-0/blib/lib/Webinject.pm line 254.
# Global symbol "$case" requires explicit package name at /home/david/cpantesting/perl-5.8.9/.cpan/build/Webinject-1.96_2-0/blib/lib/Webinject.pm line 254.
# Global symbol "$prefix" requires explicit package name at /home/david/cpantesting/perl-5.8.9/.cpan/build/Webinject-1.96_2-0/blib/lib/Webinject.pm line 254.
# Global symbol "$message" requires explicit package name at /home/david/cpantesting/perl-5.8.9/.cpan/build/Webinject-1.96_2-0/blib/lib/Webinject.pm line 254.
# Global symbol "$message" requires explicit package name at /home/david/cpantesting/perl-5.8.9/.cpan/build/Webinject-1.96_2-0/blib/lib/Webinject.pm line 254.
# Global symbol "$message" requires explicit package name at /home/david/cpantesting/perl-5.8.9/.cpan/build/Webinject-1.96_2-0/blib/lib/Webinject.pm line 254.
# Global symbol "$case" requires explicit package name at /home/david/cpantesting/perl-5.8.9/.cpan/build/Webinject-1.96_2-0/blib/lib/Webinject.pm line 254.
# Global symbol "$case" requires explicit package name at /home/david/cpantesting/perl-5.8.9/.cpan/build/Webinject-1.96_2-0/blib/lib/Webinject.pm line 254.
# Global symbol "$case" requires explicit package name at /home/david/cpantesting/perl-5.8.9/.cpan/build/Webinject-1.96_2-0/blib/lib/Webinject.pm line 254.
# Global symbol "$message" requires explicit package name at /home/david/cpantesting/perl-5.8.9/.cpan/build/Webinject-1.96_2-0/blib/lib/Webinject.pm line 254.
# Global symbol "$message" requires explicit package name at /home/david/cpantesting/perl-5.8.9/.cpan/build/Webinject-1.96_2-0/blib/lib/Webinject.pm line 254.
# Global symbol "$message" requires explicit package name at /home/david/cpantesting/perl-5.8.9/.cpan/build/Webinject-1.96_2-0/blib/lib/Webinject.pm line 254.
# Global symbol "$case" requires explicit package name at /home/david/cpantesting/perl-5.8.9/.cpan/build/Webinject-1.96_2-0/blib/lib/Webinject.pm line 254.
# Global symbol "$case" requires explicit package name at /home/david/cpantesting/perl-5.8.9/.cpan/build/Webinject-1.96_2-0/blib/lib/Webinject.pm line 254.
# Global symbol "$case" requires explicit package name at /home/david/cpantesting/perl-5.8.9/.cpan/build/Webinject-1.96_2-0/blib/lib/Webinject.pm line 254.
# Global symbol "$case" requires explicit package name at /home/david/cpantesting/perl-5.8.9/.cpan/build/Webinject-1.96_2-0/blib/lib/Webinject.pm line 254.
# Global symbol "$case" requires explicit package name at /home/david/cpantesting/perl-5.8.9/.cpan/build/Webinject-1.96_2-0/blib/lib/Webinject.pm line 254.
# Global symbol "$case" requires explicit package name at /home/david/cpantesting/perl-5.8.9/.cpan/build/Webinject-1.96_2-0/blib/lib/Webinject.pm line 254.
# Global symbol "$case" requires explicit package name at /home/david/cpantesting/perl-5.8.9/.cpan/build/Webinject-1.96_2-0/blib/lib/Webinject.pm line 254.
# Global symbol "$case" requires explicit package name at /home/david/cpantesting/perl-5.8.9/.cpan/build/Webinject-1.96_2-0/blib/lib/Webinject.pm line 254.
# Global symbol "$case" requires explicit package name at /home/david/cpantesting/perl-5.8.9/.cpan/build/Webinject-1.96_2-0/blib/lib/Webinject.pm line 254.
# Global symbol "$case" requires explicit package name at /home/david/cpantesting/perl-5.8.9/.cpan/build/Webinject-1.96_2-0/blib/lib/Webinject.pm line 254.
# Global symbol "$case" requires explicit package name at /home/david/cpantesting/perl-5.8.9/.cpan/build/Webinject-1.96_2-0/blib/lib/Webinject.pm line 254.
# Global symbol "$case" requires explicit package name at /home/david/cpantesting/perl-5.8.9/.cpan/build/Webinject-1.96_2-0/blib/lib/Webinject.pm line 254.
# Global symbol "$case" requires explicit package name at /home/david/cpantesting/perl-5.8.9/.cpan/build/Webinject-1.96_2-0/blib/lib/Webinject.pm line 254.
# Global symbol "$case" requires explicit package name at /home/david/cpantesting/perl-5.8.9/.cpan/build/Webinject-1.96_2-0/blib/lib/Webinject.pm line 254.
# Global symbol "$case" requires explicit package name at /home/david/cpantesting/perl-5.8.9/.cpan/build/Webinject-1.96_2-0/blib/lib/Webinject.pm line 254.
# Global symbol "$case" requires explicit package name at /home/david/cpantesting/perl-5.8.9/.cpan/build/Webinject-1.96_2-0/blib/lib/Webinject.pm line 254.
# Global symbol "$case" requires explicit package name at /home/david/cpantesting/perl-5.8.9/.cpan/build/Webinject-1.96_2-0/blib/lib/Webinject.pm line 254.
# Global symbol "$case" requires explicit package name at /home/david/cpantesting/perl-5.8.9/.cpan/build/Webinject-1.96_2-0/blib/lib/Webinject.pm line 254.
# Global symbol "$case" requires explicit package name at /home/david/cpantesting/perl-5.8.9/.cpan/build/Webinject-1.96_2-0/blib/lib/Webinject.pm line 254.
# Global symbol "$case" requires explicit package name at /home/david/cpantesting/perl-5.8.9/.cpan/build/Webinject-1.96_2-0/blib/lib/Webinject.pm line 254.
# Global symbol "$case" requires explicit package name at /home/david/cpantesting/perl-5.8.9/.cpan/build/Webinject-1.96_2-0/blib/lib/Webinject.pm line 254.
# Global symbol "$case" requires explicit package name at /home/david/cpantesting/perl-5.8.9/.cpan/build/Webinject-1.96_2-0/blib/lib/Webinject.pm line 254.
# Global symbol "$case" requires explicit package name at /home/david/cpantesting/perl-5.8.9/.cpan/build/Webinject-1.96_2-0/blib/lib/Webinject.pm line 254.
# Global symbol "$case" requires explicit package name at /home/david/cpantesting/perl-5.8.9/.cpan/build/Webinject-1.96_2-0/blib/lib/Webinject.pm line 254.
# Global symbol "$case" requires explicit package name at /home/david/cpantesting/perl-5.8.9/.cpan/build/Webinject-1.96_2-0/blib/lib/Webinject.pm line 254.
# Global symbol "$case" requires explicit package name at /home/david/cpantesting/perl-5.8.9/.cpan/build/Webinject-1.96_2-0/blib/lib/Webinject.pm line 254.
# Global symbol "$case" requires explicit package name at /home/david/cpantesting/perl-5.8.9/.cpan/build/Webinject-1.96_2-0/blib/lib/Webinject.pm line 254.
# Global symbol "$case" requires explicit package name at /home/david/cpantesting/perl-5.8.9/.cpan/build/Webinject-1.96_2-0/blib/lib/Webinject.pm line 254.
# Global symbol "$latency" requires explicit package name at /home/david/cpantesting/perl-5.8.9/.cpan/build/Webinject-1.96_2-0/blib/lib/Webinject.pm line 254.
# Global symbol "$latency" requires explicit package name at /home/david/cpantesting/perl-5.8.9/.cpan/build/Webinject-1.96_2-0/blib/lib/Webinject.pm line 254.
# Global symbol "$case" requires explicit package name at /home/david/cpantesting/perl-5.8.9/.cpan/build/Webinject-1.96_2-0/blib/lib/Webinject.pm line 254.
# Global symbol "$latency" requires explicit package name at /home/david/cpantesting/perl-5.8.9/.cpan/build/Webinject-1.96_2-0/blib/lib/Webinject.pm line 254.
# Global symbol "$latency" requires explicit package name at /home/david/cpantesting/perl-5.8.9/.cpan/build/Webinject-1.96_2-0/blib/lib/Webinject.pm line 254.
# Global symbol "$latency" requires explicit package name at /home/david/cpantesting/perl-5.8.9/.cpan/build/Webinject-1.96_2-0/blib/lib/Webinject.pm line 254.
# Global symbol "$latency" requires explicit package name at /home/david/cpantesting/perl-5.8.9/.cpan/build/Webinject-1.96_2-0/blib/lib/Webinject.pm line 254.
# Global symbol "$latency" requires explicit package name at /home/david/cpantesting/perl-5.8.9/.cpan/build/Webinject-1.96_2-0/blib/lib/Webinject.pm line 254.
# Global symbol "$latency" requires explicit package name at /home/david/cpantesting/perl-5.8.9/.cpan/build/Webinject-1.96_2-0/blib/lib/Webinject.pm line 254.
# Global symbol "$latency" requires explicit package name at /home/david/cpantesting/perl-5.8.9/.cpan/build/Webinject-1.96_2-0/blib/lib/Webinject.pm line 254.
# syntax error at /home/david/cpantesting/perl-5.8.9/.cpan/build/Webinject-1.96_2-0/blib/lib/Webinject.pm line 586, near "$self->{'result'}->{'avgresponse'} = ( int( 1000 * ( "
# /home/david/cpantesting/perl-5.8.9/.cpan/build/Webinject-1.96_2-0/blib/lib/Webinject.pm has too many errors.
# Compilation failed in require at t/01-Webinject.t line 9.
# BEGIN failed--compilation aborted at t/01-Webinject.t line 9.
Can't locate object method "_set_defaults" via package "Webinject" at /home/david/cpantesting/perl-5.8.9/.cpan/build/Webinject-1.96_2-0/blib/lib/Webinject.pm line 173.
# Looks like your test exited with 9 just after 1.
t/01-Webinject.t ...........
Dubious, test returned 9 (wstat 2304, 0x900)
Failed 4/4 subtests
t/02-Test_Cases.t .......... skipped: Author test. Set $ENV{TEST_AUTHOR} to a true value to run.
t/03-Report_Type_Nagios.t .. skipped: Author test. Set $ENV{TEST_AUTHOR} to a true value to run.
t/04-Timeouts.t ............ skipped: Author test. Set $ENV{TEST_AUTHOR} to a true value to run.
t/05-Basic_Auth.t .......... skipped: Author test. Set $ENV{TEST_AUTHOR} to a true value to run.
t/06-Proxy.t ............... skipped: Author test. Set $ENV{TEST_AUTHOR} to a true value to run.
t/20-Full_Test_Case.t ...... skipped: Author test. Set $ENV{TEST_AUTHOR} to a true value to run.
t/30-Nagios_Perf_Data.t .... skipped: Author test. Set $ENV{TEST_AUTHOR} to a true value to run.
t/97-Pod.t ................. skipped: Author test. Set $ENV{TEST_AUTHOR} to a true value to run.
t/98-Pod-Coverage.t ........ skipped: Author test. Set $ENV{TEST_AUTHOR} to a true value to run.
t/99-Perl-Critic.t ......... skipped: Author test. Set $ENV{TEST_AUTHOR} to a true value to run.
Test Summary Report
-------------------
t/01-Webinject.t (Wstat: 2304 Tests: 1 Failed: 1)
Failed test: 1
Non-zero exit status: 9
Parse errors: Bad plan. You planned 4 tests but ran 1.
Files=11, Tests=1, 5 wallclock secs ( 0.04 usr 0.02 sys + 0.72 cusr 0.06 csys = 0.84 CPU)
Result: FAIL
Failed 1/11 test programs. 1/1 subtests failed.
Makefile:796: recipe for target 'test_dynamic' failed
make: *** [test_dynamic] Error 255
------------------------------
PREREQUISITES
------------------------------
Prerequisite modules loaded:
requires:
Module Need Have
--------------------- ----- --------
Error 0 0.17028
File::Temp 0 0.2309
Getopt::Long 0 2.51
HTTP::Cookies 0 6.04
HTTP::Request::Common 0 6.18
IO::Socket::SSL 0 2.066
LWP 0 6.39
Net::SSLeay 0 1.85
perl 5.006 5.008009
Time::HiRes 0 1.9715
URI 0 1.76
XML::Parser 0 2.46
XML::Simple 0 2.25
build_requires:
Module Need Have
--------------------- ----- --------
ExtUtils::MakeMaker 6.59 7.34
configure_requires:
Module Need Have
--------------------- ----- --------
ExtUtils::MakeMaker 6.59 7.34
------------------------------
ENVIRONMENT AND OTHER CONTEXT
------------------------------
Environment variables:
AUTOMATED_TESTING = 1
LANG = en_US.UTF-8
NONINTERACTIVE_TESTING = 1
PATH = /usr/local/bin:/usr/bin:/bin:/usr/local/games:/usr/games
PERL = 5.8.9
PERL5LIB =
PERL5OPT =
PERL5_CPANPLUS_IS_RUNNING = 27608
PERL5_CPAN_IS_RUNNING = 27608
PERLVER = 5.8.9
PERL_INLINE_DIRECTORY = /home/david/.Inline-5.8.9
PERL_MM_USE_DEFAULT = 1
PERL_USE_UNSAFE_INC = 0
SHELL = /bin/bash
TERM = screen
Perl special variables (and OS-specific diagnostics, for MSWin32):
$^X = /home/david/cpantesting/perl-5.8.9/bin/perl
$UID/$EUID = 1000 / 1000
$GID = 1000 27 1000
$EGID = 1000 27 1000
Perl module toolchain versions installed:
Module Have
------------------- --------
CPAN 2.26
CPAN::Meta 2.143240
Cwd 3.75
ExtUtils::CBuilder 0.280231
ExtUtils::Command 7.34
ExtUtils::Install 2.06
ExtUtils::MakeMaker 7.34
ExtUtils::Manifest 1.70
ExtUtils::ParseXS 3.35
File::Spec 3.75
JSON 4.02
JSON::PP 4.02
Module::Build 0.4229
Module::Signature n/a
Parse::CPAN::Meta 1.4414
Test::Harness 3.42
Test::More 1.302162
YAML 1.29
YAML::Syck n/a
version 0.9924
--
Summary of my perl5 (revision 5 version 8 subversion 9) configuration:
Platform:
osname=linux, osvers=4.9.0-8-amd64, archname=x86_64-linux-thread-multi
uname='linux pigsty 4.9.0-8-amd64 #1 smp debian 4.9.144-3 (2019-02-02) x86_64 gnulinux '
config_args='-de -Duse64bitall -Dusethreads -Dprefix=/home/david/cpantesting/perl-5.8.9 -A ccflags=-fwrapv'
hint=previous, useposix=true, d_sigaction=define
usethreads=define use5005threads=undef useithreads=define usemultiplicity=define
useperlio=define d_sfio=undef uselargefiles=define usesocks=undef
use64bitint=define use64bitall=define uselongdouble=undef
usemymalloc=n, bincompat5005=undef
Compiler:
cc='cc', ccflags ='-D_REENTRANT -D_GNU_SOURCE -fwrapv -fno-strict-aliasing -pipe -I/usr/local/include -D_LARGEFILE_SOURCE -D_FILE_OFFSET_BITS=64 -fwrapv',
optimize='-O2',
cppflags='-D_REENTRANT -D_GNU_SOURCE -fwrapv -fno-strict-aliasing -pipe -I/usr/local/include -D_REENTRANT -D_GNU_SOURCE -fwrapv -fno-strict-aliasing -pipe -I/usr/local/include -D_LARGEFILE_SOURCE -D_FILE_OFFSET_BITS=64 -fwrapv'
ccversion='', gccversion='6.3.0 20170516', gccosandvers=''
intsize=4, longsize=8, ptrsize=8, doublesize=8, byteorder=12345678
d_longlong=define, longlongsize=8, d_longdbl=define, longdblsize=16
ivtype='long', ivsize=8, nvtype='double', nvsize=8, Off_t='off_t', lseeksize=8
alignbytes=8, prototype=define
Linker and Libraries:
ld='cc', ldflags =' -L/usr/local/lib'
libpth=/usr/local/lib /lib/x86_64-linux-gnu /lib/../lib /usr/lib/x86_64-linux-gnu /usr/lib/../lib /lib /usr/lib
libs=-lnsl -ldb -ldl -lm -lcrypt -lutil -lpthread -lc
perllibs=-lnsl -ldl -lm -lcrypt -lutil -lpthread -lc
libc=libc-2.24.so, so=so, useshrplib=false, libperl=libperl.a
gnulibc_version='2.24'
Dynamic Linking:
dlsrc=dl_dlopen.xs, dlext=so, d_dlsymun=undef, ccdlflags='-Wl,-E'
cccdlflags='-fPIC', lddlflags='-shared -O2 -L/usr/local/lib'
Characteristics of this binary (from libperl):
Compile-time options: MULTIPLICITY PERL_IMPLICIT_CONTEXT PERL_MALLOC_WRAP
USE_64_BIT_ALL USE_64_BIT_INT USE_FAST_STDIO
USE_ITHREADS USE_LARGE_FILES USE_PERLIO
USE_REENTRANT_API
Locally applied patches:
Devel::PatchPerl 1.56
Built under linux
Compiled at Apr 25 2019 16:01:13
%ENV:
PERL="5.8.9"
PERL5LIB=""
PERL5OPT=""
PERL5_CPANPLUS_IS_RUNNING="27608"
PERL5_CPAN_IS_RUNNING="27608"
PERLVER="5.8.9"
PERL_INLINE_DIRECTORY="/home/david/.Inline-5.8.9"
PERL_MM_USE_DEFAULT="1"
PERL_USE_UNSAFE_INC="0"
@INC:
/home/david/cpantesting/perl-5.8.9/lib/5.8.9/x86_64-linux-thread-multi
/home/david/cpantesting/perl-5.8.9/lib/5.8.9
/home/david/cpantesting/perl-5.8.9/lib/site_perl/5.8.9/x86_64-linux-thread-multi
/home/david/cpantesting/perl-5.8.9/lib/site_perl/5.8.9
.