Win32API-File v0.1200 Perl 5 v5.8.5 cygwin-thread-multi-64int

Status
Fail
From
Peter John Acklam (PJACKLAM)
Dist
Win32API-File v0.1200
Platform
Perl 5 v5.8.5 cygwin-thread-multi-64int
Date
2012-07-18 19:52:08
ID
01d5d39c-6c09-1014-a22f-f8407b6f8c51
This distribution has been tested as part of the CPAN Testers
project, supporting the Perl programming language.  See
http://wiki.cpantesters.org/ for more information or email
questions to cpan-testers-discuss@perl.org


--
Dear Alexandr Ciornii,

This is a computer-generated report for Win32API-File-0.1200
on perl 5.8.5, created by CPAN-Reporter-1.2006.

Thank you for uploading your work to CPAN.  However, there was a problem
testing your distribution.

If you think this report is invalid, please consult the CPAN Testers Wiki
for suggestions on how to avoid getting FAIL reports for missing library
or binary dependencies, unsupported operating systems, and so on:

http://wiki.cpantesters.org/wiki/CPANAuthorNotes

Sections of this report:

    * Tester comments
    * Program output
    * Prerequisites
    * Environment and other context

------------------------------
TESTER COMMENTS
------------------------------

Additional comments from tester:

this report is from an automated smoke testing program
and was not reviewed by a human for accuracy

------------------------------
PROGRAM OUTPUT
------------------------------

Output from '/usr/bin/make test':

PERL_DL_NONLAZY=1 /opt/perl/inst/perl-5.8.5-cygwin-multi-64int/bin/perl.exe "-MExtUtils::Command::MM" "-e" "test_harness(0, 'blib/lib', 'blib/arch')" t/*.t
t/file.t .. 
Failed 1/267 subtests 
	(less 1 skipped subtest: 265 okay)
t/pod.t ... skipped: Test::Pod 1.14 required for testing POD
t/tie.t ... ok

Test Summary Report
-------------------
t/file.t (Wstat: 0 Tests: 267 Failed: 1)
  Failed test:  50
Files=3, Tests=277,  3 wallclock secs ( 0.12 usr  0.03 sys +  0.28 cusr  0.37 csys =  0.80 CPU)
Result: FAIL
Failed 1/3 test programs. 1/277 subtests failed.
Makefile:984: recipe for target `test_dynamic' failed
make: *** [test_dynamic] Error 14

------------------------------
PREREQUISITES
------------------------------

Prerequisite modules loaded:

requires:

    Module              Need  Have    
    ------------------- ----- --------
    Math::BigInt        0     1.997   
    perl                5.001 5.008005
    Win32               0     0.44    

build_requires:

    Module              Need  Have    
    ------------------- ----- --------
    File::Spec          0     3.33    
    IO::File            0     1.10    

configure_requires:

    Module              Need  Have    
    ------------------- ----- --------
    ExtUtils::MakeMaker 0     6.62    


------------------------------
ENVIRONMENT AND OTHER CONTEXT
------------------------------

Environment variables:

    AUTOMATED_TESTING = 1
    COMSPEC = C:\Windows\system32\cmd.exe
    NUMBER_OF_PROCESSORS = 4
    PATH = /opt/perl/inst/perl-5.8.5-cygwin-multi-64int/local/bin:/opt/perl/inst/perl-5.8.5-cygwin-multi-64int/bin:/usr/local/bin:/usr/bin
    PERL5LIB = /opt/perl/inst/perl-5.8.5-cygwin-multi-64int/local/lib/site_perl:/opt/perl/inst/perl-5.8.5-cygwin-multi-64int/local/lib/perl5:/opt/perl/inst/perl-5.8.5-cygwin-multi-64int/local/lib
    PERL5OPT = 
    PERL5_CPANPLUS_IS_RUNNING = 8836
    PERL5_CPAN_IS_RUNNING = 8836
    PERL_EXTUTILS_AUTOINSTALL = 1
    PERL_MM_USE_DEFAULT = 1
    PERL_TEST_CRITIC = 1
    PROCESSOR_IDENTIFIER = Intel64 Family 6 Model 37 Stepping 5, GenuineIntel
    SHELL = /bin/bash
    TEMP = /tmp
    TERM = xterm

Perl special variables (and OS-specific diagnostics, for MSWin32):

    $^X = /opt/perl/inst/perl-5.8.5-cygwin-multi-64int/bin/perl
    $UID/$EUID = 22755 / 22755
    $GID = 10513 10513 1001 545 544 0
    $EGID = 10513 10513 1001 545 544 0

Perl module toolchain versions installed:

    Module              Have    
    ------------------- --------
    CPAN                1.9800  
    CPAN::Meta          2.120921
    Cwd                 3.33    
    ExtUtils::CBuilder  0.280205
    ExtUtils::Command   1.17    
    ExtUtils::Install   1.54    
    ExtUtils::MakeMaker 6.62    
    ExtUtils::Manifest  1.60    
    ExtUtils::ParseXS   3.15    
    File::Spec          3.33    
    JSON                n/a     
    JSON::PP            2.27200 
    Module::Build       0.40    
    Module::Signature   n/a     
    Parse::CPAN::Meta   1.4404  
    Test::Harness       3.25    
    Test::More          0.98    
    YAML                0.81    
    YAML::Syck          n/a     
    version             0.99    


--

Summary of my perl5 (revision 5 version 8 subversion 5) configuration:
  Platform:
    osname=cygwin, osvers=1.7.13(0.26053), archname=cygwin-multi-64int
    uname='cygwin_nt-6.1-wow64 osl069 1.7.13(0.26053) 2012-04-05 12:43 i686 cygwin '
    config_args='-Dmksymlinks -de -Dcc=gcc-4 -Dprefix=/opt/perl/inst/perl-5.8.5-cygwin-multi-64int -Dcf_by=pjacklam -Dcf_email=pjacklam@online.no -Dperladmin=pjacklam@online.no -Uinc_version_list -Uinstallusrbinperl -Umad -Uusethreads -Dusemultiplicity -Duse64bitint'
    hint=recommended, useposix=true, d_sigaction=define
    usethreads=undef use5005threads=undef useithreads=undef usemultiplicity=define
    useperlio=define d_sfio=undef uselargefiles=define usesocks=undef
    use64bitint=define use64bitall=undef uselongdouble=undef
    usemymalloc=y, bincompat5005=undef
  Compiler:
    cc='gcc-4', ccflags ='-DPERL_USE_SAFE_PUTENV -fno-strict-aliasing -pipe -I/usr/local/include',
    optimize='-O2',
    cppflags='-DPERL_USE_SAFE_PUTENV -fno-strict-aliasing -pipe -I/usr/local/include'
    ccversion='', gccversion='4.5.3', gccosandvers=''
    intsize=4, longsize=4, ptrsize=4, doublesize=8, byteorder=12345678
    d_longlong=define, longlongsize=8, d_longdbl=define, longdblsize=12
    ivtype='long long', ivsize=8, nvtype='double', nvsize=8, Off_t='off_t', lseeksize=8
    alignbytes=8, prototype=define
  Linker and Libraries:
    ld='ld2', ldflags =' -L/usr/local/lib'
    libpth=/usr/local/lib /usr/lib /lib
    libs=-lgdbm -ldb -ldl -lcrypt -lgdbm_compat
    perllibs=-ldl -lcrypt -lgdbm_compat
    libc=/usr/lib/libc.a, so=dll, useshrplib=true, libperl=libperl.a
    gnulibc_version=''
  Dynamic Linking:
    dlsrc=dl_dlopen.xs, dlext=dll, d_dlsymun=undef, ccdlflags=' '
    cccdlflags=' ', lddlflags=' -L/usr/local/lib'


Characteristics of this binary (from libperl): 
  Compile-time options: MULTIPLICITY USE_64_BIT_INT USE_LARGE_FILES PERL_IMPLICIT_CONTEXT
  Built under cygwin
  Compiled at May  1 2012 15:44:22
  %ENV:
    PERL5LIB="/opt/perl/inst/perl-5.8.5-cygwin-multi-64int/local/lib/site_perl:/opt/perl/inst/perl-5.8.5-cygwin-multi-64int/local/lib/perl5:/opt/perl/inst/perl-5.8.5-cygwin-multi-64int/local/lib"
    PERL5OPT=""
    PERL5_CPANPLUS_IS_RUNNING="8836"
    PERL5_CPAN_IS_RUNNING="8836"
    PERL_EXTUTILS_AUTOINSTALL="1"
    PERL_MM_USE_DEFAULT="1"
    PERL_TEST_CRITIC="1"
    CYGWIN="codepage:utf8 nodosfilewarning"
  @INC:
    /opt/perl/inst/perl-5.8.5-cygwin-multi-64int/local/lib/site_perl/5.8.5/cygwin-multi-64int
    /opt/perl/inst/perl-5.8.5-cygwin-multi-64int/local/lib/site_perl/5.8.5
    /opt/perl/inst/perl-5.8.5-cygwin-multi-64int/local/lib/site_perl
    /opt/perl/inst/perl-5.8.5-cygwin-multi-64int/local/lib/perl5/cygwin-multi-64int
    /opt/perl/inst/perl-5.8.5-cygwin-multi-64int/local/lib/perl5
    /opt/perl/inst/perl-5.8.5-cygwin-multi-64int/local/lib/5.8.5/cygwin-multi-64int
    /opt/perl/inst/perl-5.8.5-cygwin-multi-64int/local/lib/5.8.5
    /opt/perl/inst/perl-5.8.5-cygwin-multi-64int/local/lib
    /opt/perl/inst/perl-5.8.5-cygwin-multi-64int/lib/5.8.5/cygwin-multi-64int
    /opt/perl/inst/perl-5.8.5-cygwin-multi-64int/lib/5.8.5
    /opt/perl/inst/perl-5.8.5-cygwin-multi-64int/lib/site_perl/5.8.5/cygwin-multi-64int
    /opt/perl/inst/perl-5.8.5-cygwin-multi-64int/lib/site_perl/5.8.5
    /opt/perl/inst/perl-5.8.5-cygwin-multi-64int/lib/site_perl
    .