Alvis-Pipeline v0.11 Perl 5 v5.19.0 x86_64-linux-ld
- Status
- Fail
- From
- Andreas J. König (ANDK)
- Dist
-
Alvis-Pipeline v0.11
- Platform
- Perl 5 v5.19.0 x86_64-linux-ld
- Date
- 2013-06-22 22:06:36
- ID
- 01df960e-db88-11e2-846d-e261697f9654
This distribution has been tested as part of the CPAN Testers
project, supporting the Perl programming language. See
http://wiki.cpantesters.org/ for more information or email
questions to cpan-testers-discuss@perl.org
--
Dear Mike Taylor,
This is a computer-generated report for Alvis-Pipeline-0.11
on perl 5.19.0, created by CPAN-Reporter-1.2010.
Thank you for uploading your work to CPAN. However, there was a problem
testing your distribution.
If you think this report is invalid, please consult the CPAN Testers Wiki
for suggestions on how to avoid getting FAIL reports for missing library
or binary dependencies, unsupported operating systems, and so on:
http://wiki.cpantesters.org/wiki/CPANAuthorNotes
Sections of this report:
* Tester comments
* Program output
* Prerequisites
* Environment and other context
------------------------------
TESTER COMMENTS
------------------------------
Additional comments from tester:
this report is from an automated smoke testing program
and was not reviewed by a human for accuracy
------------------------------
PROGRAM OUTPUT
------------------------------
Output from '/usr/bin/make test':
PERL_DL_NONLAZY=1 /home/sand/src/perl/repoperls/installed-perls/perl/v5.19.0/9980/bin/perl "-MExtUtils::Command::MM" "-e" "test_harness(0, 'blib/lib', 'blib/arch')" t/*.t
t/0-creation.t .. ok
can't listen on port '31802': Address already in use at /tmp/loop_over_bdir-20939-ESIsH4/Alvis-Pipeline-0.11-fUxriF/blib/lib/Alvis/Pipeline/Read.pm line 102.
t/1-read.t ...... ok
can't listen on port '31802': Address already in use at /tmp/loop_over_bdir-20939-ESIsH4/Alvis-Pipeline-0.11-fUxriF/blib/lib/Alvis/Pipeline/Read.pm line 102.
Wide character in print at /home/src/perl/repoperls/installed-perls/perl/v5.19.0/9980/lib/5.19.0/Test/Builder.pm line 1759.
# Failed test 'read document 1 of 6 (18 bytes, 16 chars) 'Goodbye â» world!''
# at t/2-unicode.t line 50.
Wide character in print at /home/src/perl/repoperls/installed-perls/perl/v5.19.0/9980/lib/5.19.0/Test/Builder.pm line 1759.
# Failed test 'read document 2 of 6 (22 bytes, 14 chars) 'Happy âºâÂȉºâ» sad''
# at t/2-unicode.t line 50.
# Failed test 'read document 3 of 6 (24 bytes, 24 chars) 'simple US-ASCII document''
# at t/2-unicode.t line 50.
# Failed test 'read document 4 of 6 (35 bytes, 33 chars) 'This one contains ã a pound sign''
# at t/2-unicode.t line 50.
# Failed test 'read document 5 of 6 (25 bytes, 23 chars) 'Danish character Søren''
# at t/2-unicode.t line 50.
Wide character in print at /home/src/perl/repoperls/installed-perls/perl/v5.19.0/9980/lib/5.19.0/Test/Builder.pm line 1759.
# Failed test 'read document 6 of 6 (16 bytes, 14 chars) 'Hello ⺠world!''
# at t/2-unicode.t line 50.
# Failed test 'document 7 not available'
# at t/2-unicode.t line 55.
# Looks like you failed 7 tests of 9.
t/2-unicode.t ...
Dubious, test returned 7 (wstat 1792, 0x700)
Failed 7/9 subtests
Test Summary Report
-------------------
t/2-unicode.t (Wstat: 1792 Tests: 9 Failed: 7)
Failed tests: 3-9
Non-zero exit status: 7
Files=3, Tests=30, 78 wallclock secs ( 0.04 usr 0.01 sys + 0.17 cusr 0.04 csys = 0.26 CPU)
Result: FAIL
Failed 1/3 test programs. 7/30 subtests failed.
make: *** [test_dynamic] Error 7
------------------------------
PREREQUISITES
------------------------------
Prerequisite modules loaded:
build_requires:
Module Need Have
------------------- ---- -------
ExtUtils::MakeMaker 0 6.69_01
------------------------------
ENVIRONMENT AND OTHER CONTEXT
------------------------------
Environment variables:
AUTOMATED_TESTING = 1
LANG = en_US.UTF-8
LANGUAGE = en_US:en
PATH = /usr/lib/ccache:/home/sand/bin:/usr/local/bin:/usr/bin:/bin:/usr/bin/X11:/usr/games:/usr/local/perl/bin:/usr/X11/bin:/sbin:/usr/sbin
PERL5LIB =
PERL5OPT =
PERL5_CPANPLUS_IS_RUNNING = 20940
PERL5_CPAN_IS_RUNNING = 20940
PERL_MM_USE_DEFAULT = 1
SHELL = /usr/bin/zsh
TERM = screen
Perl special variables (and OS-specific diagnostics, for MSWin32):
$^X = /home/sand/src/perl/repoperls/installed-perls/perl/v5.19.0/9980/bin/perl
$UID/$EUID = 1005 / 1005
$GID = 1005 1005
$EGID = 1005 1005
Perl module toolchain versions installed:
Module Have
------------------- --------
CPAN 2.00
CPAN::Meta 2.131560
Cwd 3.40
ExtUtils::CBuilder 0.280210
ExtUtils::Command 1.17
ExtUtils::Install 1.59
ExtUtils::MakeMaker 6.69_01
ExtUtils::Manifest 1.63
ExtUtils::ParseXS 3.18_04
File::Spec 3.40
JSON 2.59
JSON::PP 2.27202
Module::Build 0.4005
Module::Signature 0.73
Parse::CPAN::Meta 1.4404
Test::Harness 3.28
Test::More 0.98
YAML 0.84
YAML::Syck 1.27
version 0.9902
--
Summary of my perl5 (revision 5 version 19 subversion 0) configuration:
Commit id: e285f503300a228c3a182c003fae51c7e73c16c3
Platform:
osname=linux, osvers=3.8-2-amd64, archname=x86_64-linux-thread-multi
uname='linux k83 3.8-2-amd64 #1 smp debian 3.8.13-1 x86_64 gnulinux '
config_args='-Dprefix=/home/src/perl/repoperls/installed-perls/perl/v5.19.0/9980 -Dmyhostname=k83 -Dinstallusrbinperl=n -Uversiononly -Dusedevel -des -Ui_db -Duseithreads -Uuselongdouble -DDEBUGGING=-g'
hint=recommended, useposix=true, d_sigaction=define
useithreads=define, usemultiplicity=define
useperlio=define, d_sfio=undef, uselargefiles=define, usesocks=undef
use64bitint=define, use64bitall=define, uselongdouble=undef
usemymalloc=n, bincompat5005=undef
Compiler:
cc='cc', ccflags ='-D_REENTRANT -D_GNU_SOURCE -fno-strict-aliasing -pipe -fstack-protector -I/usr/local/include -D_LARGEFILE_SOURCE -D_FILE_OFFSET_BITS=64',
optimize='-O2 -g',
cppflags='-D_REENTRANT -D_GNU_SOURCE -fno-strict-aliasing -pipe -fstack-protector -I/usr/local/include'
ccversion='', gccversion='4.7.3', gccosandvers=''
intsize=4, longsize=8, ptrsize=8, doublesize=8, byteorder=12345678
d_longlong=define, longlongsize=8, d_longdbl=define, longdblsize=16
ivtype='long', ivsize=8, nvtype='double', nvsize=8, Off_t='off_t', lseeksize=8
alignbytes=8, prototype=define
Linker and Libraries:
ld='cc', ldflags =' -fstack-protector -L/usr/local/lib'
libpth=/usr/local/lib /lib/x86_64-linux-gnu /lib/../lib /usr/lib/x86_64-linux-gnu /usr/lib/../lib /lib /usr/lib
libs=-lnsl -lgdbm -ldb -ldl -lm -lcrypt -lutil -lpthread -lc -lgdbm_compat
perllibs=-lnsl -ldl -lm -lcrypt -lutil -lpthread -lc
libc=, so=so, useshrplib=false, libperl=libperl.a
gnulibc_version='2.17'
Dynamic Linking:
dlsrc=dl_dlopen.xs, dlext=so, d_dlsymun=undef, ccdlflags='-Wl,-E'
cccdlflags='-fPIC', lddlflags='-shared -O2 -g -L/usr/local/lib -fstack-protector'
Characteristics of this binary (from libperl):
Compile-time options: HAS_TIMES MULTIPLICITY PERLIO_LAYERS
PERL_DONT_CREATE_GVSV
PERL_HASH_FUNC_ONE_AT_A_TIME_HARD
PERL_IMPLICIT_CONTEXT PERL_MALLOC_WRAP
PERL_PRESERVE_IVUV PERL_SAWAMPERSAND PERL_USE_DEVEL
USE_64_BIT_ALL USE_64_BIT_INT USE_ITHREADS
USE_LARGE_FILES USE_LOCALE USE_LOCALE_COLLATE
USE_LOCALE_CTYPE USE_LOCALE_NUMERIC USE_PERLIO
USE_PERL_ATOF USE_REENTRANT_API
Built under linux
Compiled at Jun 1 2013 06:56:21
%ENV:
PERL5LIB=""
PERL5OPT=""
PERL5_CPANPLUS_IS_RUNNING="20940"
PERL5_CPAN_IS_RUNNING="20940"
PERL_MM_USE_DEFAULT="1"
@INC:
/home/src/perl/repoperls/installed-perls/perl/v5.19.0/9980/lib/site_perl/5.19.0/x86_64-linux-thread-multi
/home/src/perl/repoperls/installed-perls/perl/v5.19.0/9980/lib/site_perl/5.19.0
/home/src/perl/repoperls/installed-perls/perl/v5.19.0/9980/lib/5.19.0/x86_64-linux-thread-multi
/home/src/perl/repoperls/installed-perls/perl/v5.19.0/9980/lib/5.19.0
.