WebService-NotifyMyAndroid v0.0.6 Perl 5 v5.18.3 RC1 x86_64-linux

Status
Fail
From
Slaven Rezić (SREZIC)
Dist
WebService-NotifyMyAndroid v0.0.6
Platform
Perl 5 v5.18.3 RC1 x86_64-linux
Date
2014-09-19 05:51:32
ID
01e1ebd6-3fc1-11e4-a04e-9401e0bfc7aa
This distribution has been tested as part of the CPAN Testers
project, supporting the Perl programming language.  See
http://wiki.cpantesters.org/ for more information or email
questions to cpan-testers-discuss@perl.org


--
Dear Chisel,

This is a computer-generated report for WebService-NotifyMyAndroid-0.0.6
on perl 5.18.3, created by CPAN-Reporter-1.2011.

Thank you for uploading your work to CPAN.  However, there was a problem
testing your distribution.

If you think this report is invalid, please consult the CPAN Testers Wiki
for suggestions on how to avoid getting FAIL reports for missing library
or binary dependencies, unsupported operating systems, and so on:

http://wiki.cpantesters.org/wiki/CPANAuthorNotes

Sections of this report:

    * Tester comments
    * Program output
    * Prerequisites
    * Environment and other context

------------------------------
TESTER COMMENTS
------------------------------

Additional comments from tester:

none provided

------------------------------
PROGRAM OUTPUT
------------------------------

Output from '/usr/bin/make test':

PERL_DL_NONLAZY=1 /bbbike/perl-5.18.3-RC1/bin/perl "-MExtUtils::Command::MM" "-MTest::Harness" "-e" "undef *Test::Harness::Switches; test_harness(0, 'blib/lib', 'blib/arch')" t/*.t
t/00-load.t ............... ok
# Testing WebService::NotifyMyAndroid 0.0.6
t/00.load.t ............... ok
t/01.verify.t ............. ok
t/02.notify.t ............. ok

#   Failed test 'Test::Perl::Critic for "blib/lib/WebService/NotifyMyAndroid.pm"'
#   at /opt/perl-5.18.3-RC1/lib/site_perl/5.18.3/Test/Perl/Critic.pm line 110.
# 
# Perl::Critic found these violations in "blib/lib/WebService/NotifyMyAndroid.pm":
# Variable, subroutine, and package names have to be in CamelCase at line 27, column 13.  (no explanation).  (Severity: 5)
# Variable, subroutine, and package names have to be in CamelCase at line 49, column 24.  (no explanation).  (Severity: 5)
# Variable, subroutine, and package names have to be in CamelCase at line 55, column 4.  (no explanation).  (Severity: 5)
# Variable, subroutine, and package names have to be in CamelCase at line 71, column 1.  (no explanation).  (Severity: 5)
# Variable, subroutine, and package names have to be in CamelCase at line 72, column 9.  (no explanation).  (Severity: 5)
# Variable, subroutine, and package names have to be in CamelCase at line 72, column 16.  (no explanation).  (Severity: 5)
# Variable, subroutine, and package names have to be in CamelCase at line 73, column 8.  (no explanation).  (Severity: 5)
# Variable, subroutine, and package names have to be in CamelCase at line 73, column 28.  (no explanation).  (Severity: 5)
# Variable, subroutine, and package names have to be in CamelCase at line 73, column 36.  (no explanation).  (Severity: 5)
# Variable, subroutine, and package names have to be in CamelCase at line 74, column 12.  (no explanation).  (Severity: 5)
# Variable, subroutine, and package names have to be in CamelCase at line 74, column 35.  (no explanation).  (Severity: 5)
# Method invocation should use "()" at line 74, column 44.  Use "->MethodName()" instead of "->MethodName".  (Severity: 5)
# Variable, subroutine, and package names have to be in CamelCase at line 77, column 4.  (no explanation).  (Severity: 5)
# Use of bitwise operator at line 79, column 24.  Use of bitwise operator "|".  (Severity: 5)
# Variable, subroutine, and package names have to be in CamelCase at line 111, column 1.  (no explanation).  (Severity: 5)
# Variable, subroutine, and package names have to be in CamelCase at line 112, column 9.  (no explanation).  (Severity: 5)
# Variable, subroutine, and package names have to be in CamelCase at line 112, column 16.  (no explanation).  (Severity: 5)
# Variable, subroutine, and package names have to be in CamelCase at line 113, column 8.  (no explanation).  (Severity: 5)
# Variable, subroutine, and package names have to be in CamelCase at line 113, column 28.  (no explanation).  (Severity: 5)
# Variable, subroutine, and package names have to be in CamelCase at line 113, column 36.  (no explanation).  (Severity: 5)
# Variable, subroutine, and package names have to be in CamelCase at line 114, column 12.  (no explanation).  (Severity: 5)
# Variable, subroutine, and package names have to be in CamelCase at line 114, column 36.  (no explanation).  (Severity: 5)
# Method invocation should use "()" at line 114, column 45.  Use "->MethodName()" instead of "->MethodName".  (Severity: 5)
# Variable, subroutine, and package names have to be in CamelCase at line 119, column 1.  (no explanation).  (Severity: 5)
# Variable, subroutine, and package names have to be in CamelCase at line 120, column 9.  (no explanation).  (Severity: 5)
# Variable, subroutine, and package names have to be in CamelCase at line 120, column 21.  (no explanation).  (Severity: 5)
# Variable, subroutine, and package names have to be in CamelCase at line 122, column 15.  (no explanation).  (Severity: 5)
# Variable, subroutine, and package names have to be in CamelCase at line 123, column 20.  (no explanation).  (Severity: 5)
# Variable, subroutine, and package names have to be in CamelCase at line 123, column 29.  (no explanation).  (Severity: 5)
# Variable, subroutine, and package names have to be in CamelCase at line 124, column 29.  (no explanation).  (Severity: 5)
# Use of low precedence operators is not allowed at line 124, column 36.  Replace low precedence operators with the high precedence substitutes.  (Severity: 5)
# Variable, subroutine, and package names have to be in CamelCase at line 128, column 9.  (no explanation).  (Severity: 5)
# Use of low precedence operators is not allowed at line 128, column 41.  Replace low precedence operators with the high precedence substitutes.  (Severity: 5)
# Variable, subroutine, and package names have to be in CamelCase at line 130, column 13.  (no explanation).  (Severity: 5)
# Looks like you failed 1 test of 1.
t/perlcritic.t ............ 
Dubious, test returned 1 (wstat 256, 0x100)
Failed 1/1 subtests 
t/pod-coverage.t .......... ok
t/pod.t ................... ok
t/release-no-tabs.t ....... skipped: these tests are for release candidate testing
t/release-pod-coverage.t .. skipped: these tests are for release candidate testing
t/release-pod-syntax.t .... skipped: these tests are for release candidate testing

Test Summary Report
-------------------
t/perlcritic.t          (Wstat: 256 Tests: 1 Failed: 1)
  Failed test:  1
  Non-zero exit status: 1
Files=10, Tests=9,  4 wallclock secs ( 0.02 usr  0.06 sys +  1.95 cusr  0.31 csys =  2.34 CPU)
Result: FAIL
Failed 1/10 test programs. 1/9 subtests failed.
make: *** [test_dynamic] Fehler 255

------------------------------
PREREQUISITES
------------------------------

Prerequisite modules loaded:

requires:

    Module               Need Have      
    -------------------- ---- ----------
    base                 0    2.18      
    Carp                 0    1.29      
    Data::Printer        0    0.35      
    FindBin::libs        0    2.10      
    LWP::Protocol::https 0    6.06      
    Params::Validate     0    1.13      
    Readonly             0    2.00      
    Regexp::Common       0    2013031301
    strictures           1    1.005005  
    WebService::Simple   0    0.21      

build_requires:

    Module               Need Have      
    -------------------- ---- ----------
    Data::Dumper         0    2.154     
    strict               0    1.07      
    Test::More           0    1.001006  
    Test::UseAllModules  0    0.15      
    warnings             0    1.18      

configure_requires:

    Module               Need Have      
    -------------------- ---- ----------
    ExtUtils::MakeMaker  6.30 6.98      


------------------------------
ENVIRONMENT AND OTHER CONTEXT
------------------------------

Environment variables:

    DBIC_NO_WARN_BAD_PERL = 1
    LANG = C
    LC_ALL = de_DE.UTF-8
    PATH = /usr/local/bin:/usr/bin:/bin:/usr/local/sbin:/usr/sbin:/sbin:/home/eserte/bin/linux-gnu:/home/eserte/bin/sh:/home/eserte/bin:/usr/games:/home/eserte/devel:/home/eserte/src/srezic-misc/scripts
    PERL5LIB = 
    PERL5OPT = 
    PERL5_CPANPLUS_IS_RUNNING = 14782
    PERL5_CPAN_IS_RUNNING = 14782
    PERL5_CPAN_IS_RUNNING_IN_RECURSION = 20185,14782
    PERLDOC = -MPod::Perldoc::ToTextOverstrike
    PERL_BATCH = yes
    PERL_CPAN_REPORTER_CONFIG = /var/tmp/cpansmoker-1001/J4AVtrFCm2_config.ini
    PERL_EXTUTILS_AUTOINSTALL = --defaultdeps
    PERL_HTML_DISPLAY_CLASS = HTML::Display::Mozilla
    PERL_PARALLEL_SMOKER = yes
    SHELL = /bin/zsh
    TERM = screen
    TMPDIR = /var/tmp/cpansmoker-1001

Perl special variables (and OS-specific diagnostics, for MSWin32):

    $^X = /bbbike/perl-5.18.3-RC1/bin/perl
    $UID/$EUID = 1001 / 1001
    $GID = 1001 109 1001
    $EGID = 1001 109 1001

Perl module toolchain versions installed:

    Module              Have    
    ------------------- --------
    CPAN                2.00    
    CPAN::Meta          2.142060
    Cwd                 3.47    
    ExtUtils::CBuilder  0.280219
    ExtUtils::Command   1.17    
    ExtUtils::Install   2.04    
    ExtUtils::MakeMaker 6.98    
    ExtUtils::Manifest  1.68    
    ExtUtils::ParseXS   3.24    
    File::Spec          3.47    
    JSON                2.90    
    JSON::PP            2.27203 
    Module::Build       0.4210  
    Module::Signature   0.73    
    Parse::CPAN::Meta   1.4414  
    Test::Harness       3.33    
    Test::More          1.001006
    YAML                1.11    
    YAML::Syck          1.27    
    version             0.9909  


--

Summary of my perl5 (revision 5 version 18 subversion 3) configuration:
   
  Platform:
    osname=linux, osvers=3.2.0-4-amd64, archname=x86_64-linux
    uname='linux eserte 3.2.0-4-amd64 #1 smp debian 3.2.60-1+deb7u3 x86_64 gnulinux '
    config_args='-ds -e -Dprefix=/opt/perl-5.18.3-RC1'
    hint=recommended, useposix=true, d_sigaction=define
    useithreads=undef, usemultiplicity=undef
    useperlio=define, d_sfio=undef, uselargefiles=define, usesocks=undef
    use64bitint=define, use64bitall=define, uselongdouble=undef
    usemymalloc=n, bincompat5005=undef
  Compiler:
    cc='cc', ccflags ='-fno-strict-aliasing -pipe -fstack-protector -I/usr/local/include -D_LARGEFILE_SOURCE -D_FILE_OFFSET_BITS=64',
    optimize='-O2',
    cppflags='-fno-strict-aliasing -pipe -fstack-protector -I/usr/local/include'
    ccversion='', gccversion='4.7.2', gccosandvers=''
    intsize=4, longsize=8, ptrsize=8, doublesize=8, byteorder=12345678
    d_longlong=define, longlongsize=8, d_longdbl=define, longdblsize=16
    ivtype='long', ivsize=8, nvtype='double', nvsize=8, Off_t='off_t', lseeksize=8
    alignbytes=8, prototype=define
  Linker and Libraries:
    ld='cc', ldflags =' -fstack-protector -L/usr/local/lib'
    libpth=/usr/local/lib /lib/x86_64-linux-gnu /lib/../lib /usr/lib/x86_64-linux-gnu /usr/lib/../lib /lib /usr/lib
    libs=-lnsl -ldb -ldl -lm -lcrypt -lutil -lc
    perllibs=-lnsl -ldl -lm -lcrypt -lutil -lc
    libc=, so=so, useshrplib=false, libperl=libperl.a
    gnulibc_version='2.13'
  Dynamic Linking:
    dlsrc=dl_dlopen.xs, dlext=so, d_dlsymun=undef, ccdlflags='-Wl,-E'
    cccdlflags='-fPIC', lddlflags='-shared -O2 -L/usr/local/lib -fstack-protector'


Characteristics of this binary (from libperl): 
  Compile-time options: HAS_TIMES PERLIO_LAYERS PERL_DONT_CREATE_GVSV
                        PERL_HASH_FUNC_ONE_AT_A_TIME_HARD PERL_MALLOC_WRAP
                        PERL_PRESERVE_IVUV PERL_SAWAMPERSAND USE_64_BIT_ALL
                        USE_64_BIT_INT USE_LARGE_FILES USE_LOCALE
                        USE_LOCALE_COLLATE USE_LOCALE_CTYPE
                        USE_LOCALE_NUMERIC USE_PERLIO USE_PERL_ATOF
  Locally applied patches:
	RC1
  Built under linux
  Compiled at Sep 17 2014 20:38:44
  %ENV:
    PERL5LIB=""
    PERL5OPT=""
    PERL5_CPANPLUS_IS_RUNNING="14782"
    PERL5_CPAN_IS_RUNNING="14782"
    PERL5_CPAN_IS_RUNNING_IN_RECURSION="20185,14782"
    PERLDOC="-MPod::Perldoc::ToTextOverstrike"
    PERL_BATCH="yes"
    PERL_CPAN_REPORTER_CONFIG="/var/tmp/cpansmoker-1001/J4AVtrFCm2_config.ini"
    PERL_EXTUTILS_AUTOINSTALL="--defaultdeps"
    PERL_HTML_DISPLAY_CLASS="HTML::Display::Mozilla"
    PERL_PARALLEL_SMOKER="yes"
  @INC:
    /opt/perl-5.18.3-RC1/lib/site_perl/5.18.3/x86_64-linux
    /opt/perl-5.18.3-RC1/lib/site_perl/5.18.3
    /opt/perl-5.18.3-RC1/lib/5.18.3/x86_64-linux
    /opt/perl-5.18.3-RC1/lib/5.18.3
    .