Crypt-PKCS11 v1.03 Perl 5 v5.22.0 amd64-freebsd

Status
Fail
From
Slaven Rezić (SREZIC)
Dist
Crypt-PKCS11 v1.03
Platform
Perl 5 v5.22.0 amd64-freebsd
Date
2017-07-29 12:46:58
ID
02402944-745c-11e7-9be4-9544c9c862c4
This distribution has been tested as part of the CPAN Testers
project, supporting the Perl programming language.  See
http://wiki.cpantesters.org/ for more information or email
questions to cpan-testers-discuss@perl.org


--
Dear Jerry Lundstrom,

This is a computer-generated report for Crypt-PKCS11-1.03
on perl 5.22.0, created by CPAN-Reporter-1.2017.

Thank you for uploading your work to CPAN.  However, there was a problem
testing your distribution.

If you think this report is invalid, please consult the CPAN Testers Wiki
for suggestions on how to avoid getting FAIL reports for missing library
or binary dependencies, unsupported operating systems, and so on:

http://wiki.cpantesters.org/wiki/CPANAuthorNotes

Sections of this report:

    * Tester comments
    * Program output
    * Prerequisites
    * Environment and other context

------------------------------
TESTER COMMENTS
------------------------------

Additional comments from tester:

none provided

------------------------------
PROGRAM OUTPUT
------------------------------

Output from '/usr/bin/make test':

"/usr/perl5.22.0p/bin/perl5.22.0" -MExtUtils::Command::MM -e 'cp_nonempty' -- PKCS11.bs blib/arch/auto/Crypt/PKCS11/PKCS11.bs 644
PERL_DL_NONLAZY=1 "/usr/perl5.22.0p/bin/perl5.22.0" "-MExtUtils::Command::MM" "-MTest::Harness" "-e" "undef *Test::Harness::Switches; test_harness(0, 'blib/lib', 'blib/arch')" t/*.t
# Testing Crypt::PKCS11 1.03, Perl 5.022000, /usr/perl5.22.0p/bin/perl5.22.0
t/00-load.t ....... ok
t/boilerplate.t ... ok
t/cover.t ......... ok
t/manifest.t ...... skipped: Author tests not required for installation

#   Failed test ''t/oo.t@219: /usr/local/lib/softhsm/libsofthsm2.so GetSlotInfo' isa 'HASH''
#   at t/oo.t line 25.
#     't/oo.t@219: /usr/local/lib/softhsm/libsofthsm2.so GetSlotInfo' isn't defined

#   Failed test ''t/oo.t@222: /usr/local/lib/softhsm/libsofthsm2.so GetTokenInfo' isa 'HASH''
#   at t/oo.t line 25.
#     't/oo.t@222: /usr/local/lib/softhsm/libsofthsm2.so GetTokenInfo' isn't defined

#   Failed test ''t/oo.t@225: /usr/local/lib/softhsm/libsofthsm2.so GetMechanismList' isa 'ARRAY''
#   at t/oo.t line 25.
#     't/oo.t@225: /usr/local/lib/softhsm/libsofthsm2.so GetMechanismList' isn't defined
$mechanismType must be defined at /home/cpansand/.cpan/build/2017072906/Crypt-PKCS11-1.03-4/blib/lib/Crypt/PKCS11.pm line 1747.
	Crypt::PKCS11::GetMechanismInfo(Crypt::PKCS11=HASH(0x42f5e348), 0, undef) called at t/oo.t line 228
	main::mytests() called at t/oo.t line 255
# Tests were run but no plan was declared and done_testing() was not seen.
# Looks like your test exited with 22 just after 57.
t/oo.t ............ 
Dubious, test returned 22 (wstat 5632, 0x1600)
Failed 3/57 subtests 
CKR_SLOT_ID_INVALID: Slot 0 does not exist.
Died at t/pkcs11.t line 977.
# Tests were run but no plan was declared and done_testing() was not seen.
# Looks like your test exited with 2 just after 1.
t/pkcs11.t ........ 
Dubious, test returned 2 (wstat 512, 0x200)
All 1 subtests passed 
t/pod-coverage.t .. ok
t/pod.t ........... ok
t/rv2str.t ........ ok
t/svuok.t ......... ok

Test Summary Report
-------------------
t/boilerplate.t (Wstat: 0 Tests: 3 Failed: 0)
  TODO passed:   1-3
t/oo.t          (Wstat: 5632 Tests: 57 Failed: 3)
  Failed tests:  52, 54, 56
  Non-zero exit status: 22
  Parse errors: No plan found in TAP output
t/pkcs11.t      (Wstat: 512 Tests: 1 Failed: 0)
  Non-zero exit status: 2
  Parse errors: No plan found in TAP output
Files=10, Tests=2081,  2 wallclock secs ( 0.08 usr  0.15 sys +  0.60 cusr  1.02 csys =  1.84 CPU)
Result: FAIL
Failed 2/10 test programs. 3/2081 subtests failed.
*** Error code 255

Stop.
make: stopped in /home/cpansand/.cpan/build/2017072906/Crypt-PKCS11-1.03-4

------------------------------
PREREQUISITES
------------------------------

Prerequisite modules loaded:

requires:

    Module              Need Have
    ------------------- ---- ----
    common::sense       3.00 3.74

build_requires:

    Module              Need Have
    ------------------- ---- ----
    common::sense       3.00 3.74

configure_requires:

    Module              Need Have
    ------------------- ---- ----
    ExtUtils::MakeMaker 0    7.24


------------------------------
ENVIRONMENT AND OTHER CONTEXT
------------------------------

Environment variables:

    LC_ALL = de_DE.ISO8859-1
    PATH = /usr/local/bin:/usr/bin:/bin:/usr/local/sbin:/usr/sbin:/sbin:/home/cpansand/bin/freebsd10.3:/home/cpansand/bin/sh:/home/cpansand/bin:/usr/games:/home/cpansand/devel:/home/eserte/src/srezic-misc/scripts
    PERL5LIB = 
    PERL5OPT = 
    PERL5_CPANPLUS_IS_RUNNING = 90685
    PERL5_CPAN_IS_RUNNING = 90685
    PERL5_CPAN_IS_RUNNING_IN_RECURSION = 89355,90685
    PERLDOC = -MPod::Perldoc::ToTextOverstrike
    PERL_BATCH = yes
    PERL_CANARY_STABILITY_NOPROMPT = 1
    PERL_CPAN_REPORTER_CONFIG = /var/tmp/cpansmoker-1023/2017072906/cpanreporter_000_config.ini
    PERL_EXTUTILS_AUTOINSTALL = --defaultdeps
    SHELL = /usr/local/bin/zsh
    TERM = screen
    TMPDIR = /var/tmp/cpansmoker-1023/2017072906

Perl special variables (and OS-specific diagnostics, for MSWin32):

    $^X = /usr/perl5.22.0p/bin/perl5.22.0
    $UID/$EUID = 1023 / 1023
    $GID = 1023 1023
    $EGID = 1023 1023

Perl module toolchain versions installed:

    Module              Have    
    ------------------- --------
    CPAN                2.16    
    CPAN::Meta          2.150010
    Cwd                 3.62    
    ExtUtils::CBuilder  0.280226
    ExtUtils::Command   7.24    
    ExtUtils::Install   2.12    
    ExtUtils::MakeMaker 7.24    
    ExtUtils::Manifest  1.70    
    ExtUtils::ParseXS   3.28    
    File::Spec          3.62    
    JSON                2.94    
    JSON::PP            2.27400 
    Module::Build       0.4222  
    Module::Signature   0.79    
    Parse::CPAN::Meta   2.150010
    Test::Harness       3.38    
    Test::More          1.302086
    YAML                1.23    
    YAML::Syck          1.29    
    version             0.9917  


--

Summary of my perl5 (revision 5 version 22 subversion 0) configuration:
   
  Platform:
    osname=freebsd, osvers=10.1-release, archname=amd64-freebsd
    uname='freebsd cvrsnica-freebsd-101.herceg.de 10.1-release freebsd 10.1-release #0 r274401: tue nov 11 21:02:49 utc 2014 root@releng1.nyi.freebsd.org:usrobjusrsrcsysgeneric amd64 '
    config_args='-ds -e -Dprefix=/usr/perl5.22.0p -Dcf_email=srezic@cpan.org'
    hint=recommended, useposix=true, d_sigaction=define
    useithreads=undef, usemultiplicity=undef
    use64bitint=define, use64bitall=define, uselongdouble=undef
    usemymalloc=n, bincompat5005=undef
  Compiler:
    cc='cc', ccflags ='-DHAS_FPSETMASK -DHAS_FLOATINGPOINT_H -fno-strict-aliasing -pipe -fstack-protector -I/usr/local/include -D_FORTIFY_SOURCE=2',
    optimize='-O',
    cppflags='-DHAS_FPSETMASK -DHAS_FLOATINGPOINT_H -fno-strict-aliasing -pipe -fstack-protector -I/usr/local/include'
    ccversion='', gccversion='4.2.1 Compatible FreeBSD Clang 3.4.1 (tags/RELEASE_34/dot1-final 208032)', gccosandvers=''
    intsize=4, longsize=8, ptrsize=8, doublesize=8, byteorder=12345678, doublekind=3
    d_longlong=define, longlongsize=8, d_longdbl=define, longdblsize=16, longdblkind=3
    ivtype='long', ivsize=8, nvtype='double', nvsize=8, Off_t='off_t', lseeksize=8
    alignbytes=8, prototype=define
  Linker and Libraries:
    ld='cc', ldflags ='-pthread -Wl,-E  -fstack-protector -L/usr/local/lib'
    libpth=/usr/lib /usr/local/lib /usr/include/clang/3.4.1 /usr/lib
    libs=-lpthread -lgdbm -lm -lcrypt -lutil -lc
    perllibs=-lpthread -lm -lcrypt -lutil -lc
    libc=, so=so, useshrplib=false, libperl=libperl.a
    gnulibc_version=''
  Dynamic Linking:
    dlsrc=dl_dlopen.xs, dlext=so, d_dlsymun=undef, ccdlflags=' '
    cccdlflags='-DPIC -fPIC', lddlflags='-shared  -L/usr/local/lib -fstack-protector'


Characteristics of this binary (from libperl): 
  Compile-time options: HAS_TIMES PERLIO_LAYERS PERL_DONT_CREATE_GVSV
                        PERL_HASH_FUNC_ONE_AT_A_TIME_HARD PERL_MALLOC_WRAP
                        PERL_NEW_COPY_ON_WRITE PERL_PRESERVE_IVUV
                        USE_64_BIT_ALL USE_64_BIT_INT USE_LARGE_FILES
                        USE_LOCALE USE_LOCALE_COLLATE USE_LOCALE_CTYPE
                        USE_LOCALE_NUMERIC USE_LOCALE_TIME USE_PERLIO
                        USE_PERL_ATOF
  Built under freebsd
  Compiled at Jun  1 2015 20:19:01
  %ENV:
    PERL5LIB=""
    PERL5OPT=""
    PERL5_CPANPLUS_IS_RUNNING="90685"
    PERL5_CPAN_IS_RUNNING="90685"
    PERL5_CPAN_IS_RUNNING_IN_RECURSION="89355,90685"
    PERLDOC="-MPod::Perldoc::ToTextOverstrike"
    PERL_BATCH="yes"
    PERL_CANARY_STABILITY_NOPROMPT="1"
    PERL_CPAN_REPORTER_CONFIG="/var/tmp/cpansmoker-1023/2017072906/cpanreporter_000_config.ini"
    PERL_EXTUTILS_AUTOINSTALL="--defaultdeps"
  @INC:
    /usr/perl5.22.0p/lib/site_perl/5.22.0/amd64-freebsd
    /usr/perl5.22.0p/lib/site_perl/5.22.0
    /usr/perl5.22.0p/lib/5.22.0/amd64-freebsd
    /usr/perl5.22.0p/lib/5.22.0
    .