Test-Timer v2.03 Perl 5 v5.8.4 x86_64-linux-thread-multi
- Status
- Fail
- From
- Nigel Horne
- Dist
-
Test-Timer v2.03
- Platform
- Perl 5 v5.8.4 x86_64-linux-thread-multi
- Date
- 2017-10-08 20:41:07
- ID
- 02cf5f3e-ac69-11e7-9be1-bbe64cf6c7cd
This distribution has been tested as part of the CPAN Testers
project, supporting the Perl programming language. See
http://wiki.cpantesters.org/ for more information or email
questions to cpan-testers-discuss@perl.org
--
Dear jonasbn,
This is a computer-generated report for Test-Timer-2.03
on perl 5.8.4, created by CPAN-Reporter-1.2018.
Thank you for uploading your work to CPAN. However, there was a problem
testing your distribution.
If you think this report is invalid, please consult the CPAN Testers Wiki
for suggestions on how to avoid getting FAIL reports for missing library
or binary dependencies, unsupported operating systems, and so on:
http://wiki.cpantesters.org/wiki/CPANAuthorNotes
Sections of this report:
* Tester comments
* Program output
* Prerequisites
* Environment and other context
------------------------------
TESTER COMMENTS
------------------------------
Additional comments from tester:
this report is from an automated smoke testing program
and was not reviewed by a human for accuracy
------------------------------
PROGRAM OUTPUT
------------------------------
Output from './Build test':
t/author-critic.t ......... skipped: these tests are for testing by the author
t/author-pod-coverage.t ... skipped: these tests are for testing by the author
t/author-pod-syntax.t ..... skipped: these tests are for testing by the author
t/release-cpan-changes.t .. skipped: these tests are for release candidate testing
t/release-kwalitee.t ...... skipped: these tests are for release candidate testing
t/release-meta-json.t ..... skipped: these tests are for release candidate testing
t/00-compile.t ............ ok
t/time_atleast.t .......... ok
t/time_alert.t ............ ok
t/time_atmost.t ........... ok
t/time_between.t .......... ok
t/time_ok.t ............... ok
t/time_nok.t .............. ok
t/_benchmark.t ............ ok
# Failed test 'subtest 'time_between, long running test' of 'failing long running test of time_between' compare diag'
# at t/test-tester.t line 84.
# Got diag (98 bytes):
# 'Execution ran 9 seconds and did not execute within specified interval 1 - 5 seconds and timed out'
# Expected diag (99 bytes):
# 'Execution ran 10 seconds and did not execute within specified interval 1 - 5 seconds and timed out'
# Looks like you failed 1 test of 77.
t/test-tester.t ...........
Dubious, test returned 1 (wstat 256, 0x100)
Failed 1/77 subtests
Test Summary Report
-------------------
t/test-tester.t (Wstat: 256 Tests: 77 Failed: 1)
Failed test: 77
Non-zero exit status: 1
Files=15, Tests=95, 30 wallclock secs ( 0.05 usr 0.02 sys + 0.47 cusr 0.06 csys = 0.60 CPU)
Result: FAIL
Failed 1/15 test programs. 1/95 subtests failed.
------------------------------
PREREQUISITES
------------------------------
Prerequisite modules loaded:
requires:
Module Need Have
----------------------- ----- --------
Benchmark 0 1.06
Carp 0 1.26
English 0 1.01
Error 0 0.17020
perl 5.006 5.008004
Test::Builder 0 1.302086
Test::Builder::Module 0 1.302086
build_requires:
Module Need Have
----------------------- ----- --------
File::Spec 0 3.40
IO::Handle 0 1.28
IPC::Open3 0 1.0106
Module::Build 0.30 0.4214
Pod::Coverage::TrustPod 0 0.100003
Test::Fatal 0 0.014
Test::Kwalitee 1.21 1.23
Test::More 0 1.302086
Test::Pod 1.41 1.51
Test::Pod::Coverage 1.08 1.10
Test::Tester 0 1.302086
configure_requires:
Module Need Have
----------------------- ----- --------
ExtUtils::MakeMaker 0 7.24
Module::Build 0.30 0.4214
------------------------------
ENVIRONMENT AND OTHER CONTEXT
------------------------------
Environment variables:
AUTOMATED_TESTING = 1
HARNESS_OPTIONS = j4
LANG = en_GB.UTF-8
LANGUAGE = en_GB:en
PATH = /home/njh/perl5/perlbrew/bin:/home/njh/perl5/perlbrew/perls/perl-5.8.4/bin:/home/njh/perl5/perlbrew/bin:/usr/bin:/bin
PERL5LIB = /home/njh/.cpan/build/Pod-Coverage-TrustPod-0.100003-2/blib/arch:/home/njh/.cpan/build/Pod-Coverage-TrustPod-0.100003-2/blib/lib:/home/njh/.cpan/build/Pod-Eventual-0.094001-2/blib/arch:/home/njh/.cpan/build/Pod-Eventual-0.094001-2/blib/lib:/home/njh/.cpan/build/Mixin-Linewise-0.108-2/blib/arch:/home/njh/.cpan/build/Mixin-Linewise-0.108-2/blib/lib:/home/njh/.cpan/build/PerlIO-utf8_strict-0.007-2/blib/arch:/home/njh/.cpan/build/PerlIO-utf8_strict-0.007-2/blib/lib:/home/njh/.cpan/build/Test-TCP-2.19-4/blib/arch:/home/njh/.cpan/build/Test-TCP-2.19-4/blib/lib:/home/njh/.cpan/build/Test-SharedFork-0.35-2/blib/arch:/home/njh/.cpan/build/Test-SharedFork-0.35-2/blib/lib:/home/njh/.cpan/build/Proc-Guard-0.07-2/blib/arch:/home/njh/.cpan/build/Proc-Guard-0.07-2/blib/lib:/home/njh/.cpan/build/Class-Accessor-Lite-0.08-2/blib/arch:/home/njh/.cpan/build/Class-Accessor-Lite-0.08-2/blib/lib:/home/njh/.cpan/build/App-Brl2Brl-0.01-2/blib/arch:/home/njh/.cpan/build/App-Brl2Brl-0.01-2/blib/lib
PERL5OPT =
PERL5_CPANPLUS_IS_RUNNING = 22463
PERL5_CPAN_IS_RUNNING = 22463
PERLBREW_BASHRC_VERSION = 0.80
PERLBREW_HOME = /home/njh/.perlbrew
PERLBREW_LIB =
PERLBREW_MANPATH = /home/njh/perl5/perlbrew/perls/perl-5.8.4/man
PERLBREW_PATH = /home/njh/perl5/perlbrew/bin:/home/njh/perl5/perlbrew/perls/perl-5.8.4/bin
PERLBREW_PERL = perl-5.8.4
PERLBREW_ROOT = /home/njh/perl5/perlbrew
PERLBREW_VERSION = 0.80
PERL_LOCAL_LIB_ROOT =
SHELL = /bin/sh
Perl special variables (and OS-specific diagnostics, for MSWin32):
$^X = /home/njh/perl5/perlbrew/perls/perl-5.8.4/bin/perl
$UID/$EUID = 1000 / 1000
$GID = 1000 1000 112 108 46 44 30 29 25 24 4
$EGID = 1000 1000 112 108 46 44 30 29 25 24 4
Perl module toolchain versions installed:
Module Have
------------------- --------
CPAN 2.16
CPAN::Meta 2.150005
Cwd 3.40
ExtUtils::CBuilder 0.280216
ExtUtils::Command 7.24
ExtUtils::Install 1.54
ExtUtils::MakeMaker 7.24
ExtUtils::Manifest 1.70
ExtUtils::ParseXS 3.30
File::Spec 3.40
JSON 2.93
JSON::PP 2.27400
Module::Build 0.4214
Module::Signature 0.70
Parse::CPAN::Meta 1.4422
Test::Harness 3.36
Test::More 1.302086
YAML 0.84
YAML::Syck 1.30
version 0.9902
--
Summary of my perl5 (revision 5 version 8 subversion 4) configuration:
Platform:
osname=linux, osvers=3.2.0-4-amd64, archname=x86_64-linux-thread-multi
uname='linux nigelhorne.force9.co.uk 3.2.0-4-amd64 #1 smp debian 3.2.32-1 x86_64 gnulinux '
config_args='-de -Dprefix=/home/njh/perl5/perlbrew/perls/perl-5.8.4 -Duseithreads -Dusemultiplicity -Accflags=-O2 -W -Wformat=2 -Wswitch -Wshadow -Wwrite-strings -Wuninitialized -Wall -pipe -mtune=native -march=native -fomit-frame-pointer -mfpmath=sse -pedantic -D_FORTIFY_SOURCE=2 -Wpointer-arith -Wstrict-prototypes -fstack-protector -Wstack-protector -Wextra -Wbad-function-cast -Wcast-align -Wcast-qual -Wdisabled-optimization -Wendif-labels -Wfloat-equal -Wformat-nonliteral -Winline -Wmissing-declarations -Wmissing-prototypes -Wnested-externs -Wpointer-arith -Wundef -Wformat-security -Aeval:scriptdir=/home/njh/perl5/perlbrew/perls/perl-5.8.4/bin'
hint=recommended, useposix=true, d_sigaction=define
usethreads=define use5005threads=undef useithreads=define usemultiplicity=define
useperlio=define d_sfio=undef uselargefiles=define usesocks=undef
use64bitint=define use64bitall=define uselongdouble=undef
usemymalloc=n, bincompat5005=undef
Compiler:
cc='cc', ccflags ='-D_REENTRANT -D_GNU_SOURCE -O2 -W -Wformat=2 -Wswitch -Wshadow -Wwrite-strings -Wuninitialized -Wall -pipe -mtune=native -march=native -fomit-frame-pointer -mfpmath=sse -pedantic -D_FORTIFY_SOURCE=2 -Wpointer-arith -Wstrict-prototypes -fstack-protector -Wstack-protector -Wextra -Wbad-function-cast -Wcast-align -Wcast-qual -Wdisabled-optimization -Wendif-labels -Wfloat-equal -Wformat-nonliteral -Winline -Wmissing-declarations -Wmissing-prototypes -Wnested-externs -Wpointer-arith -Wundef -Wformat-security -fno-strict-aliasing -I/usr/local/include -D_LARGEFILE_SOURCE -D_FILE_OFFSET_BITS=64',
optimize='-O2',
cppflags='-D_REENTRANT -D_GNU_SOURCE -O2 -W -Wformat=2 -Wswitch -Wshadow -Wwrite-strings -Wuninitialized -Wall -pipe -mtune=native -march=native -fomit-frame-pointer -mfpmath=sse -pedantic -D_FORTIFY_SOURCE=2 -Wpointer-arith -Wstrict-prototypes -fstack-protector -Wstack-protector -Wextra -Wbad-function-cast -Wcast-align -Wcast-qual -Wdisabled-optimization -Wendif-labels -Wfloat-equal -Wformat-nonliteral -Winline -Wmissing-declarations -Wmissing-prototypes -Wnested-externs -Wpointer-arith -Wundef -Wformat-security -fno-strict-aliasing -I/usr/local/include'
ccversion='', gccversion='4.7.2', gccosandvers=''
intsize=4, longsize=8, ptrsize=8, doublesize=8, byteorder=12345678
d_longlong=define, longlongsize=8, d_longdbl=define, longdblsize=16
ivtype='long', ivsize=8, nvtype='double', nvsize=8, Off_t='off_t', lseeksize=8
alignbytes=8, prototype=define
Linker and Libraries:
ld='cc', ldflags =' -L/usr/local/lib'
libpth=/usr/local/lib /lib/x86_64-linux-gnu /lib/../lib /usr/lib/x86_64-linux-gnu /usr/lib/../lib /lib /usr/lib
libs=-lnsl -lgdbm -ldb -ldl -lm -lcrypt -lutil -lpthread -lc -lgdbm_compat
perllibs=-lnsl -ldl -lm -lcrypt -lutil -lpthread -lc -lgdbm_compat
libc=, so=so, useshrplib=false, libperl=libperl.a
gnulibc_version='2.13'
Dynamic Linking:
dlsrc=dl_dlopen.xs, dlext=so, d_dlsymun=undef, ccdlflags='-Wl,-E'
cccdlflags='-fpic', lddlflags='-shared -L/usr/local/lib'
Characteristics of this binary (from libperl):
Compile-time options: MULTIPLICITY USE_ITHREADS USE_64_BIT_INT USE_64_BIT_ALL USE_LARGE_FILES PERL_IMPLICIT_CONTEXT
Built under linux
Compiled at Mar 5 2013 00:53:42
%ENV:
PERL5LIB="/home/njh/.cpan/build/Pod-Coverage-TrustPod-0.100003-2/blib/arch:/home/njh/.cpan/build/Pod-Coverage-TrustPod-0.100003-2/blib/lib:/home/njh/.cpan/build/Pod-Eventual-0.094001-2/blib/arch:/home/njh/.cpan/build/Pod-Eventual-0.094001-2/blib/lib:/home/njh/.cpan/build/Mixin-Linewise-0.108-2/blib/arch:/home/njh/.cpan/build/Mixin-Linewise-0.108-2/blib/lib:/home/njh/.cpan/build/PerlIO-utf8_strict-0.007-2/blib/arch:/home/njh/.cpan/build/PerlIO-utf8_strict-0.007-2/blib/lib:/home/njh/.cpan/build/Test-TCP-2.19-4/blib/arch:/home/njh/.cpan/build/Test-TCP-2.19-4/blib/lib:/home/njh/.cpan/build/Test-SharedFork-0.35-2/blib/arch:/home/njh/.cpan/build/Test-SharedFork-0.35-2/blib/lib:/home/njh/.cpan/build/Proc-Guard-0.07-2/blib/arch:/home/njh/.cpan/build/Proc-Guard-0.07-2/blib/lib:/home/njh/.cpan/build/Class-Accessor-Lite-0.08-2/blib/arch:/home/njh/.cpan/build/Class-Accessor-Lite-0.08-2/blib/lib:/home/njh/.cpan/build/App-Brl2Brl-0.01-2/blib/arch:/home/njh/.cpan/build/App-Brl2Brl-0.01-2/blib/lib"
PERL5OPT=""
PERL5_CPANPLUS_IS_RUNNING="22463"
PERL5_CPAN_IS_RUNNING="22463"
PERLBREW_BASHRC_VERSION="0.80"
PERLBREW_HOME="/home/njh/.perlbrew"
PERLBREW_LIB=""
PERLBREW_MANPATH="/home/njh/perl5/perlbrew/perls/perl-5.8.4/man"
PERLBREW_PATH="/home/njh/perl5/perlbrew/bin:/home/njh/perl5/perlbrew/perls/perl-5.8.4/bin"
PERLBREW_PERL="perl-5.8.4"
PERLBREW_ROOT="/home/njh/perl5/perlbrew"
PERLBREW_VERSION="0.80"
PERL_LOCAL_LIB_ROOT=""
@INC:
/home/njh/.cpan/build/Pod-Coverage-TrustPod-0.100003-2/blib/arch
/home/njh/.cpan/build/Pod-Coverage-TrustPod-0.100003-2/blib/lib
/home/njh/.cpan/build/Pod-Eventual-0.094001-2/blib/arch
/home/njh/.cpan/build/Pod-Eventual-0.094001-2/blib/lib
/home/njh/.cpan/build/Mixin-Linewise-0.108-2/blib/arch
/home/njh/.cpan/build/Mixin-Linewise-0.108-2/blib/lib
/home/njh/.cpan/build/PerlIO-utf8_strict-0.007-2/blib/arch
/home/njh/.cpan/build/PerlIO-utf8_strict-0.007-2/blib/lib
/home/njh/.cpan/build/Test-TCP-2.19-4/blib/arch
/home/njh/.cpan/build/Test-TCP-2.19-4/blib/lib
/home/njh/.cpan/build/Test-SharedFork-0.35-2/blib/arch
/home/njh/.cpan/build/Test-SharedFork-0.35-2/blib/lib
/home/njh/.cpan/build/Proc-Guard-0.07-2/blib/arch
/home/njh/.cpan/build/Proc-Guard-0.07-2/blib/lib
/home/njh/.cpan/build/Class-Accessor-Lite-0.08-2/blib/arch
/home/njh/.cpan/build/Class-Accessor-Lite-0.08-2/blib/lib
/home/njh/.cpan/build/App-Brl2Brl-0.01-2/blib/arch
/home/njh/.cpan/build/App-Brl2Brl-0.01-2/blib/lib
/home/njh/perl5/perlbrew/perls/perl-5.8.4/lib/5.8.4/x86_64-linux-thread-multi
/home/njh/perl5/perlbrew/perls/perl-5.8.4/lib/5.8.4
/home/njh/perl5/perlbrew/perls/perl-5.8.4/lib/site_perl/5.8.4/x86_64-linux-thread-multi
/home/njh/perl5/perlbrew/perls/perl-5.8.4/lib/site_perl/5.8.4
/home/njh/perl5/perlbrew/perls/perl-5.8.4/lib/site_perl
.