Mojolicious-Command-generate-lexicont v0.05 Perl 5 v5.22.3 RC4 x86_64-linux

Status
Fail
From
Slaven Rezić (SREZIC)
Dist
Mojolicious-Command-generate-lexicont v0.05
Platform
Perl 5 v5.22.3 RC4 x86_64-linux
Date
2016-10-26 06:32:47
ID
02d720e6-9b46-11e6-a4f8-e00e2b04a482
This distribution has been tested as part of the CPAN Testers
project, supporting the Perl programming language.  See
http://wiki.cpantesters.org/ for more information or email
questions to cpan-testers-discuss@perl.org


--
Dear Tetsuya Tatsumi,

This is a computer-generated report for Mojolicious-Command-generate-lexicont-0.05
on perl 5.22.3, created by CPAN-Reporter-1.2018.

Thank you for uploading your work to CPAN.  However, there was a problem
testing your distribution.

If you think this report is invalid, please consult the CPAN Testers Wiki
for suggestions on how to avoid getting FAIL reports for missing library
or binary dependencies, unsupported operating systems, and so on:

http://wiki.cpantesters.org/wiki/CPANAuthorNotes

Sections of this report:

    * Tester comments
    * Program output
    * Prerequisites
    * Environment and other context

------------------------------
TESTER COMMENTS
------------------------------

Additional comments from tester:

none provided

------------------------------
PROGRAM OUTPUT
------------------------------

Output from './Build test':

t/args_0_1.t ....................... ok
t/args_2.t ......................... ok
t/args_3.t ......................... ok
t/cannot_translate.t ............... ok
t/config_file_read_error.t ......... ok

#   Failed test 'ja json key1'
#   at t/json_1.t line 30.
Wide character in print at /opt/perl-5.22.3-RC4/lib/site_perl/5.22.3/Test2/Formatter/TAP.pm line 105.
#          got: undef
#     expected: '日本語'

#   Failed test 'ja json key2'
#   at t/json_1.t line 31.
Wide character in print at /opt/perl-5.22.3-RC4/lib/site_perl/5.22.3/Test2/Formatter/TAP.pm line 105.
#          got: '日本語'
#     expected: '英語'

#   Failed test 'en json key1'
#   at t/json_1.t line 37.
#          got: undef
#     expected: 'Japanese'

#   Failed test 'en json key2'
#   at t/json_1.t line 38.
#          got: 'Japanese'
#     expected: 'English'
# Looks like you failed 4 tests of 6.
t/json_1.t ......................... 
Dubious, test returned 4 (wstat 1024, 0x400)
Failed 4/6 subtests 
t/json_2.t ......................... ok
t/json_3.t ......................... ok
t/lingua_translate_create_error.t .. ok

#   Failed test 'correct japanese'
#   at t/org.t line 30.
Wide character in print at /opt/perl-5.22.3-RC4/lib/site_perl/5.22.3/Test2/Formatter/TAP.pm line 105.
#     Structures begin differing at:
#          $got->{key3} = Does not exist
#     $expected->{key3} = '英語'
# Looks like you failed 1 test of 18.
t/org.t ............................ 
Dubious, test returned 1 (wstat 256, 0x100)
Failed 1/18 subtests 
t/src_lexicon_notfound.t ........... ok

Test Summary Report
-------------------
t/json_1.t                       (Wstat: 1024 Tests: 6 Failed: 4)
  Failed tests:  3-6
  Non-zero exit status: 4
t/org.t                          (Wstat: 256 Tests: 18 Failed: 1)
  Failed test:  4
  Non-zero exit status: 1
Files=11, Tests=62,  3 wallclock secs ( 0.03 usr  0.05 sys +  1.85 cusr  0.30 csys =  2.23 CPU)
Result: FAIL
Failed 2/11 test programs. 5/62 subtests failed.

------------------------------
PREREQUISITES
------------------------------

Prerequisite modules loaded:

requires:

    Module              Need     Have    
    ------------------- -------- --------
    Config::PL          0        0.02    
    Encode              0        2.86    
    Module::Load        0        0.32    
    Mojo::Base          0        0       
    perl                5.008005 5.022003

build_requires:

    Module              Need     Have    
    ------------------- -------- --------
    JSON                0        2.90    
    Mojolicious         0        7.08    
    Test::Exception     0        0.43    
    Test::More          0        1.302059
    Test::Warn          0        0.30    

configure_requires:

    Module              Need     Have    
    ------------------- -------- --------
    CPAN::Meta          0        2.150010
    CPAN::Meta::Prereqs 0        2.150010
    Module::Build       0.38     0.4220  


------------------------------
ENVIRONMENT AND OTHER CONTEXT
------------------------------

Environment variables:

    LANG = C
    LC_ALL = de_DE.UTF-8
    PATH = /usr/local/bin:/usr/bin:/bin:/usr/local/sbin:/usr/sbin:/sbin:/home/cpansand/bin/linux-gnu:/home/cpansand/bin/sh:/home/cpansand/bin:/usr/games:/home/cpansand/devel:/home/eserte/src/srezic-misc/scripts
    PERL5LIB = 
    PERL5OPT = 
    PERL5_CPANPLUS_IS_RUNNING = 4708
    PERL5_CPAN_IS_RUNNING = 4708
    PERL5_CPAN_IS_RUNNING_IN_RECURSION = 1301,4708
    PERLDOC = -MPod::Perldoc::ToTextOverstrike
    PERL_BATCH = yes
    PERL_CANARY_STABILITY_NOPROMPT = 1
    PERL_CPAN_REPORTER_CONFIG = /run/user/1023/cpansmoker/2016102521/cpanreporter_001_config.ini
    PERL_EXTUTILS_AUTOINSTALL = --defaultdeps
    PERL_PARALLEL_SMOKER = yes
    PERL_USE_UNSAFE_INC = 1
    SHELL = /bin/zsh
    TERM = screen
    TMPDIR = /run/user/1023/cpansmoker/2016102521

Perl special variables (and OS-specific diagnostics, for MSWin32):

    $^X = /bbbike/perl-5.22.3-RC4/bin/perl
    $UID/$EUID = 1023 / 1023
    $GID = 1023 1023
    $EGID = 1023 1023

Perl module toolchain versions installed:

    Module              Have    
    ------------------- --------
    CPAN                2.11_01 
    CPAN::Meta          2.150010
    Cwd                 3.62    
    ExtUtils::CBuilder  0.280221
    ExtUtils::Command   7.24    
    ExtUtils::Install   2.04    
    ExtUtils::MakeMaker 7.24    
    ExtUtils::Manifest  1.70    
    ExtUtils::ParseXS   3.30    
    File::Spec          3.62    
    JSON                2.90    
    JSON::PP            2.27400 
    Module::Build       0.4220  
    Module::Signature   0.81    
    Parse::CPAN::Meta   2.150010
    Test::Harness       3.35_01 
    Test::More          1.302059
    YAML                1.18    
    YAML::Syck          1.29    
    version             0.9917  


--

Summary of my perl5 (revision 5 version 22 subversion 3) configuration:
   
  Platform:
    osname=linux, osvers=3.16.0-4-amd64, archname=x86_64-linux
    uname='linux eserte 3.16.0-4-amd64 #1 smp debian 3.16.36-1+deb8u1 (2016-09-03) x86_64 gnulinux '
    config_args='-ds -e -Dprefix=/opt/perl-5.22.3-RC4 -Dcf_email=srezic@cpan.org'
    hint=recommended, useposix=true, d_sigaction=define
    useithreads=undef, usemultiplicity=undef
    use64bitint=define, use64bitall=define, uselongdouble=undef
    usemymalloc=n, bincompat5005=undef
  Compiler:
    cc='cc', ccflags ='-fwrapv -fno-strict-aliasing -pipe -fstack-protector-strong -I/usr/local/include -D_LARGEFILE_SOURCE -D_FILE_OFFSET_BITS=64 -D_FORTIFY_SOURCE=2',
    optimize='-O2',
    cppflags='-fwrapv -fno-strict-aliasing -pipe -fstack-protector-strong -I/usr/local/include'
    ccversion='', gccversion='4.9.2', gccosandvers=''
    intsize=4, longsize=8, ptrsize=8, doublesize=8, byteorder=12345678, doublekind=3
    d_longlong=define, longlongsize=8, d_longdbl=define, longdblsize=16, longdblkind=3
    ivtype='long', ivsize=8, nvtype='double', nvsize=8, Off_t='off_t', lseeksize=8
    alignbytes=8, prototype=define
  Linker and Libraries:
    ld='cc', ldflags =' -fstack-protector-strong -L/usr/local/lib'
    libpth=/usr/local/lib /usr/lib/gcc/x86_64-linux-gnu/4.9/include-fixed /usr/include/x86_64-linux-gnu /usr/lib /lib/x86_64-linux-gnu /lib/../lib /usr/lib/x86_64-linux-gnu /usr/lib/../lib /lib
    libs=-lpthread -lnsl -lgdbm -ldb -ldl -lm -lcrypt -lutil -lc -lgdbm_compat
    perllibs=-lpthread -lnsl -ldl -lm -lcrypt -lutil -lc
    libc=libc-2.19.so, so=so, useshrplib=false, libperl=libperl.a
    gnulibc_version='2.19'
  Dynamic Linking:
    dlsrc=dl_dlopen.xs, dlext=so, d_dlsymun=undef, ccdlflags='-Wl,-E'
    cccdlflags='-fPIC', lddlflags='-shared -O2 -L/usr/local/lib -fstack-protector-strong'


Characteristics of this binary (from libperl): 
  Compile-time options: HAS_TIMES PERLIO_LAYERS PERL_DONT_CREATE_GVSV
                        PERL_HASH_FUNC_ONE_AT_A_TIME_HARD PERL_MALLOC_WRAP
                        PERL_NEW_COPY_ON_WRITE PERL_PRESERVE_IVUV
                        USE_64_BIT_ALL USE_64_BIT_INT USE_LARGE_FILES
                        USE_LOCALE USE_LOCALE_COLLATE USE_LOCALE_CTYPE
                        USE_LOCALE_NUMERIC USE_LOCALE_TIME USE_PERLIO
                        USE_PERL_ATOF
  Locally applied patches:
	RC4
  Built under linux
  Compiled at Oct 13 2016 07:24:55
  %ENV:
    PERL5LIB=""
    PERL5OPT=""
    PERL5_CPANPLUS_IS_RUNNING="4708"
    PERL5_CPAN_IS_RUNNING="4708"
    PERL5_CPAN_IS_RUNNING_IN_RECURSION="1301,4708"
    PERLDOC="-MPod::Perldoc::ToTextOverstrike"
    PERL_BATCH="yes"
    PERL_CANARY_STABILITY_NOPROMPT="1"
    PERL_CPAN_REPORTER_CONFIG="/run/user/1023/cpansmoker/2016102521/cpanreporter_001_config.ini"
    PERL_EXTUTILS_AUTOINSTALL="--defaultdeps"
    PERL_PARALLEL_SMOKER="yes"
    PERL_USE_UNSAFE_INC="1"
  @INC:
    /opt/perl-5.22.3-RC4/lib/site_perl/5.22.3/x86_64-linux
    /opt/perl-5.22.3-RC4/lib/site_perl/5.22.3
    /opt/perl-5.22.3-RC4/lib/5.22.3/x86_64-linux
    /opt/perl-5.22.3-RC4/lib/5.22.3
    .