HTML-GenToc v3.20 Perl 5 v5.15.4 OpenBSD.i386-openbsd-thread-multi
- Status
- Fail
- From
- Steven Schubiger (SCHUBIGER)
- Dist
-
HTML-GenToc v3.20
- Platform
- Perl 5 v5.15.4 OpenBSD.i386-openbsd-thread-multi
- Date
- 2011-10-26 23:19:55
- ID
- 030bd132-0029-11e1-a3e2-9b3998826ac4
This distribution has been tested as part of the CPAN Testers
project, supporting the Perl programming language. See
http://wiki.cpantesters.org/ for more information or email
questions to cpan-testers-discuss@perl.org
--
Dear Kathryn Andersen,
This is a computer-generated report for HTML-GenToc-3.20
on perl 5.15.4, created by CPAN-Reporter-1.2002.
Thank you for uploading your work to CPAN. However, there was a problem
testing your distribution.
If you think this report is invalid, please consult the CPAN Testers Wiki
for suggestions on how to avoid getting FAIL reports for missing library
or binary dependencies, unsupported operating systems, and so on:
http://wiki.cpantesters.org/wiki/CPANAuthorNotes
Sections of this report:
* Tester comments
* Program output
* Prerequisites
* Environment and other context
------------------------------
TESTER COMMENTS
------------------------------
Additional comments from tester:
this report is from an automated smoke testing program
and was not reviewed by a human for accuracy
------------------------------
PROGRAM OUTPUT
------------------------------
Output from './Build test':
t/00-compile.t ............ ok
t/010_files.t ............. ok
t/020_strings.t ........... ok
t/030_anchors.t ........... ok
Unknown option: argfile
To process: tfiles/test1b.args tfiles/test1.wml
# Failed test 'hypertoc: test1b_toc.html matches tfiles/good_test1a_toc.html exactly'
# at t/070_script.t line 65.
# Looks like you failed 1 test of 8.
t/070_script.t ............
Dubious, test returned 1 (wstat 256, 0x100)
Failed 1/8 subtests
t/release-distmeta.t ...... skipped: these tests are for release candidate testing
t/release-has-version.t ... skipped: these tests are for release candidate testing
t/release-kwalitee.t ...... skipped: these tests are for release candidate testing
t/release-pod-coverage.t .. skipped: these tests are for release candidate testing
t/release-pod-syntax.t .... skipped: these tests are for release candidate testing
t/release-portability.t ... skipped: these tests are for release candidate testing
Test Summary Report
-------------------
t/070_script.t (Wstat: 256 Tests: 8 Failed: 1)
Failed test: 8
Non-zero exit status: 1
Files=11, Tests=53, 1 wallclock secs ( 0.05 usr 0.06 sys + 1.07 cusr 0.23 csys = 1.41 CPU)
Result: FAIL
Failed 1/11 test programs. 1/53 subtests failed.
------------------------------
PREREQUISITES
------------------------------
Prerequisite modules loaded:
requires:
Module Need Have
----------------- ------ -------
Data::Dumper 0 2.134
File::Basename 0 2.83
Getopt::Long 2.34 2.38
HTML::Entities 0 3.69
HTML::LinkList 0 0.1503
HTML::SimpleParse 0 0.12
Pod::Usage 0 1.36
build_requires:
Module Need Have
----------------- ------ -------
File::Find 0 1.20
File::Temp 0 0.22
Module::Build 0.3601 0.39_01
Test::More 0 0.98
configure_requires:
Module Need Have
----------------- ------ -------
Module::Build 0.3601 0.39_01
------------------------------
ENVIRONMENT AND OTHER CONTEXT
------------------------------
Environment variables:
AUTOMATED_TESTING = 1
PATH = /home/sts/bin:/bin:/sbin:/usr/bin:/usr/sbin:/usr/X11R6/bin:/usr/local/bin:/usr/local/sbin:/usr/games:.
PERL5LIB = /home/sts/cpansmoke/perl-5.15.4/cpan/build/HTML-Parser-3.69-16lnxl/blib/arch:/home/sts/cpansmoke/perl-5.15.4/cpan/build/HTML-Parser-3.69-16lnxl/blib/lib:/home/sts/cpansmoke/perl-5.15.4/cpan/build/HTML-Tagset-3.20-871Bzj/blib/arch:/home/sts/cpansmoke/perl-5.15.4/cpan/build/HTML-Tagset-3.20-871Bzj/blib/lib:/home/sts/cpansmoke/perl-5.15.4/cpan/build/HTML-SimpleParse-0.12-HWwwrF/blib/arch:/home/sts/cpansmoke/perl-5.15.4/cpan/build/HTML-SimpleParse-0.12-HWwwrF/blib/lib:/home/sts/cpansmoke/perl-5.15.4/cpan/build/HTML-LinkList-0.1503-do9vfZ/blib/arch:/home/sts/cpansmoke/perl-5.15.4/cpan/build/HTML-LinkList-0.1503-do9vfZ/blib/lib
PERL5OPT =
PERL5_CPANPLUS_IS_RUNNING = 2738
PERL5_CPAN_IS_RUNNING = 2738
PERL5_CPAN_IS_RUNNING_IN_RECURSION = 2591,2738
PERL_CR_SMOKER_CURRENT = HTML-GenToc-3.20
PERL_EXTUTILS_AUTOINSTALL = --defaultdeps
PERL_MM_USE_DEFAULT = 1
SHELL = /usr/local/bin/bash
TERM = screen
TMPDIR = /home/sts/cpansmoke/tmp
Perl special variables (and OS-specific diagnostics, for MSWin32):
$^X = /home/sts/cpansmoke/perl-5.15.4/bin/perl5.15.4
$UID/$EUID = 1000 / 1000
$GID = 10 10 0
$EGID = 10 10 0
Perl module toolchain versions installed:
Module Have
------------------- --------
CPAN 1.9800
CPAN::Meta 2.112621
Cwd 3.37
ExtUtils::CBuilder 0.280204
ExtUtils::Command 1.17
ExtUtils::Install 1.57
ExtUtils::MakeMaker 6.61_01
ExtUtils::Manifest 1.60
ExtUtils::ParseXS 3.05
File::Spec 3.34
JSON n/a
JSON::PP 2.27200
Module::Build 0.39_01
Module::Signature n/a
Parse::CPAN::Meta 1.4401
Test::Harness 3.23
Test::More 0.98
YAML n/a
YAML::Syck n/a
version 0.93
--
Summary of my perl5 (revision 5 version 15 subversion 4) configuration:
Platform:
osname=openbsd, osvers=4.9, archname=OpenBSD.i386-openbsd-thread-multi
uname='openbsd cpansmoke3 4.9 generic.mp#794 i386 '
config_args='-des -Dusedevel -Dusethreads -Dprefix=/home/sts/cpansmoke/perl-5.15.4'
hint=recommended, useposix=true, d_sigaction=define
useithreads=define, usemultiplicity=define
useperlio=define, d_sfio=undef, uselargefiles=define, usesocks=undef
use64bitint=undef, use64bitall=undef, uselongdouble=undef
usemymalloc=y, bincompat5005=undef
Compiler:
cc='cc', ccflags ='-pthread -fno-strict-aliasing -pipe -fstack-protector -I/usr/local/include',
optimize='-O2',
cppflags='-pthread -fno-strict-aliasing -pipe -fstack-protector -I/usr/local/include'
ccversion='', gccversion='4.2.1 20070719 ', gccosandvers='openbsd4.9'
intsize=4, longsize=4, ptrsize=4, doublesize=8, byteorder=1234
d_longlong=define, longlongsize=8, d_longdbl=define, longdblsize=12
ivtype='long', ivsize=4, nvtype='double', nvsize=8, Off_t='off_t', lseeksize=8
alignbytes=4, prototype=define
Linker and Libraries:
ld='cc', ldflags ='-pthread -Wl,-E -fstack-protector -L/usr/local/lib'
libpth=/usr/local/lib /usr/lib
libs=-lgdbm -lm -lutil -lc
perllibs=-lm -lutil -lc
libc=/usr/lib/libc.so.58.0, so=so, useshrplib=false, libperl=libperl.a
gnulibc_version=''
Dynamic Linking:
dlsrc=dl_dlopen.xs, dlext=so, d_dlsymun=undef, ccdlflags=' '
cccdlflags='-DPIC -fPIC ', lddlflags='-shared -fPIC -L/usr/local/lib -fstack-protector'
Characteristics of this binary (from libperl):
Compile-time options: HAS_TIMES MULTIPLICITY MYMALLOC PERLIO_LAYERS
PERL_DONT_CREATE_GVSV PERL_IMPLICIT_CONTEXT
PERL_MALLOC_WRAP PERL_PRESERVE_IVUV PERL_USE_DEVEL
USE_ITHREADS USE_LARGE_FILES USE_LOCALE
USE_LOCALE_COLLATE USE_LOCALE_CTYPE
USE_LOCALE_NUMERIC USE_PERLIO USE_PERL_ATOF
USE_REENTRANT_API
Built under openbsd
Compiled at Oct 21 2011 12:19:35
%ENV:
PERL5LIB="/home/sts/cpansmoke/perl-5.15.4/cpan/build/HTML-Parser-3.69-16lnxl/blib/arch:/home/sts/cpansmoke/perl-5.15.4/cpan/build/HTML-Parser-3.69-16lnxl/blib/lib:/home/sts/cpansmoke/perl-5.15.4/cpan/build/HTML-Tagset-3.20-871Bzj/blib/arch:/home/sts/cpansmoke/perl-5.15.4/cpan/build/HTML-Tagset-3.20-871Bzj/blib/lib:/home/sts/cpansmoke/perl-5.15.4/cpan/build/HTML-SimpleParse-0.12-HWwwrF/blib/arch:/home/sts/cpansmoke/perl-5.15.4/cpan/build/HTML-SimpleParse-0.12-HWwwrF/blib/lib:/home/sts/cpansmoke/perl-5.15.4/cpan/build/HTML-LinkList-0.1503-do9vfZ/blib/arch:/home/sts/cpansmoke/perl-5.15.4/cpan/build/HTML-LinkList-0.1503-do9vfZ/blib/lib"
PERL5OPT=""
PERL5_CPANPLUS_IS_RUNNING="2738"
PERL5_CPAN_IS_RUNNING="2738"
PERL5_CPAN_IS_RUNNING_IN_RECURSION="2591,2738"
PERL_CR_SMOKER_CURRENT="HTML-GenToc-3.20"
PERL_EXTUTILS_AUTOINSTALL="--defaultdeps"
PERL_MM_USE_DEFAULT="1"
@INC:
/home/sts/cpansmoke/perl-5.15.4/cpan/build/HTML-Parser-3.69-16lnxl/blib/arch
/home/sts/cpansmoke/perl-5.15.4/cpan/build/HTML-Parser-3.69-16lnxl/blib/lib
/home/sts/cpansmoke/perl-5.15.4/cpan/build/HTML-Tagset-3.20-871Bzj/blib/arch
/home/sts/cpansmoke/perl-5.15.4/cpan/build/HTML-Tagset-3.20-871Bzj/blib/lib
/home/sts/cpansmoke/perl-5.15.4/cpan/build/HTML-SimpleParse-0.12-HWwwrF/blib/arch
/home/sts/cpansmoke/perl-5.15.4/cpan/build/HTML-SimpleParse-0.12-HWwwrF/blib/lib
/home/sts/cpansmoke/perl-5.15.4/cpan/build/HTML-LinkList-0.1503-do9vfZ/blib/arch
/home/sts/cpansmoke/perl-5.15.4/cpan/build/HTML-LinkList-0.1503-do9vfZ/blib/lib
/home/sts/cpansmoke/perl-5.15.4/lib/site_perl/5.15.4/OpenBSD.i386-openbsd-thread-multi
/home/sts/cpansmoke/perl-5.15.4/lib/site_perl/5.15.4
/home/sts/cpansmoke/perl-5.15.4/lib/5.15.4/OpenBSD.i386-openbsd-thread-multi
/home/sts/cpansmoke/perl-5.15.4/lib/5.15.4
.