Bricklayer-Templater v0.9.8 Perl 5 v5.20.1 amd64-freebsd-ld

Status
Fail
From
Slaven Rezić (SREZIC)
Dist
Bricklayer-Templater v0.9.8
Platform
Perl 5 v5.20.1 amd64-freebsd-ld
Date
2016-01-08 21:08:48
ID
0311e18e-b64c-11e5-b615-2fb1fbd2507e
This distribution has been tested as part of the CPAN Testers
project, supporting the Perl programming language.  See
http://wiki.cpantesters.org/ for more information or email
questions to cpan-testers-discuss@perl.org


--
Dear Jeremy Wall,

This is a computer-generated report for Bricklayer-Templater-0.9.8
on perl 5.20.1, created by CPAN-Reporter-1.2011.

Thank you for uploading your work to CPAN.  However, there was a problem
testing your distribution.

If you think this report is invalid, please consult the CPAN Testers Wiki
for suggestions on how to avoid getting FAIL reports for missing library
or binary dependencies, unsupported operating systems, and so on:

http://wiki.cpantesters.org/wiki/CPANAuthorNotes

Sections of this report:

    * Tester comments
    * Program output
    * Prerequisites
    * Environment and other context

------------------------------
TESTER COMMENTS
------------------------------

Additional comments from tester:

none provided

------------------------------
PROGRAM OUTPUT
------------------------------

Output from '/usr/bin/make test':

PERL_DL_NONLAZY=1 "/usr/perl5.20.1Dp/bin/perl" "-MExtUtils::Command::MM" "-MTest::Harness" "-e" "undef *Test::Harness::Switches; test_harness(0, 'inc', 'blib/lib', 'blib/arch')" t/01bricklayer_templater_parser.t t/02bricklayer_templater.t t/03bricklayer_templater_handler.t t/bricklayer_templater_handlers.t t/pod-coverage.t t/pod.t
t/01bricklayer_templater_parser.t ... ok
creating test templtes at t/02bricklayer_templater.t line 29.
Bricklayer::Templater Requires a working directory at t/02bricklayer_templater.t line 48.
Bricklayer::Templater Requires a context at t/02bricklayer_templater.t line 49.
loading /home/cpansand/.cpan/build/2016010821/Bricklayer-Templater-0.9.8-mFJTOZ/templates/test.txml at t/02bricklayer_templater.t line 67.
loading /home/cpansand/.cpan/build/2016010821/Bricklayer-Templater-0.9.8-mFJTOZ/templates/tmpl/test.txml at t/02bricklayer_templater.t line 68.
in the row handler with  at /home/cpansand/.cpan/build/2016010821/Bricklayer-Templater-0.9.8-mFJTOZ/blib/lib/Bricklayer/Templater/Sequencer.pm line 107.
loading /home/cpansand/.cpan/build/2016010821/Bricklayer-Templater-0.9.8-mFJTOZ/templates/tmpl/test.txml at t/02bricklayer_templater.t line 81.
in the row handler with  at /home/cpansand/.cpan/build/2016010821/Bricklayer-Templater-0.9.8-mFJTOZ/blib/lib/Bricklayer/Templater/Sequencer.pm line 96.
removing test directory at t/02bricklayer_templater.t line 86.
t/02bricklayer_templater.t .......... ok
t/03bricklayer_templater_handler.t .. ok
t/bricklayer_templater_handlers.t ... ok
t/pod-coverage.t .................... ok

#   Failed test 'POD test for blib/lib/Bricklayer/Templater/Handler.pm'
#   at /usr/perl5.20.1Dp/lib/site_perl/5.20.1/Test/Pod.pm line 186.
# blib/lib/Bricklayer/Templater/Handler.pm (35): Expected text after =item, not a bullet
# Looks like you failed 1 test of 16.
t/pod.t ............................. 
Dubious, test returned 1 (wstat 256, 0x100)
Failed 1/16 subtests 

Test Summary Report
-------------------
t/pod.t                           (Wstat: 256 Tests: 16 Failed: 1)
  Failed test:  2
  Non-zero exit status: 1
Files=6, Tests=65,  3 wallclock secs ( 0.14 usr  0.07 sys +  1.32 cusr  0.20 csys =  1.73 CPU)
Result: FAIL
Failed 1/6 test programs. 1/65 subtests failed.
*** Error code 1

Stop.
make: stopped in /home/cpansand/.cpan/build/2016010821/Bricklayer-Templater-0.9.8-mFJTOZ

------------------------------
PREREQUISITES
------------------------------

Prerequisite modules loaded:

requires:

    Module              Need Have      
    ------------------- ---- ----------
    Carp                0    1.3301    
    Test::MockObject    1.08 1.20140408
    Test::More          0.7  1.001014  

build_requires:

    Module              Need Have      
    ------------------- ---- ----------
    ExtUtils::MakeMaker 0    7.04      


------------------------------
ENVIRONMENT AND OTHER CONTEXT
------------------------------

Environment variables:

    LC_ALL = de_DE.ISO8859-1
    PATH = /usr/local/bin:/usr/bin:/bin:/usr/local/sbin:/usr/sbin:/sbin:/home/cpansand/bin/freebsd10.1:/home/cpansand/bin/sh:/home/cpansand/bin:/usr/games:/home/cpansand/devel:/home/eserte/src/srezic-misc/scripts
    PERL5LIB = 
    PERL5OPT = 
    PERL5_CPANPLUS_IS_RUNNING = 5425
    PERL5_CPAN_IS_RUNNING = 5425
    PERL5_CPAN_IS_RUNNING_IN_RECURSION = 5259,5425
    PERLDOC = -MPod::Perldoc::ToTextOverstrike
    PERL_BATCH = yes
    PERL_CANARY_STABILITY_NOPROMPT = 1
    PERL_CPAN_REPORTER_CONFIG = /var/tmp/cpansmoker-1023/2016010821/cpanreporter_000_config.ini
    PERL_EXTUTILS_AUTOINSTALL = --defaultdeps
    SHELL = /usr/local/bin/zsh
    TERM = screen
    TMPDIR = /var/tmp/cpansmoker-1023/2016010821

Perl special variables (and OS-specific diagnostics, for MSWin32):

    $^X = /usr/perl5.20.1Dp/bin/perl
    $UID/$EUID = 1023 / 1023
    $GID = 1023 1023
    $EGID = 1023 1023

Perl module toolchain versions installed:

    Module              Have    
    ------------------- --------
    CPAN                2.05    
    CPAN::Meta          2.143240
    Cwd                 3.48    
    ExtUtils::CBuilder  0.280217
    ExtUtils::Command   1.18    
    ExtUtils::Install   1.67    
    ExtUtils::MakeMaker 7.04    
    ExtUtils::Manifest  1.70    
    ExtUtils::ParseXS   3.24    
    File::Spec          3.48    
    JSON                2.90    
    JSON::PP            2.27203 
    Module::Build       0.4211  
    Module::Signature   n/a     
    Parse::CPAN::Meta   1.4414  
    Test::Harness       3.30    
    Test::More          1.001014
    YAML                1.14    
    YAML::Syck          1.29    
    version             0.9909  


--

Summary of my perl5 (revision 5 version 20 subversion 1) configuration:
   
  Platform:
    osname=freebsd, osvers=10.1-release, archname=amd64-freebsd-ld
    uname='freebsd cvrsnica-freebsd-101.herceg.de 10.1-release freebsd 10.1-release #0 r274401: tue nov 11 21:02:49 utc 2014 root@releng1.nyi.freebsd.org:usrobjusrsrcsysgeneric amd64 '
    config_args='-ds -e -Dprefix=/usr/perl5.20.1Dp -Duselongdouble'
    hint=recommended, useposix=true, d_sigaction=define
    useithreads=undef, usemultiplicity=undef
    use64bitint=define, use64bitall=define, uselongdouble=define
    usemymalloc=n, bincompat5005=undef
  Compiler:
    cc='cc', ccflags ='-DHAS_FPSETMASK -DHAS_FLOATINGPOINT_H -fno-strict-aliasing -pipe -fstack-protector -I/usr/local/include',
    optimize='-O',
    cppflags='-DHAS_FPSETMASK -DHAS_FLOATINGPOINT_H -fno-strict-aliasing -pipe -fstack-protector -I/usr/local/include'
    ccversion='', gccversion='4.2.1 Compatible FreeBSD Clang 3.4.1 (tags/RELEASE_34/dot1-final 208032)', gccosandvers=''
    intsize=4, longsize=8, ptrsize=8, doublesize=8, byteorder=12345678
    d_longlong=define, longlongsize=8, d_longdbl=define, longdblsize=16
    ivtype='long', ivsize=8, nvtype='long double', nvsize=16, Off_t='off_t', lseeksize=8
    alignbytes=16, prototype=define
  Linker and Libraries:
    ld='cc', ldflags ='-pthread -Wl,-E  -fstack-protector -L/usr/local/lib'
    libpth=/usr/lib /usr/local/lib /usr/include/clang/3.4.1 /usr/lib
    libs=-lgdbm -lm -lcrypt -lutil -lc
    perllibs=-lm -lcrypt -lutil -lc
    libc=, so=so, useshrplib=false, libperl=libperl.a
    gnulibc_version=''
  Dynamic Linking:
    dlsrc=dl_dlopen.xs, dlext=so, d_dlsymun=undef, ccdlflags=' '
    cccdlflags='-DPIC -fPIC', lddlflags='-shared  -L/usr/local/lib -fstack-protector'


Characteristics of this binary (from libperl): 
  Compile-time options: HAS_TIMES PERLIO_LAYERS PERL_DONT_CREATE_GVSV
                        PERL_HASH_FUNC_ONE_AT_A_TIME_HARD PERL_MALLOC_WRAP
                        PERL_NEW_COPY_ON_WRITE PERL_PRESERVE_IVUV
                        USE_64_BIT_ALL USE_64_BIT_INT USE_LARGE_FILES
                        USE_LOCALE USE_LOCALE_COLLATE USE_LOCALE_CTYPE
                        USE_LOCALE_NUMERIC USE_LONG_DOUBLE USE_PERLIO
                        USE_PERL_ATOF
  Built under freebsd
  Compiled at Feb 13 2015 08:17:27
  %ENV:
    PERL5LIB=""
    PERL5OPT=""
    PERL5_CPANPLUS_IS_RUNNING="5425"
    PERL5_CPAN_IS_RUNNING="5425"
    PERL5_CPAN_IS_RUNNING_IN_RECURSION="5259,5425"
    PERLDOC="-MPod::Perldoc::ToTextOverstrike"
    PERL_BATCH="yes"
    PERL_CANARY_STABILITY_NOPROMPT="1"
    PERL_CPAN_REPORTER_CONFIG="/var/tmp/cpansmoker-1023/2016010821/cpanreporter_000_config.ini"
    PERL_EXTUTILS_AUTOINSTALL="--defaultdeps"
  @INC:
    /usr/perl5.20.1Dp/lib/site_perl/5.20.1/amd64-freebsd-ld
    /usr/perl5.20.1Dp/lib/site_perl/5.20.1
    /usr/perl5.20.1Dp/lib/5.20.1/amd64-freebsd-ld
    /usr/perl5.20.1Dp/lib/5.20.1
    .