ParallelUserAgent v2.57 Perl 5 v5.12.0 OpenBSD.i386-openbsd

Status
Fail
From
Nigel Horne
Dist
ParallelUserAgent v2.57
Platform
Perl 5 v5.12.0 OpenBSD.i386-openbsd
Date
2012-07-09 13:35:56
ID
03193e8c-c9cb-11e1-bd28-af52f98c8b04
This distribution has been tested as part of the CPAN Testers
project, supporting the Perl programming language.  See
http://wiki.cpantesters.org/ for more information or email
questions to cpan-testers-discuss@perl.org


--
Dear Marc Langheinrich,

This is a computer-generated report for ParallelUserAgent-2.57
on perl 5.12.0, created by CPAN-Reporter-1.2006.

Thank you for uploading your work to CPAN.  However, there was a problem
testing your distribution.

If you think this report is invalid, please consult the CPAN Testers Wiki
for suggestions on how to avoid getting FAIL reports for missing library
or binary dependencies, unsupported operating systems, and so on:

http://wiki.cpantesters.org/wiki/CPANAuthorNotes

Sections of this report:

    * Tester comments
    * Program output
    * Prerequisites
    * Environment and other context

------------------------------
TESTER COMMENTS
------------------------------

Additional comments from tester:

none provided

------------------------------
PROGRAM OUTPUT
------------------------------

Output from '/usr/bin/make test':

/home/njh/perl5/perlbrew/perls/perl-5.12.0/bin/perl t/TEST
UNIVERSAL->import is deprecated and will be removed in a future perl at ../blib/lib/LWP/Parallel/UserAgent.pm line 10.
defined(%hash) is deprecated at ../blib/lib/LWP/Parallel/UserAgent.pm line 1327, <DAEMON> line 1.
	(Maybe you should just omit the defined()?)
Can't locate object method "parse_head" via package "LWP::Parallel::Protocol::ftp" at ../blib/lib/LWP/Parallel/UserAgent.pm line 1497.
defined(%hash) is deprecated at ../blib/lib/LWP/Parallel/UserAgent.pm line 1327.
	(Maybe you should just omit the defined()?)
Missing base argument at local/compatibility.t line 57.
local/compatibility.t .. 
Dubious, test returned 2 (wstat 512, 0x200)
Failed 19/20 subtests 
UNIVERSAL->import is deprecated and will be removed in a future perl at ../blib/lib/LWP/Parallel/UserAgent.pm line 10.
defined(%hash) is deprecated at ../blib/lib/LWP/Parallel/UserAgent.pm line 1327.
	(Maybe you should just omit the defined()?)
Can't locate object method "parse_head" via package "LWP::Parallel::Protocol::file" at ../blib/lib/LWP/Parallel/UserAgent.pm line 1497.
local/file.t ........... 
Dubious, test returned 255 (wstat 65280, 0xff00)
Failed 3/4 subtests 
UNIVERSAL->import is deprecated and will be removed in a future perl at ../blib/lib/LWP/Parallel/UserAgent.pm line 10.
defined(%hash) is deprecated at ../blib/lib/LWP/Parallel/UserAgent.pm line 1327.
	(Maybe you should just omit the defined()?)
defined(%hash) is deprecated at ../blib/lib/LWP/Parallel/UserAgent.pm line 1327.
	(Maybe you should just omit the defined()?)
Oops: Answer (0) for 'http://qemu.bandsman.co.uk:2446/page0' was 
	501: Attempt to reload LWP/Parallel/Protocol/http.pm aborted.
Compilation failed in require at (eval 44) line 2, <DAEMON> line 1.

 ""
Missing base argument at local/http.t line 85.
local/http.t ........... 
Failed 8/15 subtests 
UNIVERSAL->import is deprecated and will be removed in a future perl at ../blib/lib/LWP/Parallel/UserAgent.pm line 10.
defined(%hash) is deprecated at ../blib/lib/LWP/Parallel/UserAgent.pm line 1327, <DAEMON> line 1.
	(Maybe you should just omit the defined()?)
local/timeouts.t ....... 
Failed 21/25 subtests 

Test Summary Report
-------------------
local/compatibility.t (Wstat: 512 Tests: 13 Failed: 12)
  Failed tests:  1-6, 8-11, 14-15
  Non-zero exit status: 2
  Parse errors: Tests out of sequence.  Found (14) but expected (12)
                Tests out of sequence.  Found (15) but expected (13)
                Bad plan.  You planned 20 tests but ran 13.
local/file.t         (Wstat: 65280 Tests: 1 Failed: 0)
  Non-zero exit status: 255
  Parse errors: Bad plan.  You planned 4 tests but ran 1.
local/http.t         (Wstat: 0 Tests: 15 Failed: 8)
  Failed tests:  2-3, 5, 7-9, 11, 15
local/timeouts.t     (Wstat: 0 Tests: 25 Failed: 21)
  Failed tests:  2, 4, 6-23, 25
Files=4, Tests=54, 31 wallclock secs ( 0.03 usr  0.06 sys +  0.70 cusr  0.55 csys =  1.34 CPU)
Result: FAIL
Failed 4/4 test programs. 41/54 subtests failed.
*** Error code 255

Stop in /home/njh/.cpan/build/ParallelUserAgent-2.57-ZxdYrC (line 832 of Makefile).

------------------------------
PREREQUISITES
------------------------------

Prerequisite modules loaded:

build_requires:

    Module              Need Have
    ------------------- ---- ----
    ExtUtils::MakeMaker 0    6.62


------------------------------
ENVIRONMENT AND OTHER CONTEXT
------------------------------

Environment variables:

    LANG = 
    MANPATH_WITHOUT_PERLBREW = 
    PATH = /home/njh/perl5/perlbrew/bin:/home/njh/perl5/perlbrew/perls/perl-5.12.0/bin:/home/njh/perl5/perlbrew/bin:/home/njh/bin:/bin:/sbin:/usr/bin:/usr/sbin:/usr/X11R6/bin:/usr/local/bin:/usr/local/sbin:/usr/games:.:/usr/perl5/bin
    PATH_WITHOUT_PERLBREW = /home/njh/bin:/bin:/sbin:/usr/bin:/usr/sbin:/usr/X11R6/bin:/usr/local/bin:/usr/local/sbin:/usr/games:.
    PERL5LIB = 
    PERL5OPT = 
    PERL5_CPANPLUS_IS_RUNNING = 2794
    PERL5_CPAN_IS_RUNNING = 2794
    PERLBREW_BASHRC_VERSION = 0.44
    PERLBREW_HOME = /home/njh/.perlbrew
    PERLBREW_LIB = 
    PERLBREW_MANPATH = /home/njh/perl5/perlbrew/perls/perl-5.12.0/man
    PERLBREW_PATH = /home/njh/perl5/perlbrew/bin:/home/njh/perl5/perlbrew/perls/perl-5.12.0/bin
    PERLBREW_PERL = perl-5.12.0
    PERLBREW_ROOT = /home/njh/perl5/perlbrew
    PERLBREW_VERSION = 0.44
    PERL_LOCAL_LIB_ROOT = 
    PERL_MB_OPT = 
    PERL_MM_OPT = 
    SHELL = /bin/ksh
    TERM = xterm
    TMPDIR = /tmp

Perl special variables (and OS-specific diagnostics, for MSWin32):

    $^X = /home/njh/perl5/perlbrew/perls/perl-5.12.0/bin/perl
    $UID/$EUID = 1000 / 1000
    $GID = 1000 1000 0
    $EGID = 1000 1000 0

Perl module toolchain versions installed:

    Module              Have    
    ------------------- --------
    CPAN                1.94_56 
    CPAN::Meta          2.120921
    Cwd                 3.33    
    ExtUtils::CBuilder  0.27    
    ExtUtils::Command   1.16    
    ExtUtils::Install   1.55    
    ExtUtils::MakeMaker 6.62    
    ExtUtils::Manifest  1.58    
    ExtUtils::ParseXS   2.21    
    File::Spec          3.33    
    JSON                2.53    
    JSON::PP            2.27200 
    Module::Build       0.4001  
    Module::Signature   0.68    
    Parse::CPAN::Meta   1.4404  
    Test::Harness       3.17    
    Test::More          0.98    
    YAML                0.81    
    YAML::Syck          1.20    
    version             0.99    


--

Summary of my perl5 (revision 5 version 12 subversion 0) configuration:
   
  Platform:
    osname=openbsd, osvers=5.1, archname=OpenBSD.i386-openbsd
    uname='openbsd qemu.bandsman.co.uk 5.1 generic#160 i386 '
    config_args='-de -Dprefix=/home/njh/perl5/perlbrew/perls/perl-5.12.0 -Accflags=-O2 -W -Wformat=2 -Wswitch -Wshadow -Wwrite-strings -Wuninitialized -Wall -pipe -mtune=native -march=native -fomit-frame-pointer -msse2 -msse -mmmx -mfpmath=sse -pedantic -D_FORTIFY_SOURCE=2 -Wpointer-arith -Wstrict-prototypes -fstack-protector -Wstack-protector -Wextra -Wbad-function-cast -Wcast-align -Wcast-qual -Wdisabled-optimization -Wendif-labels -Wfloat-equal -Wformat-nonliteral -Winline -Wmissing-declarations -Wmissing-prototypes -Wnested-externs -Wpointer-arith -Wundef -Wformat-security -Aeval:scriptdir=/home/njh/perl5/perlbrew/perls/perl-5.12.0/bin'
    hint=recommended, useposix=true, d_sigaction=define
    useithreads=undef, usemultiplicity=undef
    useperlio=define, d_sfio=undef, uselargefiles=define, usesocks=undef
    use64bitint=undef, use64bitall=undef, uselongdouble=undef
    usemymalloc=y, bincompat5005=undef
  Compiler:
    cc='cc', ccflags ='-O2 -W -Wformat=2 -Wswitch -Wshadow -Wwrite-strings -Wuninitialized -Wall -pipe -mtune=native -march=native -fomit-frame-pointer -msse2 -msse -mmmx -mfpmath=sse -pedantic -D_FORTIFY_SOURCE=2 -Wpointer-arith -Wstrict-prototypes -fstack-protector -Wstack-protector -Wextra -Wbad-function-cast -Wcast-align -Wcast-qual -Wdisabled-optimization -Wendif-labels -Wfloat-equal -Wformat-nonliteral -Winline -Wmissing-declarations -Wmissing-prototypes -Wnested-externs -Wpointer-arith -Wundef -Wformat-security -fno-strict-aliasing -I/usr/local/include',
    optimize='-O2',
    cppflags='-O2 -W -Wformat=2 -Wswitch -Wshadow -Wwrite-strings -Wuninitialized -Wall -pipe -mtune=native -march=native -fomit-frame-pointer -msse2 -msse -mmmx -mfpmath=sse -pedantic -D_FORTIFY_SOURCE=2 -Wpointer-arith -Wstrict-prototypes -fstack-protector -Wstack-protector -Wextra -Wbad-function-cast -Wcast-align -Wcast-qual -Wdisabled-optimization -Wendif-labels -Wfloat-equal -Wformat-nonliteral -Winline -Wmissing-declarations -Wmissing-prototypes -Wnested-externs -Wpointer-arith -Wundef -Wformat-security -fno-strict-aliasing -I/usr/local/include'
    ccversion='', gccversion='4.2.1 20070719 ', gccosandvers='openbsd5.1'
    intsize=4, longsize=4, ptrsize=4, doublesize=8, byteorder=1234
    d_longlong=define, longlongsize=8, d_longdbl=define, longdblsize=12
    ivtype='long', ivsize=4, nvtype='double', nvsize=8, Off_t='off_t', lseeksize=8
    alignbytes=4, prototype=define
  Linker and Libraries:
    ld='cc', ldflags ='-Wl,-E  -fstack-protector -L/usr/local/lib'
    libpth=/usr/local/lib /usr/lib
    libs=-lm -lutil -lc
    perllibs=-lm -lutil -lc
    libc=/usr/lib/libc.so.62.0, so=so, useshrplib=false, libperl=libperl.a
    gnulibc_version=''
  Dynamic Linking:
    dlsrc=dl_dlopen.xs, dlext=so, d_dlsymun=undef, ccdlflags=' '
    cccdlflags='-DPIC -fPIC ', lddlflags='-shared -fPIC  -L/usr/local/lib -fstack-protector'


Characteristics of this binary (from libperl): 
  Compile-time options: MYMALLOC PERL_DONT_CREATE_GVSV PERL_MALLOC_WRAP
                        USE_LARGE_FILES USE_PERLIO USE_PERL_ATOF
  Built under openbsd
  Compiled at Jul  6 2012 12:15:30
  %ENV:
    PERL5LIB=""
    PERL5OPT=""
    PERL5_CPANPLUS_IS_RUNNING="2794"
    PERL5_CPAN_IS_RUNNING="2794"
    PERLBREW_BASHRC_VERSION="0.44"
    PERLBREW_HOME="/home/njh/.perlbrew"
    PERLBREW_LIB=""
    PERLBREW_MANPATH="/home/njh/perl5/perlbrew/perls/perl-5.12.0/man"
    PERLBREW_PATH="/home/njh/perl5/perlbrew/bin:/home/njh/perl5/perlbrew/perls/perl-5.12.0/bin"
    PERLBREW_PERL="perl-5.12.0"
    PERLBREW_ROOT="/home/njh/perl5/perlbrew"
    PERLBREW_VERSION="0.44"
    PERL_LOCAL_LIB_ROOT=""
    PERL_MB_OPT=""
    PERL_MM_OPT=""
  @INC:
    /home/njh/perl5/perlbrew/perls/perl-5.12.0/lib/site_perl/5.12.0/OpenBSD.i386-openbsd
    /home/njh/perl5/perlbrew/perls/perl-5.12.0/lib/site_perl/5.12.0
    /home/njh/perl5/perlbrew/perls/perl-5.12.0/lib/5.12.0/OpenBSD.i386-openbsd
    /home/njh/perl5/perlbrew/perls/perl-5.12.0/lib/5.12.0
    .