Git-ReleaseRepo v0.006 Perl 5 v5.20.0 amd64-freebsd

Status
Fail
From
Slaven Rezić (SREZIC)
Dist
Git-ReleaseRepo v0.006
Platform
Perl 5 v5.20.0 amd64-freebsd
Date
2014-09-12 05:16:55
ID
034260b2-3a3c-11e4-a100-8081e0bfc7aa
This distribution has been tested as part of the CPAN Testers
project, supporting the Perl programming language.  See
http://wiki.cpantesters.org/ for more information or email
questions to cpan-testers-discuss@perl.org


--
Dear Doug Bell,

This is a computer-generated report for Git-ReleaseRepo-0.006
on perl 5.20.0, created by CPAN-Reporter-1.2011.

Thank you for uploading your work to CPAN.  However, there was a problem
testing your distribution.

If you think this report is invalid, please consult the CPAN Testers Wiki
for suggestions on how to avoid getting FAIL reports for missing library
or binary dependencies, unsupported operating systems, and so on:

http://wiki.cpantesters.org/wiki/CPANAuthorNotes

Sections of this report:

    * Tester comments
    * Program output
    * Prerequisites
    * Environment and other context

------------------------------
TESTER COMMENTS
------------------------------

Additional comments from tester:

none provided

------------------------------
PROGRAM OUTPUT
------------------------------

Output from './Build test':


#   Failed test 'nothing on stderr'
#   at /home/cpansand/.cpan/build/Git-ReleaseRepo-0.006-h3LfRY/blib/lib/Git/ReleaseRepo/Test.pm line 28.
# Klone nach 'other'...
# Fertig. at /home/cpansand/.cpan/build/Git-ReleaseRepo-0.006-h3LfRY/blib/lib/Git/ReleaseRepo/Command/add.pm line 50.

#   Failed test 'nothing on stderr'
#   at /home/cpansand/.cpan/build/Git-ReleaseRepo-0.006-h3LfRY/blib/lib/Git/ReleaseRepo/Test.pm line 28.
# Klone nach 'module'...
# Fertig. at /home/cpansand/.cpan/build/Git-ReleaseRepo-0.006-h3LfRY/blib/lib/Git/ReleaseRepo/Command/add.pm line 50.
Klone nach 'add-new'... at /home/cpansand/.cpan/build/Git-ReleaseRepo-0.006-h3LfRY/blib/lib/Git/ReleaseRepo/Test.pm line 127.
    
    #   Failed test 'nothing on stderr'
    #   at /home/cpansand/.cpan/build/Git-ReleaseRepo-0.006-h3LfRY/blib/lib/Git/ReleaseRepo/Test.pm line 28.
    # Klone nach 'new-mod'...
    # Fertig. at /home/cpansand/.cpan/build/Git-ReleaseRepo-0.006-h3LfRY/blib/lib/Git/ReleaseRepo/Command/add.pm line 50.
    # Looks like you failed 1 test of 7.

#   Failed test 'add a new module'
#   at t/add.t line 54.
Klone nach 'reference-mod'... at t/add.t line 61.
Klone nach 'add-reference'... at /home/cpansand/.cpan/build/Git-ReleaseRepo-0.006-h3LfRY/blib/lib/Git/ReleaseRepo/Test.pm line 127.
    
    #   Failed test 'nothing on stderr'
    #   at /home/cpansand/.cpan/build/Git-ReleaseRepo-0.006-h3LfRY/blib/lib/Git/ReleaseRepo/Test.pm line 28.
    # Klone nach 'reference-mod'...
    # Fertig. at /home/cpansand/.cpan/build/Git-ReleaseRepo-0.006-h3LfRY/blib/lib/Git/ReleaseRepo/Command/add.pm line 47.
    # Looks like you failed 1 test of 8.

#   Failed test 'add with reference'
#   at t/add.t line 71.
# Looks like you failed 4 tests of 11.
t/add.t .............. 
Dubious, test returned 4 (wstat 1024, 0x400)
Failed 4/11 subtests 

#   Failed test 'nothing on stderr'
#   at /home/cpansand/.cpan/build/Git-ReleaseRepo-0.006-h3LfRY/blib/lib/Git/ReleaseRepo/Test.pm line 28.
# Klone nach 'module'...
# Fertig. at /home/cpansand/.cpan/build/Git-ReleaseRepo-0.006-h3LfRY/blib/lib/Git/ReleaseRepo/Command/add.pm line 50.
Klone nach 'behind'... at /home/cpansand/.cpan/build/Git-ReleaseRepo-0.006-h3LfRY/blib/lib/Git/ReleaseRepo/Test.pm line 127.
# Looks like you failed 1 test of 7.
t/checkout.t ......... 
Dubious, test returned 1 (wstat 256, 0x100)
Failed 1/7 subtests 

#   Failed test 'nothing on stderr'
#   at /home/cpansand/.cpan/build/Git-ReleaseRepo-0.006-h3LfRY/blib/lib/Git/ReleaseRepo/Test.pm line 28.
# Klone nach 'module'...
# Fertig. at /home/cpansand/.cpan/build/Git-ReleaseRepo-0.006-h3LfRY/blib/lib/Git/ReleaseRepo/Command/add.pm line 50.

#   Failed test 'nothing on stderr'
#   at /home/cpansand/.cpan/build/Git-ReleaseRepo-0.006-h3LfRY/blib/lib/Git/ReleaseRepo/Test.pm line 28.
# Klone nach 'other'...
# Fertig. at /home/cpansand/.cpan/build/Git-ReleaseRepo-0.006-h3LfRY/blib/lib/Git/ReleaseRepo/Command/add.pm line 50.
    
    #   Failed test 'nothing on stderr'
    #   at /home/cpansand/.cpan/build/Git-ReleaseRepo-0.006-h3LfRY/blib/lib/Git/ReleaseRepo/Test.pm line 28.
    # Klone nach 'module_release'...
    # Fertig. at /home/cpansand/.cpan/build/Git-ReleaseRepo-0.006-h3LfRY/blib/lib/Git/ReleaseRepo/Command/add.pm line 50.
    # Looks like you failed 1 test of 22.

#   Failed test 'clone after release'
#   at t/clone.t line 167.
# Looks like you failed 3 tests of 16.
t/clone.t ............ 
Dubious, test returned 3 (wstat 768, 0x300)
Failed 3/16 subtests 

#   Failed test 'nothing on stderr'
#   at /home/cpansand/.cpan/build/Git-ReleaseRepo-0.006-h3LfRY/blib/lib/Git/ReleaseRepo/Test.pm line 28.
# Klone nach 'other'...
# Fertig. at /home/cpansand/.cpan/build/Git-ReleaseRepo-0.006-h3LfRY/blib/lib/Git/ReleaseRepo/Command/add.pm line 50.

#   Failed test 'nothing on stderr'
#   at /home/cpansand/.cpan/build/Git-ReleaseRepo-0.006-h3LfRY/blib/lib/Git/ReleaseRepo/Test.pm line 28.
# Klone nach 'module'...
# Fertig. at /home/cpansand/.cpan/build/Git-ReleaseRepo-0.006-h3LfRY/blib/lib/Git/ReleaseRepo/Command/add.pm line 50.
# Looks like you failed 2 tests of 16.
t/deploy.t ........... 
Dubious, test returned 2 (wstat 512, 0x200)
Failed 2/16 subtests 
t/init.t ............. ok
    
    #   Failed test 'nothing on stderr'
    #   at /home/cpansand/.cpan/build/Git-ReleaseRepo-0.006-h3LfRY/blib/lib/Git/ReleaseRepo/Test.pm line 28.
    # Klone nach 'pull-other'...
    # Fertig. at /home/cpansand/.cpan/build/Git-ReleaseRepo-0.006-h3LfRY/blib/lib/Git/ReleaseRepo/Command/add.pm line 50.
    
    #   Failed test 'nothing on stderr'
    #   at /home/cpansand/.cpan/build/Git-ReleaseRepo-0.006-h3LfRY/blib/lib/Git/ReleaseRepo/Test.pm line 28.
    # Klone nach 'pull-module'...
    # Fertig. at /home/cpansand/.cpan/build/Git-ReleaseRepo-0.006-h3LfRY/blib/lib/Git/ReleaseRepo/Command/add.pm line 50.
Gewechselt zu Branch 'v0.1' at t/pull.t line 41.
Gewechselt zu Branch 'master' at t/pull.t line 44.
Gewechselt zu Branch 'v0.1' at t/pull.t line 53.
Gewechselt zu Branch 'master' at t/pull.t line 56.
    # Looks like you failed 2 tests of 11.

#   Failed test 'pull'
#   at t/pull.t line 67.
# Looks like you failed 1 test of 1.
t/pull.t ............. 
Dubious, test returned 1 (wstat 256, 0x100)
Failed 1/1 subtests 

#   Failed test 'nothing on stderr'
#   at /home/cpansand/.cpan/build/Git-ReleaseRepo-0.006-h3LfRY/blib/lib/Git/ReleaseRepo/Test.pm line 28.
# Klone nach 'module'...
# Fertig. at /home/cpansand/.cpan/build/Git-ReleaseRepo-0.006-h3LfRY/blib/lib/Git/ReleaseRepo/Command/add.pm line 50.
Klone nach 'push'... at /home/cpansand/.cpan/build/Git-ReleaseRepo-0.006-h3LfRY/blib/lib/Git/ReleaseRepo/Test.pm line 127.
Gewechselt zu Branch 'safe' at t/push.t line 33.
Gewechselt zu Branch 'master' at t/push.t line 35.
Klone nach 'not-ff'... at /home/cpansand/.cpan/build/Git-ReleaseRepo-0.006-h3LfRY/blib/lib/Git/ReleaseRepo/Test.pm line 127.
Gewechselt zu Branch 'safe' at t/push.t line 68.
Gewechselt zu Branch 'master' at t/push.t line 70.
Klone nach 'not-ff-origin'... at /home/cpansand/.cpan/build/Git-ReleaseRepo-0.006-h3LfRY/blib/lib/Git/ReleaseRepo/Test.pm line 127.
Bereits auf 'master' at t/push.t line 91.
Gewechselt zu Branch 'safe' at t/push.t line 98.
Gewechselt zu Branch 'master' at t/push.t line 100.
# Looks like you failed 1 test of 9.
t/push.t ............. 
Dubious, test returned 1 (wstat 256, 0x100)
Failed 1/9 subtests 

#   Failed test 'nothing on stderr'
#   at /home/cpansand/.cpan/build/Git-ReleaseRepo-0.006-h3LfRY/blib/lib/Git/ReleaseRepo/Test.pm line 28.
# Klone nach 'module'...
# Fertig. at /home/cpansand/.cpan/build/Git-ReleaseRepo-0.006-h3LfRY/blib/lib/Git/ReleaseRepo/Command/add.pm line 50.

#   Failed test 'nothing on stderr'
#   at /home/cpansand/.cpan/build/Git-ReleaseRepo-0.006-h3LfRY/blib/lib/Git/ReleaseRepo/Test.pm line 28.
# Klone nach 'other'...
# Fertig. at /home/cpansand/.cpan/build/Git-ReleaseRepo-0.006-h3LfRY/blib/lib/Git/ReleaseRepo/Command/add.pm line 50.
Klone nach 'add-existing'... at /home/cpansand/.cpan/build/Git-ReleaseRepo-0.006-h3LfRY/blib/lib/Git/ReleaseRepo/Test.pm line 127.
Klone nach 'add-all'... at /home/cpansand/.cpan/build/Git-ReleaseRepo-0.006-h3LfRY/blib/lib/Git/ReleaseRepo/Test.pm line 127.
# Looks like you failed 2 tests of 11.
t/update.t ........... 
Dubious, test returned 2 (wstat 512, 0x200)
Failed 2/11 subtests 
# git version 2.0.2
# /home/cpansand/.cpan/build/Git-ReleaseRepo-0.006-h3LfRY/blib/lib/Git/ReleaseRepo.pm
    
    #   Failed test 'nothing on stderr'
    #   at /home/cpansand/.cpan/build/Git-ReleaseRepo-0.006-h3LfRY/blib/lib/Git/ReleaseRepo/Test.pm line 28.
    # Klone nach 'foo'... at /home/cpansand/.cpan/build/Git-ReleaseRepo-0.006-h3LfRY/blib/lib/Git/ReleaseRepo/Command/add.pm line 50.
[Test failed.  Stopping test.]# Tests were run but no plan was declared and done_testing() was not seen.
# Looks like your test exited with 255 just after 1.
t/zzz-integration.t .. 
Dubious, test returned 255 (wstat 65280, 0xff00)
All 1 subtests passed 

Test Summary Report
-------------------
t/add.t            (Wstat: 1024 Tests: 11 Failed: 4)
  Failed tests:  4, 7, 10-11
  Non-zero exit status: 4
t/checkout.t       (Wstat: 256 Tests: 7 Failed: 1)
  Failed test:  4
  Non-zero exit status: 1
t/clone.t          (Wstat: 768 Tests: 16 Failed: 3)
  Failed tests:  4, 7, 16
  Non-zero exit status: 3
t/deploy.t         (Wstat: 512 Tests: 16 Failed: 2)
  Failed tests:  4, 7
  Non-zero exit status: 2
t/pull.t           (Wstat: 256 Tests: 1 Failed: 1)
  Failed test:  1
  Non-zero exit status: 1
t/push.t           (Wstat: 256 Tests: 9 Failed: 1)
  Failed test:  4
  Non-zero exit status: 1
t/update.t         (Wstat: 512 Tests: 11 Failed: 2)
  Failed tests:  4, 7
  Non-zero exit status: 2
t/zzz-integration.t (Wstat: 65280 Tests: 1 Failed: 0)
  Non-zero exit status: 255
  Parse errors: No plan found in TAP output
Files=9, Tests=76, 94 wallclock secs ( 0.17 usr  0.08 sys + 29.05 cusr 49.52 csys = 78.81 CPU)
Result: FAIL
Failed 8/9 test programs. 14/76 subtests failed.

------------------------------
PREREQUISITES
------------------------------

Prerequisite modules loaded:

requires:

    Module                                      Need   Have   
    ------------------------------------------- ------ -------
    App::Cmd                                    0.318  0.323  
    File::HomeDir                               1.00   1.00   
    File::Path                                  0      2.09   
    File::Spec::Functions                       0      3.47   
    Git::Repository                             1.26   1.311  
    Moose                                       2.000  2.1211 
    Progress::Any                               0      0.14   
    Progress::Any::Output                       0      0.03   
    Progress::Any::Output::TermProgressBarColor 0      0.10   
    YAML                                        0.84   1.11   

build_requires:

    Module                                      Need   Have   
    ------------------------------------------- ------ -------
    File::Slurp                                 0      9999.19
    File::Spec::Functions                       0      3.47   
    File::Temp                                  0      0.2304 
    Module::Build                               0.3601 0.4210 
    Test::Compile                               0      v1.2.0 
    Test::Most                                  0      0.33   

configure_requires:

    Module                                      Need   Have   
    ------------------------------------------- ------ -------
    ExtUtils::MakeMaker                         6.30   6.98   
    Module::Build                               0.3601 0.4210 


------------------------------
ENVIRONMENT AND OTHER CONTEXT
------------------------------

Environment variables:

    DBIC_NO_WARN_BAD_PERL = 1
    LC_ALL = de_DE.ISO8859-1
    PATH = /usr/local/bin:/usr/bin:/bin:/usr/local/sbin:/usr/sbin:/sbin:/home/cpansand/bin/freebsd10.0:/home/cpansand/bin/sh:/home/cpansand/bin:/usr/games:/home/cpansand/devel:/home/eserte/src/srezic-misc/scripts
    PERL5LIB = 
    PERL5OPT = 
    PERL5_CPANPLUS_IS_RUNNING = 48095
    PERL5_CPAN_IS_RUNNING = 48095
    PERL5_CPAN_IS_RUNNING_IN_RECURSION = 22604,48095
    PERLDOC = -MPod::Perldoc::ToTextOverstrike
    PERL_BATCH = yes
    PERL_CPAN_REPORTER_CONFIG = /var/tmp/cpansmoker-1023/BCQ0tpWArY_config.ini
    PERL_EXTUTILS_AUTOINSTALL = --defaultdeps
    PERL_HTML_DISPLAY_CLASS = HTML::Display::Mozilla
    SHELL = /usr/local/bin/zsh
    TERM = screen
    TMPDIR = /var/tmp/cpansmoker-1023

Perl special variables (and OS-specific diagnostics, for MSWin32):

    $^X = /usr/perl5.20.0/bin/perl
    $UID/$EUID = 1023 / 1023
    $GID = 1023 1023
    $EGID = 1023 1023

Perl module toolchain versions installed:

    Module              Have    
    ------------------- --------
    CPAN                2.05    
    CPAN::Meta          2.142060
    Cwd                 3.47    
    ExtUtils::CBuilder  0.280219
    ExtUtils::Command   1.18    
    ExtUtils::Install   1.68    
    ExtUtils::MakeMaker 6.98    
    ExtUtils::Manifest  1.66    
    ExtUtils::ParseXS   3.24    
    File::Spec          3.47    
    JSON                2.90    
    JSON::PP            2.27203 
    Module::Build       0.4210  
    Module::Signature   0.73    
    Parse::CPAN::Meta   1.4414  
    Test::Harness       3.33    
    Test::More          1.001006
    YAML                1.11    
    YAML::Syck          1.27    
    version             0.9909  


--

Summary of my perl5 (revision 5 version 20 subversion 0) configuration:
   
  Platform:
    osname=freebsd, osvers=10.0-release-p1, archname=amd64-freebsd
    uname='freebsd cvrsnica-freebsd-10-64bit.herceg.de 10.0-release-p1 freebsd 10.0-release-p1 #0: tue apr 8 06:45:06 utc 2014 root@amd64-builder.daemonology.net:usrobjusrsrcsysgeneric amd64 '
    config_args='-ds -e -Dprefix=/usr/perl5.20.0'
    hint=recommended, useposix=true, d_sigaction=define
    useithreads=undef, usemultiplicity=undef
    use64bitint=define, use64bitall=define, uselongdouble=undef
    usemymalloc=n, bincompat5005=undef
  Compiler:
    cc='cc', ccflags ='-DHAS_FPSETMASK -DHAS_FLOATINGPOINT_H -fno-strict-aliasing -pipe -fstack-protector -I/usr/local/include',
    optimize='-O',
    cppflags='-DHAS_FPSETMASK -DHAS_FLOATINGPOINT_H -fno-strict-aliasing -pipe -fstack-protector -I/usr/local/include'
    ccversion='', gccversion='4.2.1 Compatible FreeBSD Clang 3.3 (tags/RELEASE_33/final 183502)', gccosandvers=''
    intsize=4, longsize=8, ptrsize=8, doublesize=8, byteorder=12345678
    d_longlong=define, longlongsize=8, d_longdbl=define, longdblsize=16
    ivtype='long', ivsize=8, nvtype='double', nvsize=8, Off_t='off_t', lseeksize=8
    alignbytes=8, prototype=define
  Linker and Libraries:
    ld='cc', ldflags ='-Wl,-E  -fstack-protector -L/usr/local/lib'
    libpth=/usr/lib /usr/local/lib /usr/include/clang/3.3 /usr/lib
    libs=-lgdbm -lm -lcrypt -lutil -lc
    perllibs=-lm -lcrypt -lutil -lc
    libc=, so=so, useshrplib=false, libperl=libperl.a
    gnulibc_version=''
  Dynamic Linking:
    dlsrc=dl_dlopen.xs, dlext=so, d_dlsymun=undef, ccdlflags=' '
    cccdlflags='-DPIC -fPIC', lddlflags='-shared  -L/usr/local/lib -fstack-protector'


Characteristics of this binary (from libperl): 
  Compile-time options: HAS_TIMES PERLIO_LAYERS PERL_DONT_CREATE_GVSV
                        PERL_HASH_FUNC_ONE_AT_A_TIME_HARD PERL_MALLOC_WRAP
                        PERL_NEW_COPY_ON_WRITE PERL_PRESERVE_IVUV
                        USE_64_BIT_ALL USE_64_BIT_INT USE_LARGE_FILES
                        USE_LOCALE USE_LOCALE_COLLATE USE_LOCALE_CTYPE
                        USE_LOCALE_NUMERIC USE_PERLIO USE_PERL_ATOF
  Built under freebsd
  Compiled at May 27 2014 13:50:08
  %ENV:
    PERL5LIB=""
    PERL5OPT=""
    PERL5_CPANPLUS_IS_RUNNING="48095"
    PERL5_CPAN_IS_RUNNING="48095"
    PERL5_CPAN_IS_RUNNING_IN_RECURSION="22604,48095"
    PERLDOC="-MPod::Perldoc::ToTextOverstrike"
    PERL_BATCH="yes"
    PERL_CPAN_REPORTER_CONFIG="/var/tmp/cpansmoker-1023/BCQ0tpWArY_config.ini"
    PERL_EXTUTILS_AUTOINSTALL="--defaultdeps"
    PERL_HTML_DISPLAY_CLASS="HTML::Display::Mozilla"
  @INC:
    /usr/perl5.20.0/lib/site_perl/5.20.0/amd64-freebsd
    /usr/perl5.20.0/lib/site_perl/5.20.0
    /usr/perl5.20.0/lib/5.20.0/amd64-freebsd
    /usr/perl5.20.0/lib/5.20.0
    .