XSLoader v0.24 Perl 5 v5.20.3 x86_64-linux
- Status
- Fail
- From
- Andreas J. König (ANDK)
- Dist
-
XSLoader v0.24
- Platform
- Perl 5 v5.20.3 x86_64-linux
- Date
- 2016-09-01 16:42:04
- ID
- 0372796e-7063-11e6-9fc5-feb058b9f28c
This distribution has been tested as part of the CPAN Testers
project, supporting the Perl programming language. See
http://wiki.cpantesters.org/ for more information or email
questions to cpan-testers-discuss@perl.org
--
Dear Sebastien Aperghis-Tramoni,
This is a computer-generated report for XSLoader-0.24
on perl 5.20.3, created by CPAN-Reporter-1.2018.
Thank you for uploading your work to CPAN. However, there was a problem
testing your distribution.
If you think this report is invalid, please consult the CPAN Testers Wiki
for suggestions on how to avoid getting FAIL reports for missing library
or binary dependencies, unsupported operating systems, and so on:
http://wiki.cpantesters.org/wiki/CPANAuthorNotes
Sections of this report:
* Tester comments
* Program output
* Prerequisites
* Environment and other context
------------------------------
TESTER COMMENTS
------------------------------
Additional comments from tester:
this report is from an automated smoke testing program
and was not reviewed by a human for accuracy
------------------------------
PROGRAM OUTPUT
------------------------------
Output from '/usr/bin/make test':
PERL_DL_NONLAZY=1 "/home/sand/src/perl/repoperls/installed-perls/perl/v5.20.3/f991/bin/perl" "-MExtUtils::Command::MM" "-MTest::Harness" "-e" "undef *Test::Harness::Switches; test_harness(0, 'blib/lib', 'blib/arch')" t/*.t
# testing XSLoader v0.24 under Perl 5.020003
t/00-load.t ... ok
t/01-api.t .... ok
t/distchk.t ... ok
t/pod.t ....... ok
t/podcover.t .. ok
t/portfs.t .... ok
t/XSLoader.t ..
Failed 3/25 subtests
Test Summary Report
-------------------
t/XSLoader.t (Wstat: 139 Tests: 22 Failed: 0)
Non-zero wait status: 139
Parse errors: Bad plan. You planned 25 tests but ran 22.
Files=7, Tests=34, 1 wallclock secs ( 0.04 usr 0.04 sys + 0.70 cusr 0.13 csys = 0.91 CPU)
Result: FAIL
Failed 1/7 test programs. 0/34 subtests failed.
Makefile:883: recipe for target 'test_dynamic' failed
make: *** [test_dynamic] Error 255
------------------------------
PREREQUISITES
------------------------------
Prerequisite modules loaded:
requires:
Module Need Have
------------------- ---- --------
Test::More 0.47 1.302054
build_requires:
Module Need Have
------------------- ---- --------
ExtUtils::MakeMaker 0 7.24
configure_requires:
Module Need Have
------------------- ---- --------
ExtUtils::MakeMaker 0 7.24
------------------------------
ENVIRONMENT AND OTHER CONTEXT
------------------------------
Environment variables:
AUTOMATED_TESTING = 1
LANG = en_US.UTF-8
LANGUAGE = en_US:en
PATH = /usr/lib/ccache:/home/sand/bin:/usr/local/bin:/usr/bin:/bin:/usr/games:/usr/local/perl/bin:/usr/X11/bin:/sbin:/usr/sbin
PERL5LIB =
PERL5OPT =
PERL5_CPANPLUS_IS_RUNNING = 20528
PERL5_CPAN_IS_RUNNING = 20528
PERL_CANARY_STABILITY_NOPROMPT = 1
PERL_MM_USE_DEFAULT = 1
SHELL = /usr/bin/zsh
TERM = screen
Perl special variables (and OS-specific diagnostics, for MSWin32):
$^X = /home/sand/src/perl/repoperls/installed-perls/perl/v5.20.3/f991/bin/perl
$UID/$EUID = 1005 / 1005
$GID = 1005 1005
$EGID = 1005 1005
Perl module toolchain versions installed:
Module Have
------------------- --------
CPAN 2.15
CPAN::Meta 2.150009
Cwd 3.62
ExtUtils::CBuilder 0.280224
ExtUtils::Command 7.24
ExtUtils::Install 1.67
ExtUtils::MakeMaker 7.24
ExtUtils::Manifest 1.70
ExtUtils::ParseXS 3.24
File::Spec 3.62
JSON 2.90
JSON::PP 2.27400
Module::Build 0.42_19
Module::Signature 0.80
Parse::CPAN::Meta 2.150009
Test::Harness 3.36
Test::More 1.302054
YAML 1.18
YAML::Syck 1.29
version 0.9915
--
Summary of my perl5 (revision 5 version 20 subversion 3) configuration:
Derived from: b67331aafd6eff33e3fd904c45e811f69cbfb0b2
Platform:
osname=linux, osvers=4.3.0-1-amd64, archname=x86_64-linux
uname='linux k83 4.3.0-1-amd64 #1 smp debian 4.3.3-7 (2016-01-19) x86_64 gnulinux '
config_args='-Dprefix=/home/sand/src/perl/repoperls/installed-perls/perl/v5.20.3/f991 -Dmyhostname=k83 -Dinstallusrbinperl=n -Uversiononly -Dusedevel -des -Ui_db -Dlibswanted=cl pthread socket inet nsl gdbm dbm malloc dl ld sun m crypt sec util c cposix posix ucb BSD gdbm_compat -Uuseithreads -Uuselongdouble'
hint=recommended, useposix=true, d_sigaction=define
useithreads=undef, usemultiplicity=undef
use64bitint=define, use64bitall=define, uselongdouble=undef
usemymalloc=n, bincompat5005=undef
Compiler:
cc='cc', ccflags ='-fwrapv -fno-strict-aliasing -pipe -fstack-protector -I/usr/local/include -D_LARGEFILE_SOURCE -D_FILE_OFFSET_BITS=64',
optimize='-O2',
cppflags='-fwrapv -fno-strict-aliasing -pipe -fstack-protector -I/usr/local/include'
ccversion='', gccversion='5.3.1 20160121', gccosandvers=''
intsize=4, longsize=8, ptrsize=8, doublesize=8, byteorder=12345678
d_longlong=define, longlongsize=8, d_longdbl=define, longdblsize=16
ivtype='long', ivsize=8, nvtype='double', nvsize=8, Off_t='off_t', lseeksize=8
alignbytes=8, prototype=define
Linker and Libraries:
ld='cc', ldflags =' -fstack-protector -L/usr/local/lib'
libpth=/usr/local/lib /usr/lib/gcc/x86_64-linux-gnu/5/include-fixed /usr/include/x86_64-linux-gnu /usr/lib /lib/x86_64-linux-gnu /lib/../lib /usr/lib/x86_64-linux-gnu /usr/lib/../lib /lib
libs=-lpthread -lnsl -lgdbm -ldl -lm -lcrypt -lutil -lc -lgdbm_compat
perllibs=-lpthread -lnsl -ldl -lm -lcrypt -lutil -lc
libc=libc-2.21.so, so=so, useshrplib=false, libperl=libperl.a
gnulibc_version='2.21'
Dynamic Linking:
dlsrc=dl_dlopen.xs, dlext=so, d_dlsymun=undef, ccdlflags='-Wl,-E'
cccdlflags='-fPIC', lddlflags='-shared -O2 -L/usr/local/lib -fstack-protector'
Characteristics of this binary (from libperl):
Compile-time options: HAS_TIMES PERLIO_LAYERS PERL_DONT_CREATE_GVSV
PERL_HASH_FUNC_ONE_AT_A_TIME_HARD PERL_MALLOC_WRAP
PERL_NEW_COPY_ON_WRITE PERL_PRESERVE_IVUV
PERL_USE_DEVEL USE_64_BIT_ALL USE_64_BIT_INT
USE_LARGE_FILES USE_LOCALE USE_LOCALE_COLLATE
USE_LOCALE_CTYPE USE_LOCALE_NUMERIC USE_PERLIO
USE_PERL_ATOF
Locally applied patches:
uncommitted-changes
Devel::PatchPerl 1.40
Built under linux
Compiled at Feb 1 2016 07:58:31
%ENV:
PERL5LIB=""
PERL5OPT=""
PERL5_CPANPLUS_IS_RUNNING="20528"
PERL5_CPAN_IS_RUNNING="20528"
PERL_CANARY_STABILITY_NOPROMPT="1"
PERL_MM_USE_DEFAULT="1"
@INC:
/home/sand/src/perl/repoperls/installed-perls/perl/v5.20.3/f991/lib/site_perl/5.20.3/x86_64-linux
/home/sand/src/perl/repoperls/installed-perls/perl/v5.20.3/f991/lib/site_perl/5.20.3
/home/sand/src/perl/repoperls/installed-perls/perl/v5.20.3/f991/lib/5.20.3/x86_64-linux
/home/sand/src/perl/repoperls/installed-perls/perl/v5.20.3/f991/lib/5.20.3
.