Config-UCL v0.05 Perl 5 v5.34.1 amd64-freebsd-ld
- Status
- Fail
- From
- Slaven Rezić
- Dist
-
Config-UCL v0.05
- Platform
- Perl 5 v5.34.1 amd64-freebsd-ld
- Date
- 2023-12-22 22:18:20
- ID
- 03b5ded2-a118-11ee-b0b4-d9e86d8775ea
This distribution has been tested as part of the CPAN Testers
project, supporting the Perl programming language. See
http://wiki.cpantesters.org/ for more information or email
questions to cpan-testers-discuss@perl.org
--
Dear Tomohiro Hosaka,
This is a computer-generated report for Config-UCL-0.05
on perl 5.34.1, created by CPAN-Reporter-1.2018.
Thank you for uploading your work to CPAN. However, there was a problem
testing your distribution.
If you think this report is invalid, please consult the CPAN Testers Wiki
for suggestions on how to avoid getting FAIL reports for missing library
or binary dependencies, unsupported operating systems, and so on:
http://wiki.cpantesters.org/wiki/CPANAuthorNotes
Sections of this report:
* Tester comments
* Program output
* Prerequisites
* Environment and other context
------------------------------
TESTER COMMENTS
------------------------------
Additional comments from tester:
none provided
------------------------------
PROGRAM OUTPUT
------------------------------
Output from '/usr/bin/make test':
"/usr/perl5.34.1Dp/bin/perl" -MExtUtils::Command::MM -e 'cp_nonempty' -- UCL.bs blib/arch/auto/Config/UCL/UCL.bs 644
PERL_DL_NONLAZY=1 "/usr/perl5.34.1Dp/bin/perl" "-MExtUtils::Command::MM" "-MTest::Harness" "-e" "undef *Test::Harness::Switches; test_harness(0, 'blib/lib', 'blib/arch')" t/*.t
t/00-use.t ....... ok
# Failed test at t/10-load.t line 27.
# Structures begin differing at:
# $got->{a} = '1.10000000000000009'
# $expected->{a} = '1.1'
memory:1 unmatched open brace at 1; at /usr/home/cpansand/.cpan/build/2023122221/Config-UCL-0.05-3/blib/lib/Config/UCL.pm line 32.
# Tests were run but no plan was declared and done_testing() was not seen.
# Looks like your test exited with 255 just after 10.
t/10-load.t ......
Dubious, test returned 255 (wstat 65280, 0xff00)
Failed 1/10 subtests
t/20-dump.t ...... ok
t/30-validate.t .. ok
# Failed test 'libucl-0.8.1/tests/basic/13.in'
# at t/40-conv.t line 21.
Use of uninitialized value in concatenation (.) or string at t/40-conv.t line 21.
# error while parsing /usr/home/cpansand/.cpan/build/2023122221/Config-UCL-0.05-3/libucl-0.8.1/tests/basic/include_dir/invalid.conf: line: 1, column: 0 - 'key must begin with a letter', character: '@' at /usr/home/cpansand/.cpan/build/2023122221/Config-UCL-0.05-3/blib/lib/Config/UCL.pm line 44.
# Failed test 'libucl-0.8.1/tests/basic/13.res'
# at t/40-conv.t line 25.
# +----+-------+----+---------------------------+
# | Elt|Got | Elt|Expected |
# +----+-------+----+---------------------------+
# * 0|undef * 0|{ *
# | | * 1| key => 'value_orig', *
# | | * 2| key_pri => 'priority2', *
# | | * 3| key_trace1 => 'pri1', *
# | | * 4| key_trace2 => 'pri2' *
# | | * 5|} *
# +----+-------+----+---------------------------+
# undef
# Failed test 'libucl-0.8.1/tests/basic/20.in'
# at t/40-conv.t line 21.
Use of uninitialized value in concatenation (.) or string at t/40-conv.t line 21.
# /usr/home/cpansand/.cpan/build/2023122221/Config-UCL-0.05-3/libucl-0.8.1/tests/basic/20.in:2 unmatched open brace at 2; /usr/home/cpansand/.cpan/build/2023122221/Config-UCL-0.05-3/libucl-0.8.1/tests/basic/20.in:2 unmatched open brace at 2; at /usr/home/cpansand/.cpan/build/2023122221/Config-UCL-0.05-3/blib/lib/Config/UCL.pm line 44.
# Failed test 'libucl-0.8.1/tests/basic/20.res'
# at t/40-conv.t line 25.
# +----+-------+----+----------+
# | Elt|Got | Elt|Expected |
# +----+-------+----+----------+
# * 0|undef * 0|[ *
# | | * 1| \[ *
# | | * 2| \0 *
# | | * 3| ] *
# | | * 4|] *
# +----+-------+----+----------+
# undef
# Failed test 'libucl-0.8.1/tests/basic/21.in'
# at t/40-conv.t line 21.
Use of uninitialized value in concatenation (.) or string at t/40-conv.t line 21.
# /usr/home/cpansand/.cpan/build/2023122221/Config-UCL-0.05-3/libucl-0.8.1/tests/basic/21.in:2 unmatched open brace at 2; /usr/home/cpansand/.cpan/build/2023122221/Config-UCL-0.05-3/libucl-0.8.1/tests/basic/21.in:2 unmatched open brace at 2; /usr/home/cpansand/.cpan/build/2023122221/Config-UCL-0.05-3/libucl-0.8.1/tests/basic/21.in:2 unmatched open brace at 2; /usr/home/cpansand/.cpan/build/2023122221/Config-UCL-0.05-3/libucl-0.8.1/tests/basic/21.in:2 unmatched open brace at 1; at /usr/home/cpansand/.cpan/build/2023122221/Config-UCL-0.05-3/blib/lib/Config/UCL.pm line 44.
# Failed test 'libucl-0.8.1/tests/basic/21.res'
# at t/40-conv.t line 25.
# +----+-------+----+----------------+
# | Elt|Got | Elt|Expected |
# +----+-------+----+----------------+
# * 0|undef * 0|[ *
# | | * 1| \9, *
# | | * 2| \{ *
# | | * 3| 0 => [ *
# | | * 4| \[ *
# | | * 5| \0 *
# | | * 6| ] *
# | | * 7| ] *
# | | * 8| } *
# | | * 9|] *
# +----+-------+----+----------------+
# undef
# Looks like you failed 6 tests of 45.
t/40-conv.t ......
Dubious, test returned 6 (wstat 1536, 0x600)
Failed 6/45 subtests
Test Summary Report
-------------------
t/10-load.t (Wstat: 65280 (exited 255) Tests: 10 Failed: 1)
Failed test: 8
Non-zero exit status: 255
Parse errors: No plan found in TAP output
t/40-conv.t (Wstat: 1536 (exited 6) Tests: 45 Failed: 6)
Failed tests: 26-27, 40-43
Non-zero exit status: 6
Files=5, Tests=102, 1 wallclock secs ( 0.04 usr 0.01 sys + 0.37 cusr 0.06 csys = 0.48 CPU)
Result: FAIL
Failed 2/5 test programs. 7/102 subtests failed.
*** Error code 6
Stop.
make: stopped in /usr/home/cpansand/.cpan/build/2023122221/Config-UCL-0.05-3
------------------------------
PREREQUISITES
------------------------------
Prerequisite modules loaded:
requires:
Module Need Have
------------------- ---- ----
JSON::PP 2.00 4.15
build_requires:
Module Need Have
------------------- ---- ----
ExtUtils::MakeMaker 0 7.70
Sort::Naturally 0 1.03
Test::Differences 0 0.70
Test::Exception 0 0.43
Test::LeakTrace 0 0.17
Test::Most 0 0.38
configure_requires:
Module Need Have
------------------- ---- ----
ExtUtils::Constant 0 0.25
ExtUtils::MakeMaker 0 7.70
------------------------------
ENVIRONMENT AND OTHER CONTEXT
------------------------------
Environment variables:
PATH = /usr/local/bin:/usr/bin:/bin:/usr/local/sbin:/usr/sbin:/sbin:/home/cpansand/bin/freebsd13.1:/home/cpansand/bin/sh:/home/cpansand/bin:/usr/games:/home/cpansand/devel:/usr/home/eserte/src/srezic-misc/scripts
PERL5LIB =
PERL5OPT =
PERL5_CPANPLUS_IS_RUNNING = 53568
PERL5_CPAN_IS_RUNNING = 53568
PERL5_CPAN_IS_RUNNING_IN_RECURSION = 52969,53568
PERLDOC = -MPod::Perldoc::ToTextOverstrike
PERL_BATCH = yes
PERL_CANARY_STABILITY_NOPROMPT = 1
PERL_CPAN_REPORTER_CONFIG = /var/tmp/cpansmoker-1023/2023122221/cpanreporter_001_config.ini
PERL_EXTUTILS_AUTOINSTALL = --defaultdeps
PERL_USE_UNSAFE_INC = 1
SHELL = /usr/local/bin/zsh
TERM = screen
TMPDIR = /var/tmp/cpansmoker-1023/2023122221
Perl special variables (and OS-specific diagnostics, for MSWin32):
$^X = /usr/perl5.34.1Dp/bin/perl
$UID/$EUID = 1023 / 1023
$GID = 1023 1023
$EGID = 1023 1023
Perl module toolchain versions installed:
Module Have
------------------- --------
CPAN 2.36
CPAN::Meta 2.150010
Cwd 3.80
ExtUtils::CBuilder 0.280236
ExtUtils::Command 7.70
ExtUtils::Install 2.20
ExtUtils::MakeMaker 7.70
ExtUtils::Manifest 1.75
ExtUtils::ParseXS 3.51
File::Spec 3.80
JSON 4.10
JSON::PP 4.15
Module::Build 0.4234
Module::Signature 0.88
Parse::CPAN::Meta 2.150010
Test::Harness 3.47
Test::More 1.302198
YAML 1.30
YAML::Syck 1.34
version 0.9929
--
Summary of my perl5 (revision 5 version 34 subversion 1) configuration:
Platform:
osname=freebsd
osvers=13.1-stable
archname=amd64-freebsd-ld
uname='freebsd cloud10.bbbike.org 13.1-stable freebsd 13.1-stable #9 stable13-n250044-4a11315a2c3f: sat mar 19 11:19:46 utc 2022 root@cloud10.bbbike.org:usrobjusrhomeprojectsfreebsdamd64.amd64sysgeneric amd64 '
config_args='-ds -e -Dprefix=/usr/perl5.34.1Dp -Duselongdouble -Dcf_email=srezic@cpan.org -Doptimize=-O2 -pipe'
hint=recommended
useposix=true
d_sigaction=define
useithreads=undef
usemultiplicity=undef
use64bitint=define
use64bitall=define
uselongdouble=define
usemymalloc=n
default_inc_excludes_dot=define
Compiler:
cc='cc'
ccflags ='-DHAS_FPSETMASK -DHAS_FLOATINGPOINT_H -fno-strict-aliasing -pipe -fstack-protector-strong -I/usr/local/include'
optimize='-O2 -pipe'
cppflags='-DHAS_FPSETMASK -DHAS_FLOATINGPOINT_H -fno-strict-aliasing -pipe -fstack-protector-strong -I/usr/local/include'
ccversion=''
gccversion='FreeBSD Clang 13.0.0 (git@github.com:llvm/llvm-project.git llvmorg-13.0.0-0-gd7b669b3a303)'
gccosandvers=''
intsize=4
longsize=8
ptrsize=8
doublesize=8
byteorder=12345678
doublekind=3
d_longlong=define
longlongsize=8
d_longdbl=define
longdblsize=16
longdblkind=3
ivtype='long'
ivsize=8
nvtype='long double'
nvsize=16
Off_t='off_t'
lseeksize=8
alignbytes=16
prototype=define
Linker and Libraries:
ld='cc'
ldflags ='-pthread -Wl,-E -fstack-protector-strong -L/usr/local/lib'
libpth=/usr/lib /usr/local/lib /usr/lib/clang/13.0.0/lib
libs=-lpthread -lgdbm -ldl -lm -lcrypt -lutil -lc
perllibs=-lpthread -ldl -lm -lcrypt -lutil -lc
libc=
so=so
useshrplib=false
libperl=libperl.a
gnulibc_version=''
Dynamic Linking:
dlsrc=dl_dlopen.xs
dlext=so
d_dlsymun=undef
ccdlflags=' '
cccdlflags='-DPIC -fPIC'
lddlflags='-shared -L/usr/local/lib -fstack-protector-strong'
Characteristics of this binary (from libperl):
Compile-time options:
HAS_TIMES
PERLIO_LAYERS
PERL_COPY_ON_WRITE
PERL_DONT_CREATE_GVSV
PERL_MALLOC_WRAP
PERL_OP_PARENT
PERL_PRESERVE_IVUV
USE_64_BIT_ALL
USE_64_BIT_INT
USE_LARGE_FILES
USE_LOCALE
USE_LOCALE_COLLATE
USE_LOCALE_CTYPE
USE_LOCALE_NUMERIC
USE_LOCALE_TIME
USE_LONG_DOUBLE
USE_PERLIO
USE_PERL_ATOF
Built under freebsd
Compiled at Mar 25 2022 22:31:21
%ENV:
PERL5LIB=""
PERL5OPT=""
PERL5_CPANPLUS_IS_RUNNING="53568"
PERL5_CPAN_IS_RUNNING="53568"
PERL5_CPAN_IS_RUNNING_IN_RECURSION="52969,53568"
PERLDOC="-MPod::Perldoc::ToTextOverstrike"
PERL_BATCH="yes"
PERL_CANARY_STABILITY_NOPROMPT="1"
PERL_CPAN_REPORTER_CONFIG="/var/tmp/cpansmoker-1023/2023122221/cpanreporter_001_config.ini"
PERL_EXTUTILS_AUTOINSTALL="--defaultdeps"
PERL_USE_UNSAFE_INC="1"
@INC:
/usr/perl5.34.1Dp/lib/site_perl/5.34.1/amd64-freebsd-ld
/usr/perl5.34.1Dp/lib/site_perl/5.34.1
/usr/perl5.34.1Dp/lib/5.34.1/amd64-freebsd-ld
/usr/perl5.34.1Dp/lib/5.34.1
.