YAHC v0.035 Perl 5 v5.24.3 OpenBSD.amd64-openbsd
- Status
- Fail
- From
- Alceu Rodrigues de Freitas Junior
- Dist
-
YAHC v0.035
- Platform
- Perl 5 v5.24.3 OpenBSD.amd64-openbsd
- Date
- 2017-11-16 15:30:02
- ID
- 03c15652-cae3-11e7-a24a-10fd238c3104
This distribution has been tested as part of the CPAN Testers
project, supporting the Perl programming language. See
http://wiki.cpantesters.org/ for more information or email
questions to cpan-testers-discuss@perl.org
--
Dear Ivan Kruglov,
This is a computer-generated report for YAHC-0.035
on perl 5.24.3, created by CPAN-Reporter-1.2018.
Thank you for uploading your work to CPAN. However, there was a problem
testing your distribution.
If you think this report is invalid, please consult the CPAN Testers Wiki
for suggestions on how to avoid getting FAIL reports for missing library
or binary dependencies, unsupported operating systems, and so on:
http://wiki.cpantesters.org/wiki/CPANAuthorNotes
Sections of this report:
* Tester comments
* Program output
* Prerequisites
* Environment and other context
------------------------------
TESTER COMMENTS
------------------------------
Additional comments from tester:
this report is from an automated smoke testing program
and was not reviewed by a human for accuracy
------------------------------
PROGRAM OUTPUT
------------------------------
Output from '/usr/bin/make test':
PERL_DL_NONLAZY=1 "/home/bar/perl5/perlbrew/perls/perl-5.24.3/bin/perl" "-MExtUtils::Command::MM" "-MTest::Harness" "-e" "undef *Test::Harness::Switches; test_harness(0, 'inc', 'blib/lib', 'blib/arch')" t/*.t
# Perl/v5.24.3
# YAHC/0.035
t/000_compile.t .................... ok
t/005_circular_references_check.t .. ok
t/010_build_http_message.t ......... ok
t/015_parse_http_headers.t ......... ok
t/016_chunked.t .................... ok
t/017_content_length.t ............. ok
failed to create socket in child: Address already in use at t/023_state_connected.t line 19.
# Failed test 'check state'
# at t/023_state_connected.t line 56.
# got:
# STATE_COMPLETED
# expected:
# STATE_CONNECTED
# timeline: $VAR1 = [
# [
# 'new state STATE_INIT',
# 0,
# '1510844941.50261'
# ],
# [
# 'Target http://localhost:5000 (127.0.0.1:5000) chosen for attempt #1',
# 0,
# '1510844941.50319'
# ],
# [
# 'build new socket',
# 0,
# '1510844941.50321'
# ],
# [
# 'new state STATE_CONNECTING',
# 10,
# '1510844941.50354'
# ],
# [
# 'strerror=\'Failed to connect: Connection refused\' error=1024',
# 10,
# '1510844941.50668'
# ],
# [
# 'new state STATE_INIT',
# 0,
# '1510844941.50724'
# ],
# [
# 'drop socket',
# 0,
# '1510844941.50731'
# ],
# [
# 'new state STATE_USER_ACTION',
# 35,
# '1510844941.50743'
# ],
# [
# 'strerror=\'retries limit reached\' error=512',
# 35,
# '1510844941.50749'
# ],
# [
# 'new state STATE_COMPLETED',
# 100,
# '1510844941.50759'
# ]
# ];
# Failed test 'socket is defined'
# at t/023_state_connected.t line 59.
# Looks like you failed 2 tests of 2.
t/023_state_connected.t ............
Dubious, test returned 2 (wstat 512, 0x200)
Failed 2/2 subtests
t/024_state_write.t ................ ok
t/025_state_read.t ................. ok
t/100_account_for_signal.t ......... ok
t/110_attempt.t .................... ok
t/120_selected_target.t ............ ok
t/130_yahc_functions.t ............. ok
t/140_yahc_loop.t .................. ok
t/200_live_google.t ................ skipped: Enable live testing by setting env: TEST_LIVE=1
t/210_live_timeout_connected.t ..... skipped: Enable live testing by setting env: TEST_LIVE=1
t/220_live_unixis.t ................ skipped: Enable live testing by setting env: TEST_LIVE=1
t/230_live_requests.t .............. skipped: Enable live testing by setting env: TEST_LIVE=1
t/240_live_socket_cache.t .......... skipped: Enable live testing by setting env: TEST_LIVE=1
t/300_robust.t ..................... skipped: Enable robust testing by setting env: TEST_ROBUST=1
Test Summary Report
-------------------
t/023_state_connected.t (Wstat: 512 Tests: 2 Failed: 2)
Failed tests: 1-2
Non-zero exit status: 2
Files=20, Tests=95, 8 wallclock secs ( 0.05 usr 0.10 sys + 3.01 cusr 1.29 csys = 4.45 CPU)
Result: FAIL
Failed 1/20 test programs. 2/95 subtests failed.
*** Error 255 in /mnt/cpan_build_dir/bar/YAHC-0.035-0 (Makefile:776 'test_dynamic')
------------------------------
PREREQUISITES
------------------------------
Prerequisite modules loaded:
requires:
Module Need Have
----------------------- ---- --------
EV 0 4.22
Fcntl 0 1.13
IO::Socket::SSL 0 2.052
POSIX 0 1.65_01
Scalar::Util 0 1.49
Socket 0 2.024
Time::HiRes 0 1.9746
build_requires:
Module Need Have
----------------------- ---- --------
Data::Dumper 0 2.167_02
ExtUtils::MakeMaker 6.36 7.31_04
FindBin 0 1.51
HTTP::Tiny 0 0.070
IO::Socket::INET 0 1.35
JSON 0 2.94
List::Util 0 1.49
Net::Ping 2.41 2.61
Plack 0 1.0044
Plack::Handler::Starman 0 0
Test::Exception 0 0.43
Test::Memory::Cycle 0 1.06
Test::More 0.88 1.302106
Time::HiRes 0 1.9746
configure_requires:
Module Need Have
----------------------- ---- --------
ExtUtils::MakeMaker 6.36 7.31_04
------------------------------
ENVIRONMENT AND OTHER CONTEXT
------------------------------
Environment variables:
AUTOMATED_TESTING = 1
PATH = /home/bar/perl5/perlbrew/bin:/home/bar/perl5/perlbrew/perls/perl-5.24.3/bin:/home/bar/bin:/sbin:/usr/sbin:/bin:/usr/bin:/usr/X11R6/bin:/usr/local/sbin:/usr/local/bin
PERL5LIB =
PERL5OPT =
PERL5_CPANPLUS_IS_RUNNING = 99601
PERL5_CPAN_IS_RUNNING = 99601
PERL5_CPAN_IS_RUNNING_IN_RECURSION = 91818,99601
PERLBREW_BASHRC_VERSION = 0.80
PERLBREW_HOME = /home/bar/.perlbrew
PERLBREW_MANPATH = /home/bar/perl5/perlbrew/perls/perl-5.24.3/man
PERLBREW_PATH = /home/bar/perl5/perlbrew/bin:/home/bar/perl5/perlbrew/perls/perl-5.24.3/bin
PERLBREW_PERL = perl-5.24.3
PERLBREW_ROOT = /home/bar/perl5/perlbrew
PERLBREW_VERSION = 0.80
PERL_CR_SMOKER_CURRENT = YAHC-0.035
PERL_EXTUTILS_AUTOINSTALL = --defaultdeps
PERL_MM_USE_DEFAULT = 1
PERL_USE_UNSAFE_INC = 1
SHELL = /usr/local/bin/bash
TERM = xterm
Perl special variables (and OS-specific diagnostics, for MSWin32):
$^X = /home/bar/perl5/perlbrew/perls/perl-5.24.3/bin/perl
$UID/$EUID = 1002 / 1002
$GID = 1002 1002 1001
$EGID = 1002 1002 1001
Perl module toolchain versions installed:
Module Have
------------------- --------
CPAN 2.19
CPAN::Meta 2.150010
Cwd 3.63_01
ExtUtils::CBuilder 0.280226
ExtUtils::Command 7.31_04
ExtUtils::Install 2.14
ExtUtils::MakeMaker 7.31_04
ExtUtils::Manifest 1.70
ExtUtils::ParseXS 3.35
File::Spec 3.63_01
JSON 2.94
JSON::PP 2.94
Module::Build 0.4224
Module::Signature 0.81
Parse::CPAN::Meta 2.150010
Test::Harness 3.40_01
Test::More 1.302106
YAML 1.24
YAML::Syck 1.30
version 0.9916
--
Summary of my perl5 (revision 5 version 24 subversion 3) configuration:
Platform:
osname=openbsd, osvers=6.1, archname=OpenBSD.amd64-openbsd
uname='openbsd cpansmoker.my.domain 6.1 generic.mp#20 amd64 '
config_args='-de -Dprefix=/home/bar/perl5/perlbrew/perls/perl-5.24.3 -Aeval:scriptdir=/home/bar/perl5/perlbrew/perls/perl-5.24.3/bin'
hint=recommended, useposix=true, d_sigaction=define
useithreads=undef, usemultiplicity=undef
use64bitint=define, use64bitall=define, uselongdouble=undef
usemymalloc=n, bincompat5005=undef
Compiler:
cc='cc', ccflags ='-fno-strict-aliasing -pipe -fstack-protector-strong -I/usr/local/include -D_FORTIFY_SOURCE=2',
optimize='-O2',
cppflags='-fno-strict-aliasing -pipe -fstack-protector-strong -I/usr/local/include'
ccversion='', gccversion='4.2.1 20070719 ', gccosandvers='openbsd6.1'
intsize=4, longsize=8, ptrsize=8, doublesize=8, byteorder=12345678, doublekind=3
d_longlong=define, longlongsize=8, d_longdbl=define, longdblsize=16, longdblkind=3
ivtype='long', ivsize=8, nvtype='double', nvsize=8, Off_t='off_t', lseeksize=8
alignbytes=8, prototype=define
Linker and Libraries:
ld='cc', ldflags ='-Wl,-E -fstack-protector-strong -L/usr/local/lib'
libpth=/usr/lib /usr/local/lib
libs=-lpthread -lm -lutil -lc
perllibs=-lpthread -lm -lutil -lc
libc=/usr/lib/libc.so.89.3, so=so, useshrplib=false, libperl=libperl.a
gnulibc_version=''
Dynamic Linking:
dlsrc=dl_dlopen.xs, dlext=so, d_dlsymun=undef, ccdlflags=' '
cccdlflags='-DPIC -fPIC ', lddlflags='-shared -fPIC -L/usr/local/lib -fstack-protector-strong'
Characteristics of this binary (from libperl):
Compile-time options: HAS_TIMES PERLIO_LAYERS PERL_COPY_ON_WRITE
PERL_DONT_CREATE_GVSV
PERL_HASH_FUNC_ONE_AT_A_TIME_HARD PERL_MALLOC_WRAP
PERL_PRESERVE_IVUV USE_64_BIT_ALL USE_64_BIT_INT
USE_LARGE_FILES USE_LOCALE USE_LOCALE_COLLATE
USE_LOCALE_CTYPE USE_LOCALE_NUMERIC USE_LOCALE_TIME
USE_PERLIO USE_PERL_ATOF
Locally applied patches:
Devel::PatchPerl 1.48
Built under openbsd
Compiled at Nov 10 2017 21:17:21
%ENV:
PERL5LIB=""
PERL5OPT=""
PERL5_CPANPLUS_IS_RUNNING="99601"
PERL5_CPAN_IS_RUNNING="99601"
PERL5_CPAN_IS_RUNNING_IN_RECURSION="91818,99601"
PERLBREW_BASHRC_VERSION="0.80"
PERLBREW_HOME="/home/bar/.perlbrew"
PERLBREW_MANPATH="/home/bar/perl5/perlbrew/perls/perl-5.24.3/man"
PERLBREW_PATH="/home/bar/perl5/perlbrew/bin:/home/bar/perl5/perlbrew/perls/perl-5.24.3/bin"
PERLBREW_PERL="perl-5.24.3"
PERLBREW_ROOT="/home/bar/perl5/perlbrew"
PERLBREW_VERSION="0.80"
PERL_CR_SMOKER_CURRENT="YAHC-0.035"
PERL_EXTUTILS_AUTOINSTALL="--defaultdeps"
PERL_MM_USE_DEFAULT="1"
PERL_USE_UNSAFE_INC="1"
@INC:
/home/bar/perl5/perlbrew/perls/perl-5.24.3/lib/site_perl/5.24.3/OpenBSD.amd64-openbsd
/home/bar/perl5/perlbrew/perls/perl-5.24.3/lib/site_perl/5.24.3
/home/bar/perl5/perlbrew/perls/perl-5.24.3/lib/5.24.3/OpenBSD.amd64-openbsd
/home/bar/perl5/perlbrew/perls/perl-5.24.3/lib/5.24.3
.