Report for Class-DBI-AsForm-2.42

Back
From: metabase:user:9820532a-708b-1014-9a05-b18a96298da1
Subject: FAIL Class-DBI-AsForm-2.42 v5.12.4 FreeBSD
Date: 2011-09-18T19:18:39Z

This distribution has been tested as part of the CPAN Testers
project, supporting the Perl programming language.  See
http://wiki.cpantesters.org/ for more information or email
questions to cpan-testers-discuss@perl.org


--
Dear Tony Bowden,

This is a computer-generated report for Class-DBI-AsForm-2.42
on perl 5.12.4, created by CPAN-Reporter-1.2002.

Thank you for uploading your work to CPAN.  However, there was a problem
testing your distribution.

If you think this report is invalid, please consult the CPAN Testers Wiki
for suggestions on how to avoid getting FAIL reports for missing library
or binary dependencies, unsupported operating systems, and so on:

http://wiki.cpantesters.org/wiki/CPANAuthorNotes

Sections of this report:

    * Tester comments
    * Program output
    * Prerequisites
    * Environment and other context

------------------------------
TESTER COMMENTS
------------------------------

Additional comments from tester:

this report is from an automated smoke testing program
and was not reviewed by a human for accuracy

------------------------------
PROGRAM OUTPUT
------------------------------

Output from '/usr/bin/make test':

PERL_DL_NONLAZY=1 /home/test/perl5/perlbrew/perls/perl-5.12.4/bin/perl "-MExtUtils::Command::MM" "-e" "test_harness(0, 'blib/lib', 'blib/arch')" t/*.t

#   Failed test 'Select OK'
#   at t/01.t line 43.
#          got: '<select name="bar"><option value="1">Hi</option></select>'
#     expected: '<select name="bar"><option value=1>Hi</option></select>
# '

#   Failed test 'All correct as an object method'
#   at t/01.t line 54.
#     Structures begin differing at:
#          $got->{bar} = '<select name="bar"><option selected value="1">Hi</option></select>'
#     $expected->{bar} = '<select name="bar"><option selected value=1>Hi</option></select>
#     '
# Looks like you failed 2 tests of 4.
t/01.t ............ 
Dubious, test returned 2 (wstat 512, 0x200)
Failed 2/4 subtests 
t/pod-coverage.t .. ok
t/pod.t ........... ok

Test Summary Report
-------------------
t/01.t          (Wstat: 512 Tests: 4 Failed: 2)
  Failed tests:  3-4
  Non-zero exit status: 2
Files=3, Tests=6,  0 wallclock secs ( 0.03 usr  0.10 sys +  0.22 cusr  0.19 csys =  0.54 CPU)
Result: FAIL
Failed 1/3 test programs. 2/6 subtests failed.
*** Error code 255

Stop in /usr/home/test/.cpan/build/Class-DBI-AsForm-2.42-8lUSKI.

------------------------------
PREREQUISITES
------------------------------

Prerequisite modules loaded:

requires:

    Module                   Need Have  
    ------------------------ ---- ------
    Class::DBI               0.94 3.0.17
    Class::DBI::Plugin::Type 0    0.02  
    DBI                      1.21 1.616 
    HTML::Element            0    4.2   

build_requires:

    Module                   Need Have  
    ------------------------ ---- ------
    ExtUtils::MakeMaker      0    6.58  


------------------------------
ENVIRONMENT AND OTHER CONTEXT
------------------------------

Environment variables:

    AUTOMATED_TESTING = 1
    LANG = C
    LC_ALL = C
    PATH = /home/test/perl5/perlbrew/bin:/home/test/perl5/perlbrew/perls/perl-5.12.4/bin:~/bin:/sbin:/bin:/usr/sbin:/usr/bin:/usr/games:/usr/local/sbin:/usr/local/bin:/home/test/bin
    PATH_WITHOUT_PERLBREW = ~/bin:/sbin:/bin:/usr/sbin:/usr/bin:/usr/games:/usr/local/sbin:/usr/local/bin:/home/test/bin
    PERL5LIB = 
    PERL5OPT = 
    PERL5_CPANPLUS_IS_RUNNING = 92945
    PERL5_CPAN_IS_RUNNING = 92945
    PERL5_CPAN_IS_RUNNING_IN_RECURSION = 93211,92945
    PERLBREW_HOME = /home/test/.perlbrew
    PERLBREW_PATH = /home/test/perl5/perlbrew/bin:/home/test/perl5/perlbrew/perls/perl-5.12.4/bin
    PERLBREW_PERL = perl-5.12.4
    PERLBREW_ROOT = /home/test/perl5/perlbrew
    PERLBREW_VERSION = 0.28
    PERL_CPANM_OPT = --prompt --mirror http://172.16.1.3/cpan/
    PERL_CR_SMOKER_CURRENT = Catalyst-Helper-Controller-Scaffold-HTML-Template-0.04
    PERL_EXTUTILS_AUTOINSTALL = --defaultdeps
    PERL_MM_USE_DEFAULT = 1
    SHELL = /usr/local/bin/bash
    TERM = linux

Perl special variables (and OS-specific diagnostics, for MSWin32):

    $^X = /home/test/perl5/perlbrew/perls/perl-5.12.4/bin/perl
    $UID/$EUID = 1002 / 1002
    $GID = 1002 1002
    $EGID = 1002 1002

Perl module toolchain versions installed:

    Module              Have    
    ------------------- --------
    CPAN                1.9800  
    CPAN::Meta          2.112580
    Cwd                 3.33    
    ExtUtils::CBuilder  0.280202
    ExtUtils::Command   1.17    
    ExtUtils::Install   1.55    
    ExtUtils::MakeMaker 6.58    
    ExtUtils::Manifest  1.60    
    ExtUtils::ParseXS   3.04    
    File::Spec          3.33    
    JSON                2.53    
    JSON::PP            2.27200 
    Module::Build       0.3800  
    Module::Signature   n/a     
    Parse::CPAN::Meta   1.4401  
    Test::Harness       3.23    
    Test::More          0.98    
    YAML                0.73    
    YAML::Syck          1.17    
    version             0.94    


--

Summary of my perl5 (revision 5 version 12 subversion 4) configuration:
   
  Platform:
    osname=freebsd, osvers=8.1-release, archname=amd64-freebsd-thread-multi
    uname='freebsd fbsd.local 8.1-release freebsd 8.1-release #0: mon jul 19 02:36:49 utc 2010 root@mason.cse.buffalo.edu:usrobjusrsrcsysgeneric amd64 '
    config_args='-de -Dprefix=/home/test/perl5/perlbrew/perls/perl-5.12.4 -Dusethreads'
    hint=recommended, useposix=true, d_sigaction=define
    useithreads=define, usemultiplicity=define
    useperlio=define, d_sfio=undef, uselargefiles=define, usesocks=undef
    use64bitint=define, use64bitall=define, uselongdouble=undef
    usemymalloc=n, bincompat5005=undef
  Compiler:
    cc='cc', ccflags ='-DHAS_FPSETMASK -DHAS_FLOATINGPOINT_H -fno-strict-aliasing -pipe -fstack-protector -I/usr/local/include',
    optimize='-O',
    cppflags='-DHAS_FPSETMASK -DHAS_FLOATINGPOINT_H -fno-strict-aliasing -pipe -fstack-protector -I/usr/local/include'
    ccversion='', gccversion='4.2.1 20070719  [FreeBSD]', gccosandvers=''
    intsize=4, longsize=8, ptrsize=8, doublesize=8, byteorder=12345678
    d_longlong=define, longlongsize=8, d_longdbl=define, longdblsize=16
    ivtype='long', ivsize=8, nvtype='double', nvsize=8, Off_t='off_t', lseeksize=8
    alignbytes=8, prototype=define
  Linker and Libraries:
    ld='cc', ldflags ='-pthread -Wl,-E  -fstack-protector -L/usr/local/lib'
    libpth=/usr/lib /usr/local/lib
    libs=-lm -lcrypt
    perllibs=-lm -lcrypt
    libc=, so=so, useshrplib=false, libperl=libperl.a
    gnulibc_version=''
  Dynamic Linking:
    dlsrc=dl_dlopen.xs, dlext=so, d_dlsymun=undef, ccdlflags=' '
    cccdlflags='-DPIC -fPIC', lddlflags='-shared  -L/usr/local/lib -fstack-protector'


Characteristics of this binary (from libperl): 
  Compile-time options: MULTIPLICITY PERL_DONT_CREATE_GVSV
                        PERL_IMPLICIT_CONTEXT PERL_MALLOC_WRAP USE_64_BIT_ALL
                        USE_64_BIT_INT USE_ITHREADS USE_LARGE_FILES
                        USE_PERLIO USE_PERL_ATOF USE_REENTRANT_API
  Built under freebsd
  Compiled at Sep 16 2011 17:35:57
  %ENV:
    PERL5LIB=""
    PERL5OPT=""
    PERL5_CPANPLUS_IS_RUNNING="92945"
    PERL5_CPAN_IS_RUNNING="92945"
    PERL5_CPAN_IS_RUNNING_IN_RECURSION="93211,92945"
    PERLBREW_HOME="/home/test/.perlbrew"
    PERLBREW_PATH="/home/test/perl5/perlbrew/bin:/home/test/perl5/perlbrew/perls/perl-5.12.4/bin"
    PERLBREW_PERL="perl-5.12.4"
    PERLBREW_ROOT="/home/test/perl5/perlbrew"
    PERLBREW_VERSION="0.28"
    PERL_CPANM_OPT="--prompt --mirror http://172.16.1.3/cpan/"
    PERL_CR_SMOKER_CURRENT="Catalyst-Helper-Controller-Scaffold-HTML-Template-0.04"
    PERL_EXTUTILS_AUTOINSTALL="--defaultdeps"
    PERL_MM_USE_DEFAULT="1"
  @INC:
    /home/test/perl5/perlbrew/perls/perl-5.12.4/lib/site_perl/5.12.4/amd64-freebsd-thread-multi
    /home/test/perl5/perlbrew/perls/perl-5.12.4/lib/site_perl/5.12.4
    /home/test/perl5/perlbrew/perls/perl-5.12.4/lib/5.12.4/amd64-freebsd-thread-multi
    /home/test/perl5/perlbrew/perls/perl-5.12.4/lib/5.12.4
    .