Module-Build-Kwalitee v0.24 Perl 5 v5.12.5 x86_64-linux
- Status
- Fail
- From
- Andreas J. König (ANDK)
- Dist
-
Module-Build-Kwalitee v0.24
- Platform
- Perl 5 v5.12.5 x86_64-linux
- Date
- 2017-11-27 20:46:17
- ID
- 03fbbf5c-d3b4-11e7-85d0-cfec2b10b04a
This distribution has been tested as part of the CPAN Testers
project, supporting the Perl programming language. See
http://wiki.cpantesters.org/ for more information or email
questions to cpan-testers-discuss@perl.org
--
Dear Fotango Ltd,
This is a computer-generated report for Module-Build-Kwalitee-0.24
on perl 5.12.5, created by CPAN-Reporter-1.2018.
Thank you for uploading your work to CPAN. However, there was a problem
testing your distribution.
If you think this report is invalid, please consult the CPAN Testers Wiki
for suggestions on how to avoid getting FAIL reports for missing library
or binary dependencies, unsupported operating systems, and so on:
http://wiki.cpantesters.org/wiki/CPANAuthorNotes
Sections of this report:
* Tester comments
* Program output
* Prerequisites
* Environment and other context
------------------------------
TESTER COMMENTS
------------------------------
Additional comments from tester:
this report is from an automated smoke testing program
and was not reviewed by a human for accuracy
------------------------------
PROGRAM OUTPUT
------------------------------
Output from './Build test':
t/000compile.t .. ok
t/001pragmas.t .. ok
# Failed test 'lib/Module/Build/Kwalitee/Stub.pm has POD'
# at t/003pod.t line 65.
# Looks like you failed 1 test of 7.
t/003pod.t ......
Dubious, test returned 1 (wstat 256, 0x100)
Failed 1/7 subtests
(less 1 skipped subtest: 5 okay)
t/004uselib.t ... ok
No 'module_name' was provided and it could not be inferred
from other properties. This will prevent a packlist from
being written for this file. Please set either 'module_name'
or 'dist_version_from' in Build.PL.
Creating t/ dir for tests...
File 'MANIFEST.SKIP' does not exist: Creating a temporary 'MANIFEST.SKIP'
Added to MANIFEST: MANIFEST
Added to MANIFEST: t/000compile.t
Added to MANIFEST: t/001pragmas.t
Added to MANIFEST: t/003pod.t
Added to MANIFEST: t/004uselib.t
Module::Build was not found in configure_requires! Adding it now
automatically as: configure_requires => { 'Module::Build' => 0.42 }
t/build.t ....... ok
# Failed test 'passed t/003pod.t'
# at t/mbk.t line 25.
#
# # Failed test 'lib/MBKFail.pm has POD'
# # at t/003pod.t line 65.
# # Looks like you failed 1 test of 4.
# t/003pod.t ..
# Dubious, test returned 1 (wstat 256, 0x100)
# Failed 1/4 subtests
# (less 2 skipped subtests: 1 okay)
#
# Test Summary Report
# -------------------
# t/003pod.t (Wstat: 256 Tests: 4 Failed: 1)
# Failed test: 2
# Non-zero exit status: 1
# Files=1, Tests=4, 0 wallclock secs ( 0.01 usr 0.02 sys + 0.08 cusr 0.01 csys = 0.12 CPU)
# Result: FAIL
# Failed test 'passed t/003pod.t'
# at t/mbk.t line 25.
#
# # Failed test 'lib/MBKFail.pm has POD'
# # at t/003pod.t line 65.
# # Looks like you failed 1 test of 4.
# t/003pod.t ..
# Dubious, test returned 1 (wstat 256, 0x100)
# Failed 1/4 subtests
# (less 2 skipped subtests: 1 okay)
#
# Test Summary Report
# -------------------
# t/003pod.t (Wstat: 256 Tests: 4 Failed: 1)
# Failed test: 2
# Non-zero exit status: 1
# Files=1, Tests=4, 1 wallclock secs ( 0.02 usr 0.01 sys + 0.08 cusr 0.01 csys = 0.12 CPU)
# Result: FAIL
# Looks like you failed 2 tests of 30.
t/mbk.t .........
Dubious, test returned 2 (wstat 512, 0x200)
Failed 2/30 subtests
Test Summary Report
-------------------
t/003pod.t (Wstat: 256 Tests: 7 Failed: 1)
Failed test: 5
Non-zero exit status: 1
t/mbk.t (Wstat: 512 Tests: 30 Failed: 2)
Failed tests: 17, 29
Non-zero exit status: 2
Files=6, Tests=59, 18 wallclock secs ( 0.03 usr 0.05 sys + 4.56 cusr 1.89 csys = 6.53 CPU)
Result: FAIL
Failed 2/6 test programs. 3/59 subtests failed.
------------------------------
PREREQUISITES
------------------------------
Prerequisite modules loaded:
requires:
Module Need Have
--------------------------- ------ --------
File::Find::Rule 0 0.34
Module::Build 0.2609 0.4224
perl v5.8.1 5.012005
Pod::Coverage::CountParents 0 0
Test::More 0 1.302115
Test::Pod 0 1.51
YAML 0 1.23
build_requires:
Module Need Have
--------------------------- ------ --------
IPC::Open3 0 1.05
------------------------------
ENVIRONMENT AND OTHER CONTEXT
------------------------------
Environment variables:
AUTOMATED_TESTING = 1
LANG = en_US.UTF-8
PATH = /home/sand/bin:/usr/local/bin:/usr/bin:/bin:/usr/games:/usr/local/perl/bin:/usr/X11/bin:/sbin:/usr/sbin
PERL5LIB =
PERL5OPT =
PERL5_CPANPLUS_IS_RUNNING = 30012
PERL5_CPAN_IS_RUNNING = 30012
PERL5_CPAN_IS_RUNNING_IN_RECURSION = 17456,30012
PERL_CANARY_STABILITY_NOPROMPT = 1
PERL_MM_USE_DEFAULT = 1
PERL_USE_UNSAFE_INC = 1
SHELL = /usr/bin/zsh
TERM = screen
Perl special variables (and OS-specific diagnostics, for MSWin32):
$^X = /home/sand/src/perl/repoperls/installed-perls/host/k93msid/v5.12.5/89ad/bin/perl
$UID/$EUID = 1005 / 1005
$GID = 1005 1005
$EGID = 1005 1005
Perl module toolchain versions installed:
Module Have
------------------- --------
CPAN 2.20
CPAN::Meta 2.150010
Cwd 3.62
ExtUtils::CBuilder 0.280226
ExtUtils::Command 7.31_05
ExtUtils::Install 2.06
ExtUtils::MakeMaker 7.31_05
ExtUtils::Manifest 1.70
ExtUtils::ParseXS 3.35
File::Spec 3.62
JSON 2.95
JSON::PP 2.97000
Module::Build 0.4224
Module::Signature 0.81
Parse::CPAN::Meta 2.150010
Test::Harness 3.39
Test::More 1.302115
YAML 1.23
YAML::Syck 1.30
version 0.9918
--
Summary of my perl5 (revision 5 version 12 subversion 5) configuration:
Derived from: 9a9cbd715960a905dcbc9166349a73a64a007e4e
Platform:
osname=linux, osvers=4.12.0-2-amd64, archname=x86_64-linux
uname='linux k93msid 4.12.0-2-amd64 #1 smp debian 4.12.13-1 (2017-09-19) x86_64 gnulinux '
config_args='-Dprefix=/home/sand/src/perl/repoperls/installed-perls/host/k93msid/v5.12.5/89ad -Dmyhostname=k93msid -Dinstallusrbinperl=n -Uversiononly -Dusedevel -des -Ui_db -Dlibswanted=cl pthread socket inet nsl gdbm dbm malloc dl ld sun m crypt sec util c cposix posix ucb BSD gdbm_compat -Uuseithreads -Uuselongdouble -DDEBUGGING=-g'
hint=recommended, useposix=true, d_sigaction=define
useithreads=undef, usemultiplicity=undef
useperlio=define, d_sfio=undef, uselargefiles=define, usesocks=undef
use64bitint=define, use64bitall=define, uselongdouble=undef
usemymalloc=n, bincompat5005=undef
Compiler:
cc='cc', ccflags ='-fno-strict-aliasing -pipe -fstack-protector -I/usr/local/include -D_LARGEFILE_SOURCE -D_FILE_OFFSET_BITS=64',
optimize='-O2 -g',
cppflags='-fno-strict-aliasing -pipe -fstack-protector -I/usr/local/include'
ccversion='', gccversion='7.2.0', gccosandvers=''
intsize=4, longsize=8, ptrsize=8, doublesize=8, byteorder=12345678
d_longlong=define, longlongsize=8, d_longdbl=define, longdblsize=16
ivtype='long', ivsize=8, nvtype='double', nvsize=8, Off_t='off_t', lseeksize=8
alignbytes=8, prototype=define
Linker and Libraries:
ld='cc', ldflags =' -fstack-protector -L/usr/local/lib'
libpth=/usr/local/lib /lib/x86_64-linux-gnu /lib/../lib /usr/lib/x86_64-linux-gnu /usr/lib/../lib /lib /usr/lib
libs=-lpthread -lnsl -ldl -lm -lcrypt -lutil -lc
perllibs=-lpthread -lnsl -ldl -lm -lcrypt -lutil -lc
libc=libc-2.24.so, so=so, useshrplib=false, libperl=libperl.a
gnulibc_version='2.24'
Dynamic Linking:
dlsrc=dl_dlopen.xs, dlext=so, d_dlsymun=undef, ccdlflags='-Wl,-E'
cccdlflags='-fPIC', lddlflags='-shared -O2 -g -L/usr/local/lib -fstack-protector'
Characteristics of this binary (from libperl):
Compile-time options: PERL_DONT_CREATE_GVSV PERL_MALLOC_WRAP PERL_USE_DEVEL
USE_64_BIT_ALL USE_64_BIT_INT USE_LARGE_FILES
USE_PERLIO USE_PERL_ATOF
Locally applied patches:
uncommitted-changes
Built under linux
Compiled at Oct 3 2017 11:46:41
%ENV:
PERL5LIB=""
PERL5OPT=""
PERL5_CPANPLUS_IS_RUNNING="30012"
PERL5_CPAN_IS_RUNNING="30012"
PERL5_CPAN_IS_RUNNING_IN_RECURSION="17456,30012"
PERL_CANARY_STABILITY_NOPROMPT="1"
PERL_MM_USE_DEFAULT="1"
PERL_USE_UNSAFE_INC="1"
@INC:
/home/sand/src/perl/repoperls/installed-perls/host/k93msid/v5.12.5/89ad/lib/site_perl/5.12.5/x86_64-linux
/home/sand/src/perl/repoperls/installed-perls/host/k93msid/v5.12.5/89ad/lib/site_perl/5.12.5
/home/sand/src/perl/repoperls/installed-perls/host/k93msid/v5.12.5/89ad/lib/5.12.5/x86_64-linux
/home/sand/src/perl/repoperls/installed-perls/host/k93msid/v5.12.5/89ad/lib/5.12.5
.