Report for HTTP-Server-Simple-0.45_02

Back
From: metabase:user:322078bc-2aae-11df-837a-5e0a49663a4f
Subject: FAIL HTTP-Server-Simple-0.45_02 v5.16.0 SunOS/Solaris
Date: 2012-05-22T03:27:10Z

This distribution has been tested as part of the CPAN Testers
project, supporting the Perl programming language.  See
http://wiki.cpantesters.org/ for more information or email
questions to cpan-testers-discuss@perl.org


--

Dear JESSE,

This is a computer-generated error report created automatically by
CPANPLUS, version 0.9129. Testers personal comments may appear
at the end of this report.


Thank you for uploading your work to CPAN.  However, it appears that
there were some problems testing your distribution.

TEST RESULTS:

Below is the error stack from stage 'make test':

PERL_DL_NONLAZY=1 /export/home/cpan/pit/bare/perl-5.16.0/bin/perl "-MExtUtils::Command::MM" "-e" "test_harness(0, 'inc', 'blib/lib', 'blib/arch')" t/*.t
t/00signature.t .... ok
t/00smoke.t ........ ok
Use of uninitialized value $paddr in connect at t/01live.t line 100, <DATA> line 16.

#   Failed test 'Returns a page'
#   at t/01live.t line 141.
#                   '[ERROR] connect: Invalid argument at t/01live.t line 100, <DATA> line 16.
# '
#     doesn't match '/Congratulations/'
Use of uninitialized value $paddr in connect at t/01live.t line 100, <DATA> line 16.

#   Failed test 'Returns a page'
#   at t/01live.t line 141.
#                   '[ERROR] connect: Invalid argument at t/01live.t line 100, <DATA> line 16.
# '
#     doesn't match '/Congratulations/'
Use of uninitialized value $paddr in connect at t/01live.t line 100, <DATA> line 16.

#   Failed test 'Returns a page'
#   at t/01live.t line 141.
#                   '[ERROR] connect: Invalid argument at t/01live.t line 100, <DATA> line 16.
# '
#     doesn't match '/Congratulations/'
Use of uninitialized value $paddr in connect at t/01live.t line 100, <DATA> line 16.

#   Failed test 'Returns a page'
#   at t/01live.t line 141.
#                   '[ERROR] connect: Invalid argument at t/01live.t line 100, <DATA> line 16.
# '
#     doesn't match '/Congratulations/'
Use of uninitialized value $paddr in connect at t/01live.t line 100, <DATA> line 16.

#   Failed test 'Returns a page'
#   at t/01live.t line 49.
#                   '[ERROR] connect: Invalid argument at t/01live.t line 100, <DATA> line 16.
# '
#     doesn't match '/Congratulations/'
Use of uninitialized value $paddr in connect at t/01live.t line 100, <DATA> line 16.

#   Failed test 'knows what a request isn't'
#   at t/01live.t line 52.
#                   '[ERROR] connect: Invalid argument at t/01live.t line 100, <DATA> line 16.
# '
#     doesn't match '/bad request/i'
Use of uninitialized value $paddr in connect at t/01live.t line 100, <DATA> line 16.

#   Failed test 'HTTP/1.1 request'
#   at t/01live.t line 58.
#                   '[ERROR] connect: Invalid argument at t/01live.t line 100, <DATA> line 16.
# '
#     doesn't match '/Congratulations/'
Use of uninitialized value $paddr in connect at t/01live.t line 100, <DATA> line 16.

#   Failed test 'HTTP/0.9 request'
#   at t/01live.t line 61.
#                   '[ERROR] connect: Invalid argument at t/01live.t line 100, <DATA> line 16.
# '
#     doesn't match '/Congratulations/'
Use of uninitialized value $paddr in connect at t/01live.t line 100, <DATA> line 16.

#   Failed test 'Returns a page'
#   at t/01live.t line 49.
#                   '[ERROR] connect: Invalid argument at t/01live.t line 100, <DATA> line 16.
# '
#     doesn't match '/Congratulations/'
Use of uninitialized value $paddr in connect at t/01live.t line 100, <DATA> line 16.

#   Failed test 'knows what a request isn't'
#   at t/01live.t line 52.
#                   '[ERROR] connect: Invalid argument at t/01live.t line 100, <DATA> line 16.
# '
#     doesn't match '/bad request/i'
Use of uninitialized value $paddr in connect at t/01live.t line 100, <DATA> line 16.

#   Failed test 'HTTP/1.1 request'
#   at t/01live.t line 58.
#                   '[ERROR] connect: Invalid argument at t/01live.t line 100, <DATA> line 16.
# '
#     doesn't match '/Congratulations/'
Use of uninitialized value $paddr in connect at t/01live.t line 100, <DATA> line 16.

#   Failed test 'HTTP/0.9 request'
#   at t/01live.t line 61.
#                   '[ERROR] connect: Invalid argument at t/01live.t line 100, <DATA> line 16.
# '
#     doesn't match '/Congratulations/'
# Looks like you failed 12 tests of 34.
t/01live.t ......... 
Dubious, test returned 12 (wstat 3072, 0xc00)
Failed 12/34 subtests 
t/02pod.t .......... skipped: Test::Pod 1.14 required for testing POD
t/03podcoverage.t .. skipped: Test::Pod::Coverage 1.04 required for testing POD coverage
t/04cgi.t .......... ok

Test Summary Report
-------------------
t/01live.t       (Wstat: 3072 Tests: 34 Failed: 12)
  Failed tests:  4, 8, 12, 16, 19-22, 26-29
  Non-zero exit status: 12
Files=6, Tests=103, 16 wallclock secs ( 0.05 usr  0.02 sys +  0.27 cusr  0.04 csys =  0.38 CPU)
Result: FAIL
Failed 1/6 test programs. 12/103 subtests failed.
make: *** [test_dynamic] Error 255


PREREQUISITES:

Here is a list of prerequisites you specified and versions we
managed to load:

	  Module Name                        Have     Want
	  CGI                                3.59        0
	  ExtUtils::MakeMaker             6.63_02     6.36
	  Socket                            2.001        0
	  Test::More                         0.98        0

Perl module toolchain versions installed:
	Module Name                        Have
	CPANPLUS                         0.9129
	CPANPLUS::Dist::Build              0.62
	Cwd                             3.39_02
	ExtUtils::CBuilder             0.280206
	ExtUtils::Command                  1.17
	ExtUtils::Install                  1.58
	ExtUtils::MakeMaker             6.63_02
	ExtUtils::Manifest                 1.61
	ExtUtils::ParseXS                  3.16
	File::Spec                      3.39_02
	Module::Build                      0.40
	Test::Harness                      3.23
	Test::More                         0.98
	version                            0.99

******************************** NOTE ********************************
The comments above are created mechanically, possibly without manual
checking by the sender.  As there are many people performing automatic
tests on each upload to CPAN, it is likely that you will receive
identical messages about the same problem.

If you believe that the message is mistaken, please reply to the first
one with correction and/or additional informations, and do not take
it personally.  We appreciate your patience. :)
**********************************************************************

Additional comments:


This report was machine-generated by CPANPLUS::Dist::YACSmoke 0.80.
Powered by minismokebox version 0.54

------------------------------
ENVIRONMENT AND OTHER CONTEXT
------------------------------

Environment variables:

    AUTOMATED_TESTING = 1
    PATH = /usr/local/sbin:/usr/local/bin:/usr/sbin:/usr/bin:/sbin:/usr/bin/X11:/usr/games
    PERL5LIB = :/export/home/cpan/pit/bare/conf/perl-5.16.0/.cpanplus/5.16.0/build/HTTP-Server-Simple-0.45_02/blib/lib:/export/home/cpan/pit/bare/conf/perl-5.16.0/.cpanplus/5.16.0/build/HTTP-Server-Simple-0.45_02/blib/arch
    PERL5_CPANPLUS_IS_RUNNING = 21347
    PERL5_CPANPLUS_IS_VERSION = 0.9129
    PERL5_MINISMOKEBOX = 0.54
    PERL5_YACSMOKE_BASE = /export/home/cpan/pit/bare/conf/perl-5.16.0
    PERL_EXTUTILS_AUTOINSTALL = --defaultdeps
    PERL_MM_USE_DEFAULT = 1
    SHELL = /bin/bash
    TERM = screen

Perl special variables (and OS-specific diagnostics, for MSWin32):

    Perl: $^X = /export/home/cpan/pit/bare/perl-5.16.0/bin/perl
    UID:  $<  = 1001
    EUID: $>  = 1001
    GID:  $(  = 10 10
    EGID: $)  = 10 10


-------------------------------


--

Summary of my perl5 (revision 5 version 16 subversion 0) configuration:
   
  Platform:
    osname=solaris, osvers=2.11, archname=i86pc-solaris
    uname='sunos nexus 5.11 nexentaos_134f i86pc i386 i86pc solaris '
    config_args='-des -Dprefix=/export/home/cpan/pit/bare/perl-5.16.0'
    hint=recommended, useposix=true, d_sigaction=define
    useithreads=undef, usemultiplicity=undef
    useperlio=define, d_sfio=undef, uselargefiles=define, usesocks=undef
    use64bitint=undef, use64bitall=undef, uselongdouble=undef
    usemymalloc=n, bincompat5005=undef
  Compiler:
    cc='cc', ccflags ='-fno-strict-aliasing -pipe -I/usr/local/include -D_LARGEFILE_SOURCE -D_FILE_OFFSET_BITS=64 -DPERL_USE_SAFE_PUTENV',
    optimize='-O',
    cppflags='-fno-strict-aliasing -pipe -I/usr/local/include'
    ccversion='', gccversion='4.2.3 (Ubuntu 4.2.3-2nexenta7)', gccosandvers=''
    intsize=4, longsize=4, ptrsize=4, doublesize=8, byteorder=1234
    d_longlong=define, longlongsize=8, d_longdbl=define, longdblsize=12
    ivtype='long', ivsize=4, nvtype='double', nvsize=8, Off_t='off_t', lseeksize=8
    alignbytes=4, prototype=define
  Linker and Libraries:
    ld='cc', ldflags =' -L/usr/local/lib '
    libpth=/usr/local/lib /usr/lib /usr/ccs/lib
    libs=-lsocket -lnsl -lgdbm -ldl -lm -lc
    perllibs=-lsocket -lnsl -ldl -lm -lc
    libc=/lib/libc.so, so=so, useshrplib=false, libperl=libperl.a
    gnulibc_version=''
  Dynamic Linking:
    dlsrc=dl_dlopen.xs, dlext=so, d_dlsymun=undef, ccdlflags=' -Wl,-E'
    cccdlflags='-fPIC', lddlflags=' -Wl,-E -G -L/usr/local/lib'


Characteristics of this binary (from libperl): 
  Compile-time options: HAS_TIMES PERLIO_LAYERS PERL_DONT_CREATE_GVSV
                        PERL_MALLOC_WRAP PERL_PRESERVE_IVUV
                        PERL_USE_SAFE_PUTENV USE_LARGE_FILES USE_LOCALE
                        USE_LOCALE_COLLATE USE_LOCALE_CTYPE
                        USE_LOCALE_NUMERIC USE_PERLIO USE_PERL_ATOF
  Built under solaris
  Compiled at May 22 2012 00:09:59
  %ENV:
    PERL5LIB=":/export/home/cpan/pit/bare/conf/perl-5.16.0/.cpanplus/5.16.0/build/HTTP-Server-Simple-0.45_02/blib/lib:/export/home/cpan/pit/bare/conf/perl-5.16.0/.cpanplus/5.16.0/build/HTTP-Server-Simple-0.45_02/blib/arch"
    PERL5_CPANPLUS_IS_RUNNING="21347"
    PERL5_CPANPLUS_IS_VERSION="0.9129"
    PERL5_MINISMOKEBOX="0.54"
    PERL5_YACSMOKE_BASE="/export/home/cpan/pit/bare/conf/perl-5.16.0"
    PERL_EXTUTILS_AUTOINSTALL="--defaultdeps"
    PERL_MM_USE_DEFAULT="1"
  @INC:
    /export/home/cpan/pit/bare/conf/perl-5.16.0/.cpanplus/5.16.0/build/HTTP-Server-Simple-0.45_02/blib/lib
    /export/home/cpan/pit/bare/conf/perl-5.16.0/.cpanplus/5.16.0/build/HTTP-Server-Simple-0.45_02/blib/arch
    /export/home/cpan/pit/bare/perl-5.16.0/lib/site_perl/5.16.0/i86pc-solaris
    /export/home/cpan/pit/bare/perl-5.16.0/lib/site_perl/5.16.0
    /export/home/cpan/pit/bare/perl-5.16.0/lib/5.16.0/i86pc-solaris
    /export/home/cpan/pit/bare/perl-5.16.0/lib/5.16.0
    .