Back
From: metabase:user:838e5b0a-2bb6-1016-a696-43a2537fa0c6
Subject: FAIL Tree-Persist-1.07 v5.18.0
Date: 2013-06-21T20:49:52Z
This distribution has been tested as part of the CPAN Testers
project, supporting the Perl programming language. See
http://wiki.cpantesters.org/ for more information or email
questions to cpan-testers-discuss@perl.org
--
Dear Ron Savage,
This is a computer-generated report for Tree-Persist-1.07
on perl 5.18.0, created by CPAN-Reporter-1.2010.
Thank you for uploading your work to CPAN. However, there was a problem
testing your distribution.
If you think this report is invalid, please consult the CPAN Testers Wiki
for suggestions on how to avoid getting FAIL reports for missing library
or binary dependencies, unsupported operating systems, and so on:
http://wiki.cpantesters.org/wiki/CPANAuthorNotes
Sections of this report:
* Tester comments
* Program output
* Prerequisites
* Environment and other context
------------------------------
TESTER COMMENTS
------------------------------
Additional comments from tester:
this report is from an automated smoke testing program
and was not reviewed by a human for accuracy
------------------------------
PROGRAM OUTPUT
------------------------------
Output from 'G:\perl\5.18.0.1\perl\bin\perl.exe ./Build test':
cannot unlink file for C:\Users\DSOLIM~1\AppData\Local\Temp\temp.gLyJ\test.sqlite: Permission denied at G:/perl/5.18.0.1/perl/lib/File/Temp.pm line 1615.
cannot remove directory for C:/Users/DSOLIM~1/AppData/Local/Temp/temp.gLyJ: Directory not empty at G:/perl/5.18.0.1/perl/lib/File/Temp.pm line 1615.
t\add_from_db.t .......... ok
cannot unlink file for C:\Users\DSOLIM~1\AppData\Local\Temp\temp._3p5\test.sqlite: Permission denied at G:/perl/5.18.0.1/perl/lib/File/Temp.pm line 1615.
cannot remove directory for C:/Users/DSOLIM~1/AppData/Local/Temp/temp._3p5: Directory not empty at G:/perl/5.18.0.1/perl/lib/File/Temp.pm line 1615.
t\associate_with_db.t .... ok
Cannot open 'C:\Users\DSOLIM~1\AppData\Local\Temp\temp.7MkR\save1.xml' for writing: Permission denied
# Looks like you planned 15 tests but ran 10.
# Looks like your test exited with 13 just after 10.
t\associate_with_file.t ..
Dubious, test returned 13 (wstat 3328, 0xd00)
Failed 5/15 subtests
Cannot open 'C:\Users\DSOLIM~1\AppData\Local\Temp\temp.pi6A\save1.xml' for writing: Permission denied
# Looks like you planned 20 tests but ran 9.
# Looks like your test exited with 13 just after 9.
t\autocommit.t ...........
Dubious, test returned 13 (wstat 3328, 0xd00)
Failed 11/20 subtests
t\interface.t ............ ok
cannot unlink file for C:\Users\DSOLIM~1\AppData\Local\Temp\temp.up1W\test.sqlite: Permission denied at G:/perl/5.18.0.1/perl/lib/File/Temp.pm line 1615.
cannot remove directory for C:/Users/DSOLIM~1/AppData/Local/Temp/temp.up1W: Directory not empty at G:/perl/5.18.0.1/perl/lib/File/Temp.pm line 1615.
t\load_from_db.t ......... ok
t\load_from_file.t ....... ok
t\pod.t .................. skipped: Test::Pod 1.45 required for testing POD
t\pod_coverage.t ......... skipped: Test::Pod::Coverage 1.08 required for testing POD coverage
t\save_and_load.t ........ ok
cannot unlink file for C:\Users\DSOLIM~1\AppData\Local\Temp\temp.ZApz\test.sqlite: Permission denied at G:/perl/5.18.0.1/perl/lib/File/Temp.pm line 1615.
cannot remove directory for C:/Users/DSOLIM~1/AppData/Local/Temp/temp.ZApz: Directory not empty at G:/perl/5.18.0.1/perl/lib/File/Temp.pm line 1615.
t\save_to_db.t ........... ok
t\save_to_file.t ......... ok
Test Summary Report
-------------------
t\associate_with_file.t (Wstat: 3328 Tests: 10 Failed: 0)
Non-zero exit status: 13
Parse errors: Bad plan. You planned 15 tests but ran 10.
t\autocommit.t (Wstat: 3328 Tests: 9 Failed: 0)
Non-zero exit status: 13
Parse errors: Bad plan. You planned 20 tests but ran 9.
Files=12, Tests=141, 7 wallclock secs ( 0.05 usr + 0.17 sys = 0.22 CPU)
Result: FAIL
Failed 2/12 test programs. 0/141 subtests failed.
------------------------------
PREREQUISITES
------------------------------
Prerequisite modules loaded:
requires:
Module Need Have
--------------------- -------- --------
base 0 2.18
DBI 1.627 1.627
File::Copy 0.01 2.26
File::Spec 0.01 3.40
File::Spec::Functions 0.01 3.40
File::Temp 0.01 0.2301
Module::Runtime 0.013 0.013
perl 5.006000 5.018000
Scalar::Util 1.1 1.27
strict 0 1.07
Test::File 1.1 1.34
Test::File::Contents 0.02 0.21
Tree 1.05 1.05
warnings 0 1.18
XML::Parser 2.41 2.41
build_requires:
Module Need Have
--------------------- -------- --------
Test::More 0.96 0.98
configure_requires:
Module Need Have
--------------------- -------- --------
Module::Build 0.38 0.4005
------------------------------
ENVIRONMENT AND OTHER CONTEXT
------------------------------
Environment variables:
AUTOMATED_TESTING = 1
COMSPEC = C:\Windows\system32\cmd.exe
NUMBER_OF_PROCESSORS = 8
PATH = G:\perl\5.18.0.1\perl\site\bin;G:\perl\5.18.0.1\perl\bin;G:\perl\5.18.0.1\c\bin;C:\Program Files\MiKTeX\2.9\miktex\bin;C:\Windows\system32;C:\Windows;C:\Windows\System32\Wbem;C:\Windows\System32\WindowsPowerShell\v1.0\;C:\rv\BIN;c:\Program Files\Microsoft SQL Server\100\Tools\Binn\;c:\Program Files\Microsoft SQL Server\100\DTS\Binn\;C:\strawberry\c\bin;C:\strawberry\perl\site\bin;C:\strawberry\perl\bin;C:\Program Files\Microsoft SQL Server\100\Tools\Binn\VSShell\Common7\IDE\;C:\Program Files\Microsoft Visual Studio 9.0\Common7\IDE\PrivateAssemblies\;C:\Program Files\Microsoft SQL Server\80\Tools\Binn\;C:\Program Files\Microsoft SQL Server\90\Tools\binn\;C:\Program Files\Microsoft SQL Server\90\DTS\Binn\;C:\Program Files\Microsoft SQL Server\90\Tools\Binn\VSShell\Common7\IDE\;C:\Program Files\Microsoft Visual Studio 8\Common7\IDE\PrivateAssemblies\;C:\Program Files\TortoiseSVN\bin;C:\Program Files\MIT\Kerberos\bin;C:\Users\DSolimano\AppData\Local\Fidessa\systemfiles
PERL5LIB = G:\perl\5.18.0.1\cpan\build\Test-File-1.34-sF6tDm/blib/arch;G:\perl\5.18.0.1\cpan\build\Test-File-1.34-sF6tDm/blib/lib;G:\perl\5.18.0.1\cpan\build\Test-Manifest-1.23-Qq2EXO/blib/arch;G:\perl\5.18.0.1\cpan\build\Test-Manifest-1.23-Qq2EXO/blib/lib;G:\perl\5.18.0.1\cpan\build\Test-File-Contents-0.21-8W_ecw/blib/arch;G:\perl\5.18.0.1\cpan\build\Test-File-Contents-0.21-8W_ecw/blib/lib;G:\perl\5.18.0.1\cpan\build\DBI-1.627-P14Dvk/blib/arch;G:\perl\5.18.0.1\cpan\build\DBI-1.627-P14Dvk/blib/lib;G:\perl\5.18.0.1\cpan\build\Tree-1.05-SH5wzN/blib/arch;G:\perl\5.18.0.1\cpan\build\Tree-1.05-SH5wzN/blib/lib
PERL5OPT =
PERL5_CPANPLUS_IS_RUNNING = 16364
PERL5_CPAN_IS_RUNNING = 16364
PERL5_CPAN_IS_RUNNING_IN_RECURSION = 14144,16364
PERL_CR_SMOKER_CURRENT = Tree-Persist-1.07
PERL_EXTUTILS_AUTOINSTALL = --defaultdeps
PERL_MM_USE_DEFAULT = 1
PROCESSOR_IDENTIFIER = x86 Family 6 Model 23 Stepping 6, GenuineIntel
TEMP = C:\Users\DSOLIM~1\AppData\Local\Temp
TERM = dumb
Perl special variables (and OS-specific diagnostics, for MSWin32):
$^X = G:\perl\5.18.0.1\perl\bin\perl.exe
$UID/$EUID = 0 / 0
$GID = 0
$EGID = 0
Win32::GetOSName = Win7
Win32::GetOSVersion = Service Pack 1, 6, 1, 7601, 2, 1, 0, 256, 1
Win32::FsType = NTFS
Win32::IsAdminUser = 1
Perl module toolchain versions installed:
Module Have
------------------- --------
CPAN 2.00
CPAN::Meta 2.130880
Cwd 3.40
ExtUtils::CBuilder 0.280210
ExtUtils::Command 1.17
ExtUtils::Install 1.59
ExtUtils::MakeMaker 6.66
ExtUtils::Manifest 1.63
ExtUtils::ParseXS 3.18
File::Spec 3.40
JSON 2.57
JSON::PP 2.27202
Module::Build 0.4005
Module::Signature n/a
Parse::CPAN::Meta 1.4404
Test::Harness 3.28
Test::More 0.98
YAML 0.84
YAML::Syck n/a
version 0.9902
--
Summary of my perl5 (revision 5 version 18 subversion 0) configuration:
Platform:
osname=MSWin32, osvers=4.0, archname=MSWin32-x86-multi-thread-64int
uname='Win32 strawberry-perl 5.18.0.1 #1 Sat May 18 17:46:00 2013 i386'
config_args='undef'
hint=recommended, useposix=true, d_sigaction=undef
useithreads=define, usemultiplicity=define
useperlio=define, d_sfio=undef, uselargefiles=define, usesocks=undef
use64bitint=define, use64bitall=undef, uselongdouble=undef
usemymalloc=n, bincompat5005=undef
Compiler:
cc='gcc', ccflags =' -s -O2 -DWIN32 -DPERL_TEXTMODE_SCRIPTS -DPERL_IMPLICIT_CONTEXT -DPERL_IMPLICIT_SYS -DUSE_PERLIO -fno-strict-aliasing -mms-bitfields',
optimize='-s -O2',
cppflags='-DWIN32'
ccversion='', gccversion='4.6.3', gccosandvers=''
intsize=4, longsize=4, ptrsize=4, doublesize=8, byteorder=12345678
d_longlong=define, longlongsize=8, d_longdbl=define, longdblsize=12
ivtype='long long', ivsize=8, nvtype='double', nvsize=8, Off_t='long long', lseeksize=8
alignbytes=8, prototype=define
Linker and Libraries:
ld='g++.exe', ldflags ='-s -L"G:\perl\5.18.0.1\perl\lib\CORE" -L"G:\perl\5.18.0.1\c\lib"'
libpth=G:\perl\5.18.0.1\c\lib G:\perl\5.18.0.1\c\i686-w64-mingw32\lib
libs=-lmoldname -lkernel32 -luser32 -lgdi32 -lwinspool -lcomdlg32 -ladvapi32 -lshell32 -lole32 -loleaut32 -lnetapi32 -luuid -lws2_32 -lmpr -lwinmm -lversion -lodbc32 -lodbccp32 -lcomctl32
perllibs=-lmoldname -lkernel32 -luser32 -lgdi32 -lwinspool -lcomdlg32 -ladvapi32 -lshell32 -lole32 -loleaut32 -lnetapi32 -luuid -lws2_32 -lmpr -lwinmm -lversion -lodbc32 -lodbccp32 -lcomctl32
libc=, so=dll, useshrplib=true, libperl=libperl518.a
gnulibc_version=''
Dynamic Linking:
dlsrc=dl_win32.xs, dlext=dll, d_dlsymun=undef, ccdlflags=' '
cccdlflags=' ', lddlflags='-mdll -s -L"G:\perl\5.18.0.1\perl\lib\CORE" -L"G:\perl\5.18.0.1\c\lib"'
Characteristics of this binary (from libperl):
Compile-time options: HAS_TIMES HAVE_INTERP_INTERN MULTIPLICITY
PERLIO_LAYERS PERL_DONT_CREATE_GVSV
PERL_HASH_FUNC_ONE_AT_A_TIME_HARD
PERL_IMPLICIT_CONTEXT PERL_IMPLICIT_SYS
PERL_MALLOC_WRAP PERL_PRESERVE_IVUV PERL_SAWAMPERSAND
USE_64_BIT_INT USE_ITHREADS USE_LARGE_FILES
USE_LOCALE USE_LOCALE_COLLATE USE_LOCALE_CTYPE
USE_LOCALE_NUMERIC USE_PERLIO USE_PERL_ATOF
Built under MSWin32
Compiled at May 18 2013 17:53:14
%ENV:
PERL5LIB="G:\perl\5.18.0.1\cpan\build\Test-File-1.34-sF6tDm/blib/arch;G:\perl\5.18.0.1\cpan\build\Test-File-1.34-sF6tDm/blib/lib;G:\perl\5.18.0.1\cpan\build\Test-Manifest-1.23-Qq2EXO/blib/arch;G:\perl\5.18.0.1\cpan\build\Test-Manifest-1.23-Qq2EXO/blib/lib;G:\perl\5.18.0.1\cpan\build\Test-File-Contents-0.21-8W_ecw/blib/arch;G:\perl\5.18.0.1\cpan\build\Test-File-Contents-0.21-8W_ecw/blib/lib;G:\perl\5.18.0.1\cpan\build\DBI-1.627-P14Dvk/blib/arch;G:\perl\5.18.0.1\cpan\build\DBI-1.627-P14Dvk/blib/lib;G:\perl\5.18.0.1\cpan\build\Tree-1.05-SH5wzN/blib/arch;G:\perl\5.18.0.1\cpan\build\Tree-1.05-SH5wzN/blib/lib"
PERL5_CPANPLUS_IS_RUNNING="16364"
PERL5_CPAN_IS_RUNNING="16364"
PERL5_CPAN_IS_RUNNING_IN_RECURSION="14144,16364"
PERL_CR_SMOKER_CURRENT="Tree-Persist-1.07"
PERL_EXTUTILS_AUTOINSTALL="--defaultdeps"
PERL_MM_USE_DEFAULT="1"
@INC:
G:\perl\5.18.0.1\cpan\build\Test-File-1.34-sF6tDm/blib/arch
G:\perl\5.18.0.1\cpan\build\Test-File-1.34-sF6tDm/blib/lib
G:\perl\5.18.0.1\cpan\build\Test-Manifest-1.23-Qq2EXO/blib/arch
G:\perl\5.18.0.1\cpan\build\Test-Manifest-1.23-Qq2EXO/blib/lib
G:\perl\5.18.0.1\cpan\build\Test-File-Contents-0.21-8W_ecw/blib/arch
G:\perl\5.18.0.1\cpan\build\Test-File-Contents-0.21-8W_ecw/blib/lib
G:\perl\5.18.0.1\cpan\build\DBI-1.627-P14Dvk/blib/arch
G:\perl\5.18.0.1\cpan\build\DBI-1.627-P14Dvk/blib/lib
G:\perl\5.18.0.1\cpan\build\Tree-1.05-SH5wzN/blib/arch
G:\perl\5.18.0.1\cpan\build\Tree-1.05-SH5wzN/blib/lib
G:/perl/5.18.0.1/perl/site/lib
G:/perl/5.18.0.1/perl/vendor/lib
G:/perl/5.18.0.1/perl/lib
.