CGI-Ex v2.53 Perl 5 v5.18.0 OpenBSD.amd64-openbsd-thread-multi

Status
Fail
From
Chris Williams (BINGOS)
Dist
CGI-Ex v2.53
Platform
Perl 5 v5.18.0 OpenBSD.amd64-openbsd-thread-multi
Date
2022-03-12 22:16:09
ID
04df558e-a252-11ec-bc66-57723b537541
This distribution has been tested as part of the CPAN Testers
project, supporting the Perl programming language.  See
http://wiki.cpantesters.org/ for more information or email
questions to cpan-testers-discuss@perl.org


--

Dear CCM,

This is a computer-generated error report created automatically by
CPANPLUS, version 0.9914. Testers personal comments may appear
at the end of this report.


Thank you for uploading your work to CPAN.  However, it appears that
there were some problems testing your distribution.

TEST RESULTS:

Below is the error stack from stage 'make test':

PERL_DL_NONLAZY=1 "/home/cpan/pit/thr/perl-5.18.0/bin/perl" "-MExtUtils::Command::MM" "-MTest::Harness" "-e" "undef *Test::Harness::Switches; test_harness(0, 'blib/lib', 'blib/arch')" t/*.t
t/00-compile.t .................. ok
# 
# Versions for all modules listed in MYMETA.json (including optional ones):
# 
# === Configure Requires ===
# 
#     Module              Want Have
#     ------------------- ---- ----
#     ExtUtils::MakeMaker  any 7.62
# 
# === Configure Suggests ===
# 
#     Module      Want Have
#     -------- ------- ----
#     JSON::PP 2.27300 4.06
# 
# === Build Requires ===
# 
#     Module              Want Have
#     ------------------- ---- ----
#     ExtUtils::MakeMaker  any 7.62
# 
# === Test Requires ===
# 
#     Module              Want     Have
#     ------------------- ---- --------
#     ExtUtils::MakeMaker  any     7.62
#     File::Spec           any     3.75
#     File::Temp           any   0.2311
#     FindBin              any     1.51
#     IO::Handle           any     1.34
#     IPC::Open3           any     1.13
#     Test::More           any 1.302188
#     lib                  any     0.63
# 
# === Test Recommends ===
# 
#     Module         Want     Have
#     ---------- -------- --------
#     CPAN::Meta 2.120900 2.150010
# 
# === Test Suggests ===
# 
#     Module      Want Have
#     ----------- ---- ----
#     Tie::Handle  any  4.2
# 
# === Runtime Requires ===
# 
#     Module           Want   Have
#     --------------- ----- ------
#     CGI               any   3.63
#     Carp              any   1.29
#     Data::Dumper      any  2.145
#     Exporter          any   5.68
#     Scalar::Util      any   1.27
#     Template::Alloy 1.016  1.022
#     Time::HiRes       any 1.9725
#     base              any   2.18
#     constant          any   1.27
#     overload          any   1.22
#     strict            any   1.07
#     vars              any   1.03
#     warnings          any   1.18
# 
# === Runtime Suggests ===
# 
#     Module          Want    Have
#     --------------- ---- -------
#     CGI             4.45    3.63
#     Config::IniHash  any missing
#     File::Find       any    1.23
#     JSON             any missing
#     Storable         any    3.25
#     XML::Simple      any missing
#     YAML             any missing
# 
t/00-report-prereqs.t ........... ok
t/0_ex_00_base.t ................ ok
t/1_validate_00_base.t .......... ok
t/1_validate_03_cgi.t ........... ok
t/1_validate_05_types.t ......... ok
t/1_validate_07_yaml.t .......... ok
t/1_validate_11_no_extra.t ...... ok
t/1_validate_12_change.t ........ ok
t/1_validate_14_untaint.t ....... ok
t/2_fill_00_base.t .............. ok
t/2_fill_01_form.t .............. ok
t/2_fill_02_hidden.t ............ ok
t/2_fill_03_checkbox.t .......... ok
t/2_fill_04_select.t ............ ok
t/2_fill_05_textarea.t .......... ok
t/2_fill_06_radio.t ............. ok
t/2_fill_07_reuse.t ............. ok
t/2_fill_08_multiple_objects.t .. ok
t/2_fill_09_default_type.t ...... ok
t/2_fill_10_escape.t ............ ok
t/2_fill_11_target.t ............ ok
t/2_fill_12_mult.t .............. ok
t/2_fill_13_warning.t ........... ok
t/2_fill_14_password.t .......... ok
t/2_fill_16_ignore_fields.t ..... ok
t/2_fill_17_xhtml.t ............. ok
t/2_fill_18_coderef.t ........... ok
t/2_fill_19_complex.t ........... ok
t/2_fill_20_switcharoo.t ........ ok
t/3_conf_00_base.t .............. ok
t/4_app_00_base.t ............... ok
t/5_dump_00_base.t .............. ok
t/6_die_00_base.t ............... ok
t/7_template_00_base.t .......... ok

#   Failed test 'Got good auth'
#   at t/8_auth_00_base.t line 71.

#   Failed test 'Printed was not set'
#   at t/8_auth_00_base.t line 72.

#   Failed test 'Set_cookie called'
#   at t/8_auth_00_base.t line 73.
Can't call method "last_auth_data" on an undefined value at t/8_auth_00_base.t line 178.
# Looks like your test exited with 255 just after 62.
t/8_auth_00_base.t .............. 
Dubious, test returned 255 (wstat 65280, 0xff00)
Failed 9/68 subtests 
t/8_auth_01_cookies.t ........... ok
t/9_jsondump_00_base.t .......... ok
t/author-distmeta.t ............. skipped: these tests are for testing by the author
t/author-pod-syntax.t ........... skipped: these tests are for testing by the author
t/release-consistent-version.t .. skipped: these tests are for release candidate testing
t/release-cpan-changes.t ........ skipped: these tests are for release candidate testing

Test Summary Report
-------------------
t/8_auth_00_base.t            (Wstat: 65280 Tests: 62 Failed: 3)
  Failed tests:  10-12
  Non-zero exit status: 255
  Parse errors: Bad plan.  You planned 68 tests but ran 62.
Files=42, Tests=831, 17 wallclock secs ( 0.59 usr  0.44 sys + 10.06 cusr  4.15 csys = 15.24 CPU)
Result: FAIL
Failed 1/42 test programs. 3/831 subtests failed.
*** Error 255 in /home/cpan/pit/thr/conf/perl-5.18.0/.cpanplus/5.18.0/build/nWmUnDvasF/CGI-Ex-2.53 (Makefile:934 'test_dynamic')


PREREQUISITES:

Here is a list of prerequisites you specified and versions we
managed to load:

	  Module Name                        Have     Want
	  CGI                                3.63        0
	  Carp                               1.29        0
	  Data::Dumper                      2.145        0
	  Exporter                           5.68        0
	  ExtUtils::MakeMaker                7.62        0
	  File::Spec                         3.75        0
	  File::Temp                       0.2311        0
	  FindBin                            1.51        0
	  IO::Handle                         1.34        0
	  IPC::Open3                         1.13        0
	  Scalar::Util                       1.27        0
	  Template::Alloy                   1.022    1.016
	  Test::More                     1.302188        0
	  Time::HiRes                      1.9725        0
	  base                               2.18        0
	  constant                           1.27        0
	  lib                                0.63        0
	  overload                           1.22        0
	  strict                             1.07        0
	  vars                               1.03        0
	  warnings                           1.18        0

Perl module toolchain versions installed:
	Module Name                        Have
	CPANPLUS                         0.9914
	CPANPLUS::Dist::Build              0.90
	Cwd                                3.75
	ExtUtils::CBuilder             0.280236
	ExtUtils::Command                  7.62
	ExtUtils::Install                  2.20
	ExtUtils::MakeMaker                7.62
	ExtUtils::Manifest                 1.73
	ExtUtils::ParseXS                  3.35
	File::Spec                         3.75
	Module::Build                    0.4231
	Pod::Parser                        1.60
	Pod::Simple                        3.28
	Test2                          1.302188
	Test::Harness                      3.42
	Test::More                     1.302188
	version                          0.9929

******************************** NOTE ********************************
The comments above are created mechanically, possibly without manual
checking by the sender.  As there are many people performing automatic
tests on each upload to CPAN, it is likely that you will receive
identical messages about the same problem.

If you believe that the message is mistaken, please reply to the first
one with correction and/or additional informations, and do not take
it personally.  We appreciate your patience. :)
**********************************************************************

Additional comments:


This report was machine-generated by CPANPLUS::Dist::YACSmoke 1.08.
Powered by minismokebox version 0.68

CPANPLUS is prefering Build.PL

------------------------------
ENVIRONMENT AND OTHER CONTEXT
------------------------------

Environment variables:

    AUTOMATED_TESTING = 1
    NONINTERACTIVE_TESTING = 1
    PATH = /home/cpan/bin:/bin:/sbin:/usr/bin:/usr/sbin:/usr/X11R6/bin:/usr/local/bin:/usr/local/sbin:/usr/games
    PERL5LIB = /home/cpan/pit/jail/JqYADMtmeG/lib/perl5:/home/cpan/pit/thr/conf/perl-5.18.0/.cpanplus/5.18.0/build/nWmUnDvasF/CGI-Ex-2.53/blib/lib:/home/cpan/pit/thr/conf/perl-5.18.0/.cpanplus/5.18.0/build/nWmUnDvasF/CGI-Ex-2.53/blib/arch
    PERL5_CPANPLUS_IS_RUNNING = 84676
    PERL5_CPANPLUS_IS_VERSION = 0.9914
    PERL5_MINISMOKEBOX = 0.68
    PERL5_YACSMOKE_BASE = /home/cpan/pit/thr/conf/perl-5.18.0
    PERL_EXTUTILS_AUTOINSTALL = --defaultdeps
    PERL_LOCAL_LIB_ROOT = /home/cpan/pit/jail/JqYADMtmeG
    PERL_MB_OPT = --install_base "/home/cpan/pit/jail/JqYADMtmeG"
    PERL_MM_OPT = INSTALL_BASE=/home/cpan/pit/jail/JqYADMtmeG
    PERL_MM_USE_DEFAULT = 1
    SHELL = /usr/local/bin/bash
    TERM = screen

Perl special variables (and OS-specific diagnostics, for MSWin32):

    Perl: $^X = /home/cpan/pit/thr/perl-5.18.0/bin/perl
    UID:  $<  = 1001
    EUID: $>  = 1001
    GID:  $(  = 1001 1001
    EGID: $)  = 1001 1001


-------------------------------


--

Summary of my perl5 (revision 5 version 18 subversion 0) configuration:
   
  Platform:
    osname=openbsd, osvers=6.9, archname=OpenBSD.amd64-openbsd-thread-multi
    uname='openbsd oyster.bingosnet.co.uk 6.9 generic#464 amd64 '
    config_args='-des -Dprefix=/home/cpan/pit/thr/perl-5.18.0 -Dusethreads'
    hint=recommended, useposix=true, d_sigaction=define
    useithreads=define, usemultiplicity=define
    useperlio=define, d_sfio=undef, uselargefiles=define, usesocks=undef
    use64bitint=define, use64bitall=define, uselongdouble=undef
    usemymalloc=n, bincompat5005=undef
  Compiler:
    cc='cc', ccflags ='-pthread -fno-strict-aliasing -pipe -fstack-protector -I/usr/local/include',
    optimize='-O2',
    cppflags='-pthread -fno-strict-aliasing -pipe -fstack-protector -I/usr/local/include'
    ccversion='', gccversion='OpenBSD Clang 10.0.1 ', gccosandvers=''
    intsize=4, longsize=8, ptrsize=8, doublesize=8, byteorder=12345678
    d_longlong=define, longlongsize=8, d_longdbl=define, longdblsize=16
    ivtype='long', ivsize=8, nvtype='double', nvsize=8, Off_t='off_t', lseeksize=8
    alignbytes=8, prototype=define
  Linker and Libraries:
    ld='cc', ldflags ='-pthread -Wl,-E  -fstack-protector -L/usr/local/lib'
    libpth=/usr/local/lib /usr/lib
    libs=-lgdbm -lm -lutil -lc
    perllibs=-lm -lutil -lc
    libc=/usr/lib/libc.so.96.0, so=so, useshrplib=false, libperl=libperl.a
    gnulibc_version=''
  Dynamic Linking:
    dlsrc=dl_dlopen.xs, dlext=so, d_dlsymun=undef, ccdlflags=' '
    cccdlflags='-DPIC -fPIC ', lddlflags='-shared -fPIC  -L/usr/local/lib -fstack-protector'


Characteristics of this binary (from libperl): 
  Compile-time options: HAS_TIMES MULTIPLICITY PERLIO_LAYERS
                        PERL_DONT_CREATE_GVSV
                        PERL_HASH_FUNC_ONE_AT_A_TIME_HARD
                        PERL_IMPLICIT_CONTEXT PERL_MALLOC_WRAP
                        PERL_PRESERVE_IVUV PERL_SAWAMPERSAND USE_64_BIT_ALL
                        USE_64_BIT_INT USE_ITHREADS USE_LARGE_FILES
                        USE_LOCALE USE_LOCALE_COLLATE USE_LOCALE_CTYPE
                        USE_LOCALE_NUMERIC USE_PERLIO USE_PERL_ATOF
                        USE_REENTRANT_API
  Locally applied patches:
	Devel::PatchPerl 2.08
  Built under openbsd
  Compiled at Jun  6 2021 19:18:17
  %ENV:
    PERL5LIB="/home/cpan/pit/jail/JqYADMtmeG/lib/perl5:/home/cpan/pit/thr/conf/perl-5.18.0/.cpanplus/5.18.0/build/nWmUnDvasF/CGI-Ex-2.53/blib/lib:/home/cpan/pit/thr/conf/perl-5.18.0/.cpanplus/5.18.0/build/nWmUnDvasF/CGI-Ex-2.53/blib/arch"
    PERL5_CPANPLUS_IS_RUNNING="84676"
    PERL5_CPANPLUS_IS_VERSION="0.9914"
    PERL5_MINISMOKEBOX="0.68"
    PERL5_YACSMOKE_BASE="/home/cpan/pit/thr/conf/perl-5.18.0"
    PERL_EXTUTILS_AUTOINSTALL="--defaultdeps"
    PERL_LOCAL_LIB_ROOT="/home/cpan/pit/jail/JqYADMtmeG"
    PERL_MB_OPT="--install_base "/home/cpan/pit/jail/JqYADMtmeG""
    PERL_MM_OPT="INSTALL_BASE=/home/cpan/pit/jail/JqYADMtmeG"
    PERL_MM_USE_DEFAULT="1"
  @INC:
    /home/cpan/pit/jail/JqYADMtmeG/lib/perl5/5.18.0/OpenBSD.amd64-openbsd-thread-multi
    /home/cpan/pit/jail/JqYADMtmeG/lib/perl5/5.18.0
    /home/cpan/pit/jail/JqYADMtmeG/lib/perl5/OpenBSD.amd64-openbsd-thread-multi
    /home/cpan/pit/jail/JqYADMtmeG/lib/perl5
    /home/cpan/pit/thr/conf/perl-5.18.0/.cpanplus/5.18.0/build/nWmUnDvasF/CGI-Ex-2.53/blib/lib
    /home/cpan/pit/thr/conf/perl-5.18.0/.cpanplus/5.18.0/build/nWmUnDvasF/CGI-Ex-2.53/blib/arch
    /home/cpan/pit/thr/perl-5.18.0/lib/site_perl/5.18.0/OpenBSD.amd64-openbsd-thread-multi
    /home/cpan/pit/thr/perl-5.18.0/lib/site_perl/5.18.0
    /home/cpan/pit/thr/perl-5.18.0/lib/5.18.0/OpenBSD.amd64-openbsd-thread-multi
    /home/cpan/pit/thr/perl-5.18.0/lib/5.18.0
    .