Back
From: metabase:user:322078bc-2aae-11df-837a-5e0a49663a4f
Subject: FAIL POE-Component-UserBase-0.09 v5.12.0 OpenBSD
Date: 2011-05-17T01:57:28Z
This distribution has been tested as part of the CPAN Testers
project, supporting the Perl programming language. See
http://wiki.cpantesters.org/ for more information or email
questions to cpan-testers-discuss@perl.org
--
Dear JGOFF,
This is a computer-generated error report created automatically by
CPANPLUS, version 0.9105. Testers personal comments may appear
at the end of this report.
Thank you for uploading your work to CPAN. However, it appears that
there were some problems testing your distribution.
TEST RESULTS:
Below is the error stack from stage 'make test':
[MSG] [Tue May 17 02:57:17 2011] Already ran '/usr/bin/make' for this module [IO::Tty] -- not running again unless you force
[MSG] [Tue May 17 02:57:17 2011] Sending test report for 'IO-Tty-1.10'
[MSG] [Tue May 17 02:57:17 2011] Ok, not sending test report
[MSG] [Tue May 17 02:57:26 2011] /home/cpan/pit/bare/perl-5.12.0/bin/perl mylib/gen-tests.perl lib/POE.pm
cp lib/POE/Resource/SIDs.pm blib/lib/POE/Resource/SIDs.pm
cp lib/POE/Pipe.pm blib/lib/POE/Pipe.pm
cp lib/POE/Filter/RecordBlock.pm blib/lib/POE/Filter/RecordBlock.pm
cp lib/POE/Filter/Map.pm blib/lib/POE/Filter/Map.pm
cp lib/POE/Filter/HTTPD.pm blib/lib/POE/Filter/HTTPD.pm
cp lib/POE/Driver.pm blib/lib/POE/Driver.pm
cp lib/POE/Resource/Events.pm blib/lib/POE/Resource/Events.pm
cp lib/POE/Filter.pm blib/lib/POE/Filter.pm
cp lib/POE/Wheel/ListenAccept.pm blib/lib/POE/Wheel/ListenAccept.pm
cp lib/POE/Queue/Array.pm blib/lib/POE/Queue/Array.pm
cp lib/POE/Loop/PerlSignals.pm blib/lib/POE/Loop/PerlSignals.pm
cp lib/POE/Wheel/ReadWrite.pm blib/lib/POE/Wheel/ReadWrite.pm
cp lib/POE/Wheel/Curses.pm blib/lib/POE/Wheel/Curses.pm
cp lib/POE.pm blib/lib/POE.pm
cp lib/POE/Resource/FileHandles.pm blib/lib/POE/Resource/FileHandles.pm
cp lib/POE/Driver/SysRW.pm blib/lib/POE/Driver/SysRW.pm
cp lib/POE/Pipe/TwoWay.pm blib/lib/POE/Pipe/TwoWay.pm
cp lib/POE/Filter/Stream.pm blib/lib/POE/Filter/Stream.pm
cp lib/POE/Pipe/OneWay.pm blib/lib/POE/Pipe/OneWay.pm
cp lib/POE/Filter/Grep.pm blib/lib/POE/Filter/Grep.pm
cp lib/POE/Filter/Reference.pm blib/lib/POE/Filter/Reference.pm
cp lib/POE/Filter/Block.pm blib/lib/POE/Filter/Block.pm
cp lib/POE/Wheel/SocketFactory.pm blib/lib/POE/Wheel/SocketFactory.pm
cp lib/POE/Filter/Stackable.pm blib/lib/POE/Filter/Stackable.pm
cp lib/POE/Component/Server/TCP.pm blib/lib/POE/Component/Server/TCP.pm
cp lib/POE/Filter/Line.pm blib/lib/POE/Filter/Line.pm
cp lib/POE/Loop/Select.pm blib/lib/POE/Loop/Select.pm
cp lib/POE/Component.pm blib/lib/POE/Component.pm
cp lib/POE/NFA.pm blib/lib/POE/NFA.pm
cp lib/POE/Session.pm blib/lib/POE/Session.pm
cp lib/POE/Component/Client/TCP.pm blib/lib/POE/Component/Client/TCP.pm
cp lib/POE/Kernel.pm blib/lib/POE/Kernel.pm
cp lib/POE/Resources.pm blib/lib/POE/Resources.pm
cp lib/POE/Resource/Aliases.pm blib/lib/POE/Resource/Aliases.pm
cp lib/POE/Resource/Extrefs.pm blib/lib/POE/Resource/Extrefs.pm
cp lib/POE/Loop.pm blib/lib/POE/Loop.pm
cp lib/POE/Resource/Sessions.pm blib/lib/POE/Resource/Sessions.pm
cp lib/POE/Wheel/FollowTail.pm blib/lib/POE/Wheel/FollowTail.pm
cp lib/POE/Loop/IO_Poll.pm blib/lib/POE/Loop/IO_Poll.pm
cp lib/POE/Wheel/Run.pm blib/lib/POE/Wheel/Run.pm
cp lib/POE/Resource.pm blib/lib/POE/Resource.pm
cp lib/POE/Queue.pm blib/lib/POE/Queue.pm
cp lib/POE/Wheel/ReadLine.pm blib/lib/POE/Wheel/ReadLine.pm
cp lib/POE/Wheel.pm blib/lib/POE/Wheel.pm
cp lib/POE/Resource/Signals.pm blib/lib/POE/Resource/Signals.pm
Manifying blib/man3/POE::Resource::SIDs.3
Manifying blib/man3/POE::Filter::RecordBlock.3
Manifying blib/man3/POE::Pipe.3
Manifying blib/man3/POE::Filter::Map.3
Manifying blib/man3/POE::Filter::HTTPD.3
Manifying blib/man3/POE::Driver.3
Manifying blib/man3/POE::Resource::Events.3
Manifying blib/man3/POE::Filter.3
Manifying blib/man3/POE::Wheel::ListenAccept.3
Manifying blib/man3/POE::Queue::Array.3
Manifying blib/man3/POE::Loop::PerlSignals.3
Manifying blib/man3/POE::Wheel::ReadWrite.3
Manifying blib/man3/POE::Wheel::Curses.3
Manifying blib/man3/POE.3
Manifying blib/man3/POE::Resource::FileHandles.3
Manifying blib/man3/POE::Driver::SysRW.3
Manifying blib/man3/POE::Pipe::TwoWay.3
Manifying blib/man3/POE::Filter::Stream.3
Manifying blib/man3/POE::Pipe::OneWay.3
Manifying blib/man3/POE::Filter::Grep.3
Manifying blib/man3/POE::Filter::Reference.3
Manifying blib/man3/POE::Filter::Block.3
Manifying blib/man3/POE::Wheel::SocketFactory.3
Manifying blib/man3/POE::Filter::Stackable.3
Manifying blib/man3/POE::Component::Server::TCP.3
Manifying blib/man3/POE::Filter::Line.3
Manifying blib/man3/POE::Loop::Select.3
Manifying blib/man3/POE::Component.3
Manifying blib/man3/POE::NFA.3
Manifying blib/man3/POE::Session.3
Manifying blib/man3/POE::Component::Client::TCP.3
Manifying blib/man3/POE::Kernel.3
Manifying blib/man3/POE::Resources.3
Manifying blib/man3/POE::Resource::Aliases.3
Manifying blib/man3/POE::Resource::Extrefs.3
Manifying blib/man3/POE::Wheel::FollowTail.3
Manifying blib/man3/POE::Resource::Sessions.3
Manifying blib/man3/POE::Loop.3
Manifying blib/man3/POE::Loop::IO_Poll.3
Manifying blib/man3/POE::Wheel::Run.3
Manifying blib/man3/POE::Resource.3
Manifying blib/man3/POE::Wheel::ReadLine.3
Manifying blib/man3/POE::Queue.3
Manifying blib/man3/POE::Resource::Signals.3
Manifying blib/man3/POE::Wheel.3
[MSG] [Tue May 17 02:57:26 2011] Sending test report for 'POE-1.311'
[MSG] [Tue May 17 02:57:26 2011] Ok, not sending test report
[MSG] [Tue May 17 02:57:28 2011] cp UserBase.pm blib/lib/POE/Component/UserBase.pm
Manifying blib/man3/POE::Component::UserBase.3
[ERROR] [Tue May 17 02:57:28 2011] MAKE TEST failed: PERL_DL_NONLAZY=1 /home/cpan/pit/bare/perl-5.12.0/bin/perl "-MExtUtils::Command::MM" "-e" "test_harness(0, 'blib/lib', 'blib/arch')" t/*.t
t/01_basic.t .. ok
=== 25362 === a '_stop' event was sent from /home/cpan/pit/bare/conf/perl-5.12.0/.cpanplus/5.12.0/build/POE-1.311/blib/lib/POE/Resource/Sessions.pm at 571 to session 1 (file_user_base) but session 1 (file_user_base) has neither a handler for it nor one for _default
t/02_file.t ... ok
Can't locate object method "connect" via package "DBI" (perhaps you forgot to load "DBI"?) at t/03_dbi.t line 46.
t/03_dbi.t ....
Dubious, test returned 255 (wstat 65280, 0xff00)
Failed 1/1 subtests
Test Summary Report
-------------------
t/03_dbi.t (Wstat: 65280 Tests: 0 Failed: 0)
Non-zero exit status: 255
Parse errors: Bad plan. You planned 1 tests but ran 0.
Files=3, Tests=7, 0 wallclock secs ( 0.01 usr 0.02 sys + 0.19 cusr 0.08 csys = 0.30 CPU)
Result: FAIL
Failed 1/3 test programs. 0/7 subtests failed.
*** Error code 255
Stop in /home/cpan/pit/bare/conf/perl-5.12.0/.cpanplus/5.12.0/build/POE-Component-UserBase-0.09 (line 776 of Makefile).
[MSG] [Tue May 17 02:57:28 2011] DEFAULT 'proceed_on_test_failure' HANDLER RETURNING 'sub return value'
PREREQUISITES:
Here is a list of prerequisites you specified and versions we
managed to load:
Module Name Have Want
POE 1.311 0.11
Storable 2.25 1
Perl module toolchain versions installed:
Module Name Have
CPANPLUS 0.9105
CPANPLUS::Dist::Build 0.56
Cwd 3.33
ExtUtils::CBuilder 0.280202
ExtUtils::Command 1.16
ExtUtils::Install 1.55
ExtUtils::MakeMaker 6.56
ExtUtils::Manifest 1.58
ExtUtils::ParseXS 2.2206
File::Spec 3.33
Module::Build 0.3800
Test::Harness 3.23
Test::More 0.98
version 0.88
******************************** NOTE ********************************
The comments above are created mechanically, possibly without manual
checking by the sender. As there are many people performing automatic
tests on each upload to CPAN, it is likely that you will receive
identical messages about the same problem.
If you believe that the message is mistaken, please reply to the first
one with correction and/or additional informations, and do not take
it personally. We appreciate your patience. :)
**********************************************************************
Additional comments:
This report was machine-generated by CPANPLUS::Dist::YACSmoke 0.62.
Powered by minismokebox version 0.44
------------------------------
ENVIRONMENT AND OTHER CONTEXT
------------------------------
Environment variables:
AUTOMATED_TESTING = 1
PATH = /home/cpan/bin:/bin:/sbin:/usr/bin:/usr/sbin:/usr/X11R6/bin:/usr/local/bin:/usr/local/sbin:/usr/games:.
PERL5LIB = :/home/cpan/pit/bare/conf/perl-5.12.0/.cpanplus/5.12.0/build/POE-Test-Loops-1.311/blib/lib:/home/cpan/pit/bare/conf/perl-5.12.0/.cpanplus/5.12.0/build/POE-Test-Loops-1.311/blib/arch:/home/cpan/pit/bare/conf/perl-5.12.0/.cpanplus/5.12.0/build/IO-Tty-1.10/blib/lib:/home/cpan/pit/bare/conf/perl-5.12.0/.cpanplus/5.12.0/build/IO-Tty-1.10/blib/arch:/home/cpan/pit/bare/conf/perl-5.12.0/.cpanplus/5.12.0/build/POE-1.311/blib/lib:/home/cpan/pit/bare/conf/perl-5.12.0/.cpanplus/5.12.0/build/POE-1.311/blib/arch:/home/cpan/pit/bare/conf/perl-5.12.0/.cpanplus/5.12.0/build/POE-Component-UserBase-0.09/blib/lib:/home/cpan/pit/bare/conf/perl-5.12.0/.cpanplus/5.12.0/build/POE-Component-UserBase-0.09/blib/arch
PERL5_CPANPLUS_IS_RUNNING = 26262
PERL5_CPANPLUS_IS_VERSION = 0.9105
PERL5_MINISMOKEBOX = 0.44
PERL5_YACSMOKE_BASE = /home/cpan/pit/bare/conf/perl-5.12.0
PERL_EXTUTILS_AUTOINSTALL = --defaultdeps
PERL_MM_USE_DEFAULT = 1
SHELL = /usr/local/bin/bash
TERM = screen
Perl special variables (and OS-specific diagnostics, for MSWin32):
Perl: $^X = /home/cpan/pit/bare/perl-5.12.0/bin/perl
UID: $< = 1001
EUID: $> = 1001
GID: $( = 1001 1001
EGID: $) = 1001 1001
-------------------------------
--
Summary of my perl5 (revision 5 version 12 subversion 0) configuration:
Platform:
osname=openbsd, osvers=4.9, archname=OpenBSD.amd64-openbsd
uname='openbsd ostrich.bingosnet.co.uk 4.9 generic#477 amd64 '
config_args='-des -Dprefix=/home/cpan/pit/bare/perl-5.12.0'
hint=recommended, useposix=true, d_sigaction=define
useithreads=undef, usemultiplicity=undef
useperlio=define, d_sfio=undef, uselargefiles=define, usesocks=undef
use64bitint=define, use64bitall=define, uselongdouble=undef
usemymalloc=y, bincompat5005=undef
Compiler:
cc='cc', ccflags ='-fno-strict-aliasing -pipe -fstack-protector -I/usr/local/include',
optimize='-O2',
cppflags='-fno-strict-aliasing -pipe -fstack-protector -I/usr/local/include'
ccversion='', gccversion='4.2.1 20070719 ', gccosandvers='openbsd4.9'
intsize=4, longsize=8, ptrsize=8, doublesize=8, byteorder=12345678
d_longlong=define, longlongsize=8, d_longdbl=define, longdblsize=16
ivtype='long', ivsize=8, nvtype='double', nvsize=8, Off_t='off_t', lseeksize=8
alignbytes=8, prototype=define
Linker and Libraries:
ld='cc', ldflags ='-Wl,-E -fstack-protector -L/usr/local/lib'
libpth=/usr/local/lib /usr/lib
libs=-lgdbm -lm -lutil -lc
perllibs=-lm -lutil -lc
libc=/usr/lib/libc.so.58.0, so=so, useshrplib=false, libperl=libperl.a
gnulibc_version=''
Dynamic Linking:
dlsrc=dl_dlopen.xs, dlext=so, d_dlsymun=undef, ccdlflags=' '
cccdlflags='-DPIC -fPIC ', lddlflags='-shared -fPIC -L/usr/local/lib -fstack-protector'
Characteristics of this binary (from libperl):
Compile-time options: MYMALLOC PERL_DONT_CREATE_GVSV PERL_MALLOC_WRAP
USE_64_BIT_ALL USE_64_BIT_INT USE_LARGE_FILES
USE_PERLIO USE_PERL_ATOF
Built under openbsd
Compiled at May 4 2011 15:32:33
%ENV:
PERL5LIB=":/home/cpan/pit/bare/conf/perl-5.12.0/.cpanplus/5.12.0/build/POE-Test-Loops-1.311/blib/lib:/home/cpan/pit/bare/conf/perl-5.12.0/.cpanplus/5.12.0/build/POE-Test-Loops-1.311/blib/arch:/home/cpan/pit/bare/conf/perl-5.12.0/.cpanplus/5.12.0/build/IO-Tty-1.10/blib/lib:/home/cpan/pit/bare/conf/perl-5.12.0/.cpanplus/5.12.0/build/IO-Tty-1.10/blib/arch:/home/cpan/pit/bare/conf/perl-5.12.0/.cpanplus/5.12.0/build/POE-1.311/blib/lib:/home/cpan/pit/bare/conf/perl-5.12.0/.cpanplus/5.12.0/build/POE-1.311/blib/arch:/home/cpan/pit/bare/conf/perl-5.12.0/.cpanplus/5.12.0/build/POE-Component-UserBase-0.09/blib/lib:/home/cpan/pit/bare/conf/perl-5.12.0/.cpanplus/5.12.0/build/POE-Component-UserBase-0.09/blib/arch"
PERL5_CPANPLUS_IS_RUNNING="26262"
PERL5_CPANPLUS_IS_VERSION="0.9105"
PERL5_MINISMOKEBOX="0.44"
PERL5_YACSMOKE_BASE="/home/cpan/pit/bare/conf/perl-5.12.0"
PERL_EXTUTILS_AUTOINSTALL="--defaultdeps"
PERL_MM_USE_DEFAULT="1"
@INC:
/home/cpan/pit/bare/conf/perl-5.12.0/.cpanplus/5.12.0/build/POE-Test-Loops-1.311/blib/lib
/home/cpan/pit/bare/conf/perl-5.12.0/.cpanplus/5.12.0/build/POE-Test-Loops-1.311/blib/arch
/home/cpan/pit/bare/conf/perl-5.12.0/.cpanplus/5.12.0/build/IO-Tty-1.10/blib/lib
/home/cpan/pit/bare/conf/perl-5.12.0/.cpanplus/5.12.0/build/IO-Tty-1.10/blib/arch
/home/cpan/pit/bare/conf/perl-5.12.0/.cpanplus/5.12.0/build/POE-1.311/blib/lib
/home/cpan/pit/bare/conf/perl-5.12.0/.cpanplus/5.12.0/build/POE-1.311/blib/arch
/home/cpan/pit/bare/conf/perl-5.12.0/.cpanplus/5.12.0/build/POE-Component-UserBase-0.09/blib/lib
/home/cpan/pit/bare/conf/perl-5.12.0/.cpanplus/5.12.0/build/POE-Component-UserBase-0.09/blib/arch
/home/cpan/pit/bare/perl-5.12.0/lib/site_perl/5.12.0/OpenBSD.amd64-openbsd
/home/cpan/pit/bare/perl-5.12.0/lib/site_perl/5.12.0
/home/cpan/pit/bare/perl-5.12.0/lib/5.12.0/OpenBSD.amd64-openbsd
/home/cpan/pit/bare/perl-5.12.0/lib/5.12.0
.