Report for Dancer2-Plugin-ConditionalCaching-0.001

Back
From: metabase:user:314402c4-2aae-11df-837a-5e0a49663a4f
Subject: FAIL Dancer2-Plugin-ConditionalCaching-0.001 v5.20.0 FreeBSD
Date: 2015-06-30T21:21:49Z

This distribution has been tested as part of the CPAN Testers
project, supporting the Perl programming language.  See
http://wiki.cpantesters.org/ for more information or email
questions to cpan-testers-discuss@perl.org


--
Dear David Zurborg,

This is a computer-generated report for Dancer2-Plugin-ConditionalCaching-0.001
on perl 5.20.0, created by CPAN-Reporter-1.2014.

Thank you for uploading your work to CPAN.  However, there was a problem
testing your distribution.

If you think this report is invalid, please consult the CPAN Testers Wiki
for suggestions on how to avoid getting FAIL reports for missing library
or binary dependencies, unsupported operating systems, and so on:

http://wiki.cpantesters.org/wiki/CPANAuthorNotes

Sections of this report:

    * Tester comments
    * Program output
    * Prerequisites
    * Environment and other context

------------------------------
TESTER COMMENTS
------------------------------

Additional comments from tester:

none provided

------------------------------
PROGRAM OUTPUT
------------------------------

Output from '/usr/bin/make test':

PERL_DL_NONLAZY=1 "/usr/perl5.20.0/bin/perl" "-MExtUtils::Command::MM" "-MTest::Harness" "-e" "undef *Test::Harness::Switches; test_harness(0, 'blib/lib', 'blib/arch')" t/*.t t/000/*.t
Use of each() on hash after insertion without resetting hash iterator results in undefined behavior at /usr/perl5.20.0/lib/site_perl/5.20.0/HTTP/Headers/Fancy.pm line 39.
Use of each() on hash after insertion without resetting hash iterator results in undefined behavior at /usr/perl5.20.0/lib/site_perl/5.20.0/HTTP/Headers/Fancy.pm line 20.
Use of each() on hash after insertion without resetting hash iterator results in undefined behavior at /usr/perl5.20.0/lib/site_perl/5.20.0/HTTP/Headers/Fancy.pm line 20.
Use of each() on hash after insertion without resetting hash iterator results in undefined behavior at /usr/perl5.20.0/lib/site_perl/5.20.0/HTTP/Headers/Fancy.pm line 20.
[Webservice:88415] error @2015-06-30 14:26:38> Route exception: Undefined subroutine &HTTP::Headers::Fancy::split_field_hash called at /usr/home/eserte/.cpan/build/Dancer2-Plugin-ConditionalCaching-0.001-OIwSKO/blib/lib/Dancer2/Plugin/ConditionalCaching.pm line 87. in /usr/perl5.20.0/lib/site_perl/5.20.0/Return/MultiLevel.pm l. 36
    
    #   Failed test at t/000/conditional.t line 41.
    #          got: '500'
    #     expected: '200'
    # Looks like you failed 1 test of 1.

#   Failed test 'If-Match: *'
#   at t/000/conditional.t line 43.
Use of each() on hash after insertion without resetting hash iterator results in undefined behavior at /usr/perl5.20.0/lib/site_perl/5.20.0/HTTP/Headers/Fancy.pm line 39.
Use of each() on hash after insertion without resetting hash iterator results in undefined behavior at /usr/perl5.20.0/lib/site_perl/5.20.0/HTTP/Headers/Fancy.pm line 20.
Use of each() on hash after insertion without resetting hash iterator results in undefined behavior at /usr/perl5.20.0/lib/site_perl/5.20.0/HTTP/Headers/Fancy.pm line 20.
Use of each() on hash after insertion without resetting hash iterator results in undefined behavior at /usr/perl5.20.0/lib/site_perl/5.20.0/HTTP/Headers/Fancy.pm line 20.
Use of each() on hash after insertion without resetting hash iterator results in undefined behavior at /usr/perl5.20.0/lib/site_perl/5.20.0/HTTP/Headers/Fancy.pm line 20.
Use of each() on hash after insertion without resetting hash iterator results in undefined behavior at /usr/perl5.20.0/lib/site_perl/5.20.0/HTTP/Headers/Fancy.pm line 20.
[Webservice:88415] error @2015-06-30 14:26:38> Route exception: Undefined subroutine &HTTP::Headers::Fancy::split_field_hash called at /usr/home/eserte/.cpan/build/Dancer2-Plugin-ConditionalCaching-0.001-OIwSKO/blib/lib/Dancer2/Plugin/ConditionalCaching.pm line 87. in /usr/perl5.20.0/lib/site_perl/5.20.0/Return/MultiLevel.pm l. 36
    
    #   Failed test at t/000/conditional.t line 60.
    #          got: '500'
    #     expected: '412'
    # Looks like you failed 1 test of 1.

#   Failed test 'If-Match: "xxxxx"'
#   at t/000/conditional.t line 62.
Use of each() on hash after insertion without resetting hash iterator results in undefined behavior at /usr/perl5.20.0/lib/site_perl/5.20.0/HTTP/Headers/Fancy.pm line 39.
Use of each() on hash after insertion without resetting hash iterator results in undefined behavior at /usr/perl5.20.0/lib/site_perl/5.20.0/HTTP/Headers/Fancy.pm line 20.
Use of each() on hash after insertion without resetting hash iterator results in undefined behavior at /usr/perl5.20.0/lib/site_perl/5.20.0/HTTP/Headers/Fancy.pm line 20.
[Webservice:88415] error @2015-06-30 14:26:38> Route exception: Undefined subroutine &HTTP::Headers::Fancy::split_field_hash called at /usr/home/eserte/.cpan/build/Dancer2-Plugin-ConditionalCaching-0.001-OIwSKO/blib/lib/Dancer2/Plugin/ConditionalCaching.pm line 87. in /usr/perl5.20.0/lib/site_perl/5.20.0/Return/MultiLevel.pm l. 36
    
    #   Failed test at t/000/conditional.t line 79.
    #          got: '500'
    #     expected: '412'
    # Looks like you failed 1 test of 1.

#   Failed test 'If-Unmodified-Since'
#   at t/000/conditional.t line 81.
Use of each() on hash after insertion without resetting hash iterator results in undefined behavior at /usr/perl5.20.0/lib/site_perl/5.20.0/HTTP/Headers/Fancy.pm line 39.
Use of each() on hash after insertion without resetting hash iterator results in undefined behavior at /usr/perl5.20.0/lib/site_perl/5.20.0/HTTP/Headers/Fancy.pm line 20.
Use of each() on hash after insertion without resetting hash iterator results in undefined behavior at /usr/perl5.20.0/lib/site_perl/5.20.0/HTTP/Headers/Fancy.pm line 20.
[Webservice:88415] error @2015-06-30 14:26:38> Route exception: Undefined subroutine &HTTP::Headers::Fancy::split_field_hash called at /usr/home/eserte/.cpan/build/Dancer2-Plugin-ConditionalCaching-0.001-OIwSKO/blib/lib/Dancer2/Plugin/ConditionalCaching.pm line 87. in /usr/perl5.20.0/lib/site_perl/5.20.0/Return/MultiLevel.pm l. 36
    
    #   Failed test at t/000/conditional.t line 98.
    #          got: '500'
    #     expected: '304'
Use of each() on hash after insertion without resetting hash iterator results in undefined behavior at /usr/perl5.20.0/lib/site_perl/5.20.0/HTTP/Headers/Fancy.pm line 39.
Use of each() on hash after insertion without resetting hash iterator results in undefined behavior at /usr/perl5.20.0/lib/site_perl/5.20.0/HTTP/Headers/Fancy.pm line 20.
Use of each() on hash after insertion without resetting hash iterator results in undefined behavior at /usr/perl5.20.0/lib/site_perl/5.20.0/HTTP/Headers/Fancy.pm line 20.
Use of each() on hash after insertion without resetting hash iterator results in undefined behavior at /usr/perl5.20.0/lib/site_perl/5.20.0/HTTP/Headers/Fancy.pm line 20.
[Webservice:88415] error @2015-06-30 14:26:38> Route exception: Undefined subroutine &HTTP::Headers::Fancy::split_field_hash called at /usr/home/eserte/.cpan/build/Dancer2-Plugin-ConditionalCaching-0.001-OIwSKO/blib/lib/Dancer2/Plugin/ConditionalCaching.pm line 87. in /usr/perl5.20.0/lib/site_perl/5.20.0/Return/MultiLevel.pm l. 36
    
    #   Failed test at t/000/conditional.t line 110.
    #          got: '500'
    #     expected: '412'
    # Looks like you failed 2 tests of 2.

#   Failed test 'If-None-Match: *'
#   at t/000/conditional.t line 112.
Use of each() on hash after insertion without resetting hash iterator results in undefined behavior at /usr/perl5.20.0/lib/site_perl/5.20.0/HTTP/Headers/Fancy.pm line 39.
Use of each() on hash after insertion without resetting hash iterator results in undefined behavior at /usr/perl5.20.0/lib/site_perl/5.20.0/HTTP/Headers/Fancy.pm line 20.
Use of each() on hash after insertion without resetting hash iterator results in undefined behavior at /usr/perl5.20.0/lib/site_perl/5.20.0/HTTP/Headers/Fancy.pm line 20.
Use of each() on hash after insertion without resetting hash iterator results in undefined behavior at /usr/perl5.20.0/lib/site_perl/5.20.0/HTTP/Headers/Fancy.pm line 20.
Use of each() on hash after insertion without resetting hash iterator results in undefined behavior at /usr/perl5.20.0/lib/site_perl/5.20.0/HTTP/Headers/Fancy.pm line 20.
Use of each() on hash after insertion without resetting hash iterator results in undefined behavior at /usr/perl5.20.0/lib/site_perl/5.20.0/HTTP/Headers/Fancy.pm line 20.
[Webservice:88415] error @2015-06-30 14:26:38> Route exception: Undefined subroutine &HTTP::Headers::Fancy::split_field_hash called at /usr/home/eserte/.cpan/build/Dancer2-Plugin-ConditionalCaching-0.001-OIwSKO/blib/lib/Dancer2/Plugin/ConditionalCaching.pm line 87. in /usr/perl5.20.0/lib/site_perl/5.20.0/Return/MultiLevel.pm l. 36
    
    #   Failed test at t/000/conditional.t line 129.
    #          got: '500'
    #     expected: '304'
Use of each() on hash after insertion without resetting hash iterator results in undefined behavior at /usr/perl5.20.0/lib/site_perl/5.20.0/HTTP/Headers/Fancy.pm line 39.
Use of each() on hash after insertion without resetting hash iterator results in undefined behavior at /usr/perl5.20.0/lib/site_perl/5.20.0/HTTP/Headers/Fancy.pm line 20.
[Webservice:88415] error @2015-06-30 14:26:38> Route exception: Undefined subroutine &HTTP::Headers::Fancy::split_field_hash called at /usr/home/eserte/.cpan/build/Dancer2-Plugin-ConditionalCaching-0.001-OIwSKO/blib/lib/Dancer2/Plugin/ConditionalCaching.pm line 87. in /usr/perl5.20.0/lib/site_perl/5.20.0/Return/MultiLevel.pm l. 36
    
    #   Failed test at t/000/conditional.t line 141.
    #          got: '500'
    #     expected: '412'
    # Looks like you failed 2 tests of 2.

#   Failed test 'If-None-Match: "abcdef"'
#   at t/000/conditional.t line 143.
Use of each() on hash after insertion without resetting hash iterator results in undefined behavior at /usr/perl5.20.0/lib/site_perl/5.20.0/HTTP/Headers/Fancy.pm line 39.
Use of each() on hash after insertion without resetting hash iterator results in undefined behavior at /usr/perl5.20.0/lib/site_perl/5.20.0/HTTP/Headers/Fancy.pm line 20.
Use of each() on hash after insertion without resetting hash iterator results in undefined behavior at /usr/perl5.20.0/lib/site_perl/5.20.0/HTTP/Headers/Fancy.pm line 20.
[Webservice:88415] error @2015-06-30 14:26:38> Route exception: Undefined subroutine &HTTP::Headers::Fancy::split_field_hash called at /usr/home/eserte/.cpan/build/Dancer2-Plugin-ConditionalCaching-0.001-OIwSKO/blib/lib/Dancer2/Plugin/ConditionalCaching.pm line 87. in /usr/perl5.20.0/lib/site_perl/5.20.0/Return/MultiLevel.pm l. 36
    
    #   Failed test at t/000/conditional.t line 160.
    #          got: '500'
    #     expected: '304'
    # Looks like you failed 1 test of 1.

#   Failed test 'If-Modified-Since'
#   at t/000/conditional.t line 162.
# Looks like you failed 6 tests of 6.
t/000/conditional.t ....... 
Dubious, test returned 6 (wstat 1536, 0x600)
Failed 6/6 subtests 
Undefined subroutine &HTTP::Headers::Fancy::build_field_hash called at t/tests.pm line 137.
# Looks like your test exited with 29 before it could output anything.
t/000/request.t ........... 
Dubious, test returned 29 (wstat 7424, 0x1d00)
Failed 6/6 subtests 
Use of each() on hash after insertion without resetting hash iterator results in undefined behavior at /usr/perl5.20.0/lib/site_perl/5.20.0/HTTP/Headers/Fancy.pm line 20.
Use of each() on hash after insertion without resetting hash iterator results in undefined behavior at /usr/perl5.20.0/lib/site_perl/5.20.0/HTTP/Headers/Fancy.pm line 20.
Use of each() on hash after insertion without resetting hash iterator results in undefined behavior at /usr/perl5.20.0/lib/site_perl/5.20.0/HTTP/Headers/Fancy.pm line 20.
[Webservice:88417] error @2015-06-30 14:26:41> Route exception: Undefined subroutine &HTTP::Headers::Fancy::split_field_hash called at /usr/home/eserte/.cpan/build/Dancer2-Plugin-ConditionalCaching-0.001-OIwSKO/blib/lib/Dancer2/Plugin/ConditionalCaching.pm line 87. in /usr/perl5.20.0/lib/site_perl/5.20.0/Return/MultiLevel.pm l. 36
    
    #   Failed test at t/000/response.t line 58.
Use of each() on hash after insertion without resetting hash iterator results in undefined behavior at /usr/perl5.20.0/lib/site_perl/5.20.0/HTTP/Headers/Fancy.pm line 20.
Use of each() on hash after insertion without resetting hash iterator results in undefined behavior at /usr/perl5.20.0/lib/site_perl/5.20.0/HTTP/Headers/Fancy.pm line 20.
Use of each() on hash after insertion without resetting hash iterator results in undefined behavior at /usr/perl5.20.0/lib/site_perl/5.20.0/HTTP/Headers/Fancy.pm line 20.
Use of each() on hash after insertion without resetting hash iterator results in undefined behavior at /usr/perl5.20.0/lib/site_perl/5.20.0/HTTP/Headers/Fancy.pm line 20.
        
        #   Failed test 'header CacheControl exists'
        #   at t/tests.pm line 109.
        # Looks like you failed 1 test of 4.
    
    #   Failed test 'HTTP header check'
    #   at t/tests.pm line 124.
    # Looks like you failed 2 tests of 2.

#   Failed test 'a'
#   at t/000/response.t line 67.
Use of each() on hash after insertion without resetting hash iterator results in undefined behavior at /usr/perl5.20.0/lib/site_perl/5.20.0/HTTP/Headers/Fancy.pm line 20.
Use of each() on hash after insertion without resetting hash iterator results in undefined behavior at /usr/perl5.20.0/lib/site_perl/5.20.0/HTTP/Headers/Fancy.pm line 20.
Use of each() on hash after insertion without resetting hash iterator results in undefined behavior at /usr/perl5.20.0/lib/site_perl/5.20.0/HTTP/Headers/Fancy.pm line 20.
[Webservice:88417] error @2015-06-30 14:26:41> Route exception: Undefined subroutine &HTTP::Headers::Fancy::split_field_hash called at /usr/home/eserte/.cpan/build/Dancer2-Plugin-ConditionalCaching-0.001-OIwSKO/blib/lib/Dancer2/Plugin/ConditionalCaching.pm line 87. in /usr/perl5.20.0/lib/site_perl/5.20.0/Return/MultiLevel.pm l. 36
    
    #   Failed test at t/000/response.t line 78.
Use of each() on hash after insertion without resetting hash iterator results in undefined behavior at /usr/perl5.20.0/lib/site_perl/5.20.0/HTTP/Headers/Fancy.pm line 20.
Use of each() on hash after insertion without resetting hash iterator results in undefined behavior at /usr/perl5.20.0/lib/site_perl/5.20.0/HTTP/Headers/Fancy.pm line 20.
        
        #   Failed test 'header Etag exists'
        #   at t/tests.pm line 109.
        # Looks like you failed 1 test of 1.
    
    #   Failed test 'HTTP header check'
    #   at t/tests.pm line 124.
    # Looks like you failed 2 tests of 2.

#   Failed test 'b1'
#   at t/000/response.t line 81.
Use of each() on hash after insertion without resetting hash iterator results in undefined behavior at /usr/perl5.20.0/lib/site_perl/5.20.0/HTTP/Headers/Fancy.pm line 20.
Use of each() on hash after insertion without resetting hash iterator results in undefined behavior at /usr/perl5.20.0/lib/site_perl/5.20.0/HTTP/Headers/Fancy.pm line 20.
[Webservice:88417] error @2015-06-30 14:26:41> Route exception: Undefined subroutine &HTTP::Headers::Fancy::split_field_hash called at /usr/home/eserte/.cpan/build/Dancer2-Plugin-ConditionalCaching-0.001-OIwSKO/blib/lib/Dancer2/Plugin/ConditionalCaching.pm line 87. in /usr/perl5.20.0/lib/site_perl/5.20.0/Return/MultiLevel.pm l. 36
    
    #   Failed test at t/000/response.t line 92.
Use of each() on hash after insertion without resetting hash iterator results in undefined behavior at /usr/perl5.20.0/lib/site_perl/5.20.0/HTTP/Headers/Fancy.pm line 20.
Use of each() on hash after insertion without resetting hash iterator results in undefined behavior at /usr/perl5.20.0/lib/site_perl/5.20.0/HTTP/Headers/Fancy.pm line 20.
        
        #   Failed test 'header Etag exists'
        #   at t/tests.pm line 109.
        # Looks like you failed 1 test of 1.
    
    #   Failed test 'HTTP header check'
    #   at t/tests.pm line 124.
    # Looks like you failed 2 tests of 2.

#   Failed test 'b2'
#   at t/000/response.t line 95.
Use of each() on hash after insertion without resetting hash iterator results in undefined behavior at /usr/perl5.20.0/lib/site_perl/5.20.0/HTTP/Headers/Fancy.pm line 20.
Use of each() on hash after insertion without resetting hash iterator results in undefined behavior at /usr/perl5.20.0/lib/site_perl/5.20.0/HTTP/Headers/Fancy.pm line 20.
[Webservice:88417] error @2015-06-30 14:26:41> Route exception: Undefined subroutine &HTTP::Headers::Fancy::split_field_hash called at /usr/home/eserte/.cpan/build/Dancer2-Plugin-ConditionalCaching-0.001-OIwSKO/blib/lib/Dancer2/Plugin/ConditionalCaching.pm line 87. in /usr/perl5.20.0/lib/site_perl/5.20.0/Return/MultiLevel.pm l. 36
    
    #   Failed test at t/000/response.t line 106.
Use of each() on hash after insertion without resetting hash iterator results in undefined behavior at /usr/perl5.20.0/lib/site_perl/5.20.0/HTTP/Headers/Fancy.pm line 20.
Use of each() on hash after insertion without resetting hash iterator results in undefined behavior at /usr/perl5.20.0/lib/site_perl/5.20.0/HTTP/Headers/Fancy.pm line 20.
        
        #   Failed test 'header Age exists'
        #   at t/tests.pm line 109.
        
        #   Failed test 'header LastModified exists'
        #   at t/tests.pm line 109.
        # Looks like you failed 2 tests of 3.
    
    #   Failed test 'HTTP header check'
    #   at t/tests.pm line 124.
    # Looks like you failed 2 tests of 2.

#   Failed test 'c'
#   at t/000/response.t line 114.
Use of each() on hash after insertion without resetting hash iterator results in undefined behavior at /usr/perl5.20.0/lib/site_perl/5.20.0/HTTP/Headers/Fancy.pm line 20.
Use of each() on hash after insertion without resetting hash iterator results in undefined behavior at /usr/perl5.20.0/lib/site_perl/5.20.0/HTTP/Headers/Fancy.pm line 20.
Use of each() on hash after insertion without resetting hash iterator results in undefined behavior at /usr/perl5.20.0/lib/site_perl/5.20.0/HTTP/Headers/Fancy.pm line 20.
[Webservice:88417] error @2015-06-30 14:26:41> Route exception: Undefined subroutine &HTTP::Headers::Fancy::split_field_hash called at /usr/home/eserte/.cpan/build/Dancer2-Plugin-ConditionalCaching-0.001-OIwSKO/blib/lib/Dancer2/Plugin/ConditionalCaching.pm line 87. in /usr/perl5.20.0/lib/site_perl/5.20.0/Return/MultiLevel.pm l. 36
    
    #   Failed test at t/000/response.t line 125.
Use of each() on hash after insertion without resetting hash iterator results in undefined behavior at /usr/perl5.20.0/lib/site_perl/5.20.0/HTTP/Headers/Fancy.pm line 20.
Use of each() on hash after insertion without resetting hash iterator results in undefined behavior at /usr/perl5.20.0/lib/site_perl/5.20.0/HTTP/Headers/Fancy.pm line 20.
        
        #   Failed test 'header Expires exists'
        #   at t/tests.pm line 109.
        # Looks like you failed 1 test of 3.
    
    #   Failed test 'HTTP header check'
    #   at t/tests.pm line 124.
    # Looks like you failed 2 tests of 2.

#   Failed test 'd'
#   at t/000/response.t line 133.
Use of each() on hash after insertion without resetting hash iterator results in undefined behavior at /usr/perl5.20.0/lib/site_perl/5.20.0/HTTP/Headers/Fancy.pm line 20.
Use of each() on hash after insertion without resetting hash iterator results in undefined behavior at /usr/perl5.20.0/lib/site_perl/5.20.0/HTTP/Headers/Fancy.pm line 20.
[Webservice:88417] error @2015-06-30 14:26:41> Route exception: Undefined subroutine &HTTP::Headers::Fancy::split_field_hash called at /usr/home/eserte/.cpan/build/Dancer2-Plugin-ConditionalCaching-0.001-OIwSKO/blib/lib/Dancer2/Plugin/ConditionalCaching.pm line 87. in /usr/perl5.20.0/lib/site_perl/5.20.0/Return/MultiLevel.pm l. 36
    
    #   Failed test at t/000/response.t line 144.
Use of each() on hash after insertion without resetting hash iterator results in undefined behavior at /usr/perl5.20.0/lib/site_perl/5.20.0/HTTP/Headers/Fancy.pm line 20.
Use of each() on hash after insertion without resetting hash iterator results in undefined behavior at /usr/perl5.20.0/lib/site_perl/5.20.0/HTTP/Headers/Fancy.pm line 20.
Use of each() on hash after insertion without resetting hash iterator results in undefined behavior at /usr/perl5.20.0/lib/site_perl/5.20.0/HTTP/Headers/Fancy.pm line 20.
        
        #   Failed test 'header CacheControl exists'
        #   at t/tests.pm line 109.
        # Looks like you failed 1 test of 1.
    
    #   Failed test 'HTTP header check'
    #   at t/tests.pm line 124.
    # Looks like you failed 2 tests of 2.

#   Failed test 'e'
#   at t/000/response.t line 157.
Use of each() on hash after insertion without resetting hash iterator results in undefined behavior at /usr/perl5.20.0/lib/site_perl/5.20.0/HTTP/Headers/Fancy.pm line 20.
Use of each() on hash after insertion without resetting hash iterator results in undefined behavior at /usr/perl5.20.0/lib/site_perl/5.20.0/HTTP/Headers/Fancy.pm line 20.
Use of each() on hash after insertion without resetting hash iterator results in undefined behavior at /usr/perl5.20.0/lib/site_perl/5.20.0/HTTP/Headers/Fancy.pm line 20.
[Webservice:88417] error @2015-06-30 14:26:41> Route exception: Undefined subroutine &HTTP::Headers::Fancy::split_field_hash called at /usr/home/eserte/.cpan/build/Dancer2-Plugin-ConditionalCaching-0.001-OIwSKO/blib/lib/Dancer2/Plugin/ConditionalCaching.pm line 87. in /usr/perl5.20.0/lib/site_perl/5.20.0/Return/MultiLevel.pm l. 36
    
    #   Failed test at t/000/response.t line 168.
Use of each() on hash after insertion without resetting hash iterator results in undefined behavior at /usr/perl5.20.0/lib/site_perl/5.20.0/HTTP/Headers/Fancy.pm line 20.
Use of each() on hash after insertion without resetting hash iterator results in undefined behavior at /usr/perl5.20.0/lib/site_perl/5.20.0/HTTP/Headers/Fancy.pm line 20.
Use of each() on hash after insertion without resetting hash iterator results in undefined behavior at /usr/perl5.20.0/lib/site_perl/5.20.0/HTTP/Headers/Fancy.pm line 20.
        
        #   Failed test 'header CacheControl exists'
        #   at t/tests.pm line 109.
        # Looks like you failed 1 test of 1.
    
    #   Failed test 'HTTP header check'
    #   at t/tests.pm line 124.
    # Looks like you failed 2 tests of 2.

#   Failed test 'f'
#   at t/000/response.t line 181.
Use of each() on hash after insertion without resetting hash iterator results in undefined behavior at /usr/perl5.20.0/lib/site_perl/5.20.0/HTTP/Headers/Fancy.pm line 20.
Use of each() on hash after insertion without resetting hash iterator results in undefined behavior at /usr/perl5.20.0/lib/site_perl/5.20.0/HTTP/Headers/Fancy.pm line 20.
Use of each() on hash after insertion without resetting hash iterator results in undefined behavior at /usr/perl5.20.0/lib/site_perl/5.20.0/HTTP/Headers/Fancy.pm line 20.
[Webservice:88417] error @2015-06-30 14:26:41> Route exception: Undefined subroutine &HTTP::Headers::Fancy::split_field_hash called at /usr/home/eserte/.cpan/build/Dancer2-Plugin-ConditionalCaching-0.001-OIwSKO/blib/lib/Dancer2/Plugin/ConditionalCaching.pm line 87. in /usr/perl5.20.0/lib/site_perl/5.20.0/Return/MultiLevel.pm l. 36
    
    #   Failed test at t/000/response.t line 192.
Use of each() on hash after insertion without resetting hash iterator results in undefined behavior at /usr/perl5.20.0/lib/site_perl/5.20.0/HTTP/Headers/Fancy.pm line 20.
Use of each() on hash after insertion without resetting hash iterator results in undefined behavior at /usr/perl5.20.0/lib/site_perl/5.20.0/HTTP/Headers/Fancy.pm line 20.
Use of each() on hash after insertion without resetting hash iterator results in undefined behavior at /usr/perl5.20.0/lib/site_perl/5.20.0/HTTP/Headers/Fancy.pm line 20.
Use of each() on hash after insertion without resetting hash iterator results in undefined behavior at /usr/perl5.20.0/lib/site_perl/5.20.0/HTTP/Headers/Fancy.pm line 20.
        
        #   Failed test 'header CacheControl exists'
        #   at t/tests.pm line 109.
        # Looks like you failed 1 test of 1.
    
    #   Failed test 'HTTP header check'
    #   at t/tests.pm line 124.
    # Looks like you failed 2 tests of 2.

#   Failed test 'g'
#   at t/000/response.t line 205.
# Looks like you failed 8 tests of 8.
t/000/response.t .......... 
Dubious, test returned 8 (wstat 2048, 0x800)
Failed 8/8 subtests 
t/author-critic.t ......... skipped: these tests are for testing by the author
t/release-cpan-changes.t .. skipped: these tests are for release candidate testing
t/release-kwalitee.t ...... skipped: these tests are for release candidate testing
t/release-pod-coverage.t .. skipped: these tests are for release candidate testing
t/release-pod-syntax.t .... skipped: these tests are for release candidate testing

Test Summary Report
-------------------
t/000/conditional.t     (Wstat: 1536 Tests: 6 Failed: 6)
  Failed tests:  1-6
  Non-zero exit status: 6
t/000/request.t         (Wstat: 7424 Tests: 0 Failed: 0)
  Non-zero exit status: 29
  Parse errors: Bad plan.  You planned 6 tests but ran 0.
t/000/response.t        (Wstat: 2048 Tests: 8 Failed: 8)
  Failed tests:  1-8
  Non-zero exit status: 8
Files=8, Tests=14,  7 wallclock secs ( 0.20 usr  0.06 sys +  4.41 cusr  0.51 csys =  5.19 CPU)
Result: FAIL
Failed 3/8 test programs. 14/14 subtests failed.
*** [test_dynamic] Error code 255

Stop in /usr/home/eserte/.cpan/build/Dancer2-Plugin-ConditionalCaching-0.001-OIwSKO.

------------------------------
PREREQUISITES
------------------------------

Prerequisite modules loaded:

requires:

    Module                Need  Have    
    --------------------- ----- --------
    Dancer2::Plugin       0     0.160003
    HTTP::Date            0     6.02    
    HTTP::Exception       0     0.04006 
    HTTP::Headers::Fancy  0     0.001   
    Math::Round           0     0.07    
    perl                  5.010 5.020000
    Scalar::Util          0     1.42    
    strictures            2     2.000001
    Time::HiRes           0     1.9726  

build_requires:

    Module                Need  Have    
    --------------------- ----- --------
    Dancer2               0     0.160003
    Data::Dumper          0     2.154   
    Exporter              0     5.72    
    ExtUtils::MakeMaker   0     7.04    
    HTTP::Request::Common 0     6.04    
    Import::Into          0     1.002004
    lib                   0     0.63    
    Plack::Test           0     0       
    Test::Most            0     0.34    

configure_requires:

    Module                Need  Have    
    --------------------- ----- --------
    ExtUtils::MakeMaker   0     7.04    
    perl                  5.010 5.020000


------------------------------
ENVIRONMENT AND OTHER CONTEXT
------------------------------

Environment variables:

    DBIC_NO_WARN_BAD_PERL = 1
    LC_ALL = de_DE.ISO8859-1
    PATH = /usr/local/bin:/usr/bin:/bin:/usr/local/sbin:/usr/sbin:/sbin:/home/cpansand/bin/freebsd9.3:/home/cpansand/bin/sh:/home/cpansand/bin:/usr/games:/home/cpansand/devel:/usr/home/eserte/src/srezic-misc/scripts
    PERL5LIB = 
    PERL5OPT = 
    PERL5_CPANPLUS_IS_RUNNING = 87810
    PERL5_CPAN_IS_RUNNING = 87810
    PERL5_CPAN_IS_RUNNING_IN_RECURSION = 87788,87810
    PERLDOC = -MPod::Perldoc::ToTextOverstrike
    PERL_BATCH = yes
    PERL_CANARY_STABILITY_NOPROMPT = 1
    PERL_CPAN_REPORTER_CONFIG = /var/tmp/cpansmoker-1023/cpanreporter_000_config.ini
    PERL_EXTUTILS_AUTOINSTALL = --defaultdeps
    PERL_HTML_DISPLAY_CLASS = HTML::Display::Mozilla
    SHELL = /usr/local/bin/zsh
    TERM = screen
    TMPDIR = /var/tmp/cpansmoker-1023

Perl special variables (and OS-specific diagnostics, for MSWin32):

    $^X = /usr/perl5.20.0/bin/perl
    $UID/$EUID = 1023 / 1023
    $GID = 1023 1023
    $EGID = 1023 1023

Perl module toolchain versions installed:

    Module              Have    
    ------------------- --------
    CPAN                2.10    
    CPAN::Meta          2.150005
    Cwd                 3.47    
    ExtUtils::CBuilder  0.280223
    ExtUtils::Command   1.20    
    ExtUtils::Install   2.04    
    ExtUtils::MakeMaker 7.04    
    ExtUtils::Manifest  1.69    
    ExtUtils::ParseXS   3.24    
    File::Spec          3.47    
    JSON                2.90    
    JSON::PP            2.27203 
    Module::Build       0.4214  
    Module::Signature   0.79    
    Parse::CPAN::Meta   1.4417  
    Test::Harness       3.35    
    Test::More          1.001014
    YAML                1.15    
    YAML::Syck          1.29    
    version             0.9912  


--

Summary of my perl5 (revision 5 version 20 subversion 0) configuration:
   
  Platform:
    osname=freebsd, osvers=9.2-release-p4, archname=amd64-freebsd
    uname='freebsd cvrsnica-freebsd-92 9.2-release-p4 freebsd 9.2-release-p4 #0: tue apr 8 18:08:22 utc 2014 root@amd64-builder.daemonology.net:usrobjusrsrcsysgeneric amd64 '
    config_args='-ds -e -Dprefix=/usr/perl5.20.0'
    hint=recommended, useposix=true, d_sigaction=define
    useithreads=undef, usemultiplicity=undef
    use64bitint=define, use64bitall=define, uselongdouble=undef
    usemymalloc=n, bincompat5005=undef
  Compiler:
    cc='cc', ccflags ='-DHAS_FPSETMASK -DHAS_FLOATINGPOINT_H -fno-strict-aliasing -pipe -fstack-protector -I/usr/local/include',
    optimize='-O',
    cppflags='-DHAS_FPSETMASK -DHAS_FLOATINGPOINT_H -fno-strict-aliasing -pipe -fstack-protector -I/usr/local/include'
    ccversion='', gccversion='4.2.1 20070831 patched [FreeBSD]', gccosandvers=''
    intsize=4, longsize=8, ptrsize=8, doublesize=8, byteorder=12345678
    d_longlong=define, longlongsize=8, d_longdbl=define, longdblsize=16
    ivtype='long', ivsize=8, nvtype='double', nvsize=8, Off_t='off_t', lseeksize=8
    alignbytes=8, prototype=define
  Linker and Libraries:
    ld='cc', ldflags ='-Wl,-E  -fstack-protector -L/usr/local/lib'
    libpth=/usr/lib /usr/local/lib /usr/include/gcc/4.2 /usr/lib
    libs=-lgdbm -lm -lcrypt -lutil -lc
    perllibs=-lm -lcrypt -lutil -lc
    libc=, so=so, useshrplib=false, libperl=libperl.a
    gnulibc_version=''
  Dynamic Linking:
    dlsrc=dl_dlopen.xs, dlext=so, d_dlsymun=undef, ccdlflags=' '
    cccdlflags='-DPIC -fPIC', lddlflags='-shared  -L/usr/local/lib -fstack-protector'


Characteristics of this binary (from libperl): 
  Compile-time options: HAS_TIMES PERLIO_LAYERS PERL_DONT_CREATE_GVSV
                        PERL_HASH_FUNC_ONE_AT_A_TIME_HARD PERL_MALLOC_WRAP
                        PERL_NEW_COPY_ON_WRITE PERL_PRESERVE_IVUV
                        USE_64_BIT_ALL USE_64_BIT_INT USE_LARGE_FILES
                        USE_LOCALE USE_LOCALE_COLLATE USE_LOCALE_CTYPE
                        USE_LOCALE_NUMERIC USE_PERLIO USE_PERL_ATOF
  Built under freebsd
  Compiled at May 27 2014 13:55:26
  %ENV:
    PERL5LIB=""
    PERL5OPT=""
    PERL5_CPANPLUS_IS_RUNNING="87810"
    PERL5_CPAN_IS_RUNNING="87810"
    PERL5_CPAN_IS_RUNNING_IN_RECURSION="87788,87810"
    PERLDOC="-MPod::Perldoc::ToTextOverstrike"
    PERL_BATCH="yes"
    PERL_CANARY_STABILITY_NOPROMPT="1"
    PERL_CPAN_REPORTER_CONFIG="/var/tmp/cpansmoker-1023/cpanreporter_000_config.ini"
    PERL_EXTUTILS_AUTOINSTALL="--defaultdeps"
    PERL_HTML_DISPLAY_CLASS="HTML::Display::Mozilla"
  @INC:
    /usr/perl5.20.0/lib/site_perl/5.20.0/amd64-freebsd
    /usr/perl5.20.0/lib/site_perl/5.20.0
    /usr/perl5.20.0/lib/5.20.0/amd64-freebsd
    /usr/perl5.20.0/lib/5.20.0
    .