Back
From: metabase:user:314402c4-2aae-11df-837a-5e0a49663a4f
Subject: FAIL XML-Document-RTML-1.16 v5.12.1 FreeBSD
Date: 2010-09-05T06:37:15Z
This distribution has been tested as part of the CPAN Testers
project, supporting the Perl programming language.  See
http://wiki.cpantesters.org/ for more information or email
questions to cpan-testers-discuss@perl.org
--
Dear Alasdair Allan,
This is a computer-generated report for XML-Document-RTML-1.16
on perl 5.12.1, created by CPAN-Reporter-1.18.
Thank you for uploading your work to CPAN.  However, there was a problem
testing your distribution.
If you think this report is invalid, please consult the CPAN Testers Wiki
for suggestions on how to avoid getting FAIL reports for missing library
or binary dependencies, unsupported operating systems, and so on:
http://wiki.cpantesters.org/wiki/CPANAuthorNotes
Sections of this report:
    * Tester comments
    * Program output
    * Prerequisites
    * Environment and other context
------------------------------
TESTER COMMENTS
------------------------------
Additional comments from tester:
none provided
------------------------------
PROGRAM OUTPUT
------------------------------
Output from '/usr/bin/make test':
PERL_DL_NONLAZY=1 /usr/home/cpansand/var/ctps/5122_rc1/install/perl-5.12.1/bin/perl5.12.1 "-MExtUtils::Command::MM" "-e" "test_harness(0, 'blib/lib', 'blib/arch')" t/*.t
t/1_compile.t .... ok
t/2_build.t ...... ok
t/2_data.t ....... ok
t/2_parse.t ...... ok
File does not exist: t/rtml2.2/example_update.xml at /var/tmp/CPAN-build/XML-Document-RTML-1.16-Xn8Hfj/blib/lib/XML/Document/RTML.pm line 1820
# Looks like you planned 570 tests but ran 498.
# Looks like your test exited with 2 just after 498.
t/3_file.t ....... 
Dubious, test returned 2 (wstat 512, 0x200)
Failed 72/570 subtests 
t/3_rtml2.1.t .... ok
t/4_replicate.t .. ok
Test Summary Report
-------------------
t/3_file.t     (Wstat: 512 Tests: 498 Failed: 0)
  Non-zero exit status: 2
  Parse errors: Bad plan.  You planned 570 tests but ran 498.
Files=7, Tests=1634,  3 wallclock secs ( 0.29 usr  0.02 sys +  1.16 cusr  0.21 csys =  1.67 CPU)
Result: FAIL
Failed 1/7 test programs. 0/1634 subtests failed.
*** Error code 255
Stop in /var/tmp/CPAN-build/XML-Document-RTML-1.16-Xn8Hfj.
------------------------------
PREREQUISITES
------------------------------
Prerequisite modules loaded:
requires:
    Module              Need Have 
    ------------------- ---- -----
    Carp                0    1.16 
    Data::Dumper        0    2.126
    File::Spec          0    3.31 
    Net::Domain         0    2.20 
    Scalar::Util        0    1.23 
    XML::Simple         0    2.18 
    XML::Writer         0    0.612
    XML::Writer::String 0    0.1  
------------------------------
ENVIRONMENT AND OTHER CONTEXT
------------------------------
Environment variables:
    DBIC_NO_WARN_BAD_PERL = 1
    PATH = /usr/local/bin:/usr/X11R6/bin:/usr/X11/bin:/usr/perl5.8.0/bin:/usr/bin:/bin:/usr/local/sbin:/usr/sbin:/sbin:/usr/local/pilot/bin:/home/cpansand/bin/freebsd8.0:/home/cpansand/bin/sh:/home/cpansand/bin:/usr/X386/bin:/usr/games:/home/cpansand/devel:/usr/home/e/eserte/src/perl/CPAN-Testers-ParallelSmoker/utils
    PERL5LIB = 
    PERL5OPT = 
    PERL5_CPANPLUS_IS_RUNNING = 91707
    PERL5_CPAN_IS_RUNNING = 91707
    PERL5_CPAN_IS_RUNNING_IN_RECURSION = 44768,91707
    PERL_BATCH = yes
    PERL_CPAN_REPORTER_DIR = /home/cpansand/var/ctps/5122_rc1/config/perl-5.12.1/cpanreporter
    PERL_EXTUTILS_AUTOINSTALL = --defaultdeps
    PERL_HTML_DISPLAY_CLASS = HTML::Display::Mozilla
    SHELL = /usr/local/bin/zsh
    TERM = xterm
    TMPDIR = /tmp/cpansmoker-1023
Perl special variables (and OS-specific diagnostics, for MSWin32):
    $^X = /usr/home/cpansand/var/ctps/5122_rc1/install/perl-5.12.1/bin/perl5.12.1
    $UID/$EUID = 1023 / 1023
    $GID = 1023 1023
    $EGID = 1023 1023
Perl module toolchain versions installed:
    Module              Have   
    ------------------- -------
    CPAN                1.94_56
    Cwd                 3.31   
    ExtUtils::CBuilder  0.2703 
    ExtUtils::Command   1.16   
    ExtUtils::Install   1.55   
    ExtUtils::MakeMaker 6.56   
    ExtUtils::Manifest  1.58   
    ExtUtils::ParseXS   2.2206 
    File::Spec          3.31   
    Module::Build       0.3607 
    Module::Signature   0.65   
    Test::Harness       3.22   
    Test::More          0.96   
    YAML                0.72   
    YAML::Syck          1.14   
    version             0.82   
--
Summary of my perl5 (revision 5 version 12 subversion 1) configuration:
   
  Platform:
    osname=freebsd, osvers=8.0-release, archname=i386-freebsd
    uname='freebsd biokovo.herceg.de 8.0-release freebsd 8.0-release #0: sat nov 21 15:48:17 utc 2009 root@almeida.cse.buffalo.edu:usrobjusrsrcsysgeneric i386 '
    config_args='-ds -e -Dprefix=/home/cpansand/var/ctps/5122_rc1/install/perl-5.12.1'
    hint=recommended, useposix=true, d_sigaction=define
    useithreads=undef, usemultiplicity=undef
    useperlio=define, d_sfio=undef, uselargefiles=define, usesocks=undef
    use64bitint=undef, use64bitall=undef, uselongdouble=undef
    usemymalloc=n, bincompat5005=undef
  Compiler:
    cc='cc', ccflags ='-DHAS_FPSETMASK -DHAS_FLOATINGPOINT_H -fno-strict-aliasing -pipe -fstack-protector -I/usr/local/include',
    optimize='-O',
    cppflags='-DHAS_FPSETMASK -DHAS_FLOATINGPOINT_H -fno-strict-aliasing -pipe -fstack-protector -I/usr/local/include'
    ccversion='', gccversion='4.2.1 20070719  [FreeBSD]', gccosandvers=''
    intsize=4, longsize=4, ptrsize=4, doublesize=8, byteorder=1234
    d_longlong=define, longlongsize=8, d_longdbl=define, longdblsize=12
    ivtype='long', ivsize=4, nvtype='double', nvsize=8, Off_t='off_t', lseeksize=8
    alignbytes=4, prototype=define
  Linker and Libraries:
    ld='cc', ldflags ='-Wl,-E  -fstack-protector -L/usr/local/lib'
    libpth=/usr/lib /usr/local/lib
    libs=-lgdbm -lm -lcrypt -lutil -lc
    perllibs=-lm -lcrypt -lutil -lc
    libc=, so=so, useshrplib=false, libperl=libperl.a
    gnulibc_version=''
  Dynamic Linking:
    dlsrc=dl_dlopen.xs, dlext=so, d_dlsymun=undef, ccdlflags=' '
    cccdlflags='-DPIC -fPIC', lddlflags='-shared  -L/usr/local/lib -fstack-protector'
Characteristics of this binary (from libperl): 
  Compile-time options: PERL_DONT_CREATE_GVSV PERL_MALLOC_WRAP
                        USE_LARGE_FILES USE_PERLIO USE_PERL_ATOF
  Built under freebsd
  Compiled at Aug 31 2010 23:17:19
  %ENV:
    PERL5LIB=""
    PERL5OPT=""
    PERL5_CPANPLUS_IS_RUNNING="91707"
    PERL5_CPAN_IS_RUNNING="91707"
    PERL5_CPAN_IS_RUNNING_IN_RECURSION="44768,91707"
    PERL_BATCH="yes"
    PERL_CPAN_REPORTER_DIR="/home/cpansand/var/ctps/5122_rc1/config/perl-5.12.1/cpanreporter"
    PERL_EXTUTILS_AUTOINSTALL="--defaultdeps"
    PERL_HTML_DISPLAY_CLASS="HTML::Display::Mozilla"
  @INC:
    /home/cpansand/var/ctps/5122_rc1/install/perl-5.12.1/lib/site_perl/5.12.1/i386-freebsd
    /home/cpansand/var/ctps/5122_rc1/install/perl-5.12.1/lib/site_perl/5.12.1
    /home/cpansand/var/ctps/5122_rc1/install/perl-5.12.1/lib/5.12.1/i386-freebsd
    /home/cpansand/var/ctps/5122_rc1/install/perl-5.12.1/lib/5.12.1
    .